Spamworldpro Mini Shell
Spamworldpro


Server : Apache
System : Linux server2.corals.io 4.18.0-348.2.1.el8_5.x86_64 #1 SMP Mon Nov 15 09:17:08 EST 2021 x86_64
User : corals ( 1002)
PHP Version : 7.4.33
Disable Function : exec,passthru,shell_exec,system
Directory :  /home/corals/access-logs/

Upload File :
current_dir [ Writeable ] document_root [ Writeable ]

 

Current File : /home/corals/access-logs/gg.corals.io
209.145.62.177 - - [12/Jul/2025:10:44:45 -0500] "POST /wp-cron.php?doing_wp_cron=1752335085.6190419197082519531250 HTTP/1.1" 200 - "-" "WordPress/6.8.1; http://gg.corals.io"
52.88.228.176 - - [12/Jul/2025:10:44:30 -0500] "GET / HTTP/1.1" 301 - "-" "Mozilla/5.0 (X11; Linux x86_64) AppleWebKit/537.36 (KHTML, like Gecko) Chrome/75.0.3770.100 Safari/537.36"
209.145.62.177 - - [12/Jul/2025:11:26:09 -0500] "POST /wp-cron.php?doing_wp_cron=1752337568.9825179576873779296875 HTTP/1.1" 200 - "-" "WordPress/6.8.1; http://gg.corals.io"
185.241.208.91 - - [12/Jul/2025:11:26:06 -0500] "POST / HTTP/1.1" 200 147440 "-" "Mozilla/5.0 (Macintosh;                 Intel Mac OS X 10_10_1) AppleWebKit/537.36 (KHTML,                 like Gecko) Chrome/39.0.2171.95 Safari/537.36"
209.145.62.177 - - [12/Jul/2025:11:26:21 -0500] "POST /wp-cron.php?doing_wp_cron=1752337581.2955989837646484375000 HTTP/1.1" 200 - "-" "WordPress/6.8.1; http://gg.corals.io"
185.241.208.91 - - [12/Jul/2025:11:26:19 -0500] "GET /.env HTTP/1.1" 404 132039 "-" "Mozilla/5.0 (Macintosh;                 Intel Mac OS X 10_10_1) AppleWebKit/537.36 (KHTML,                 like Gecko) Chrome/39.0.2171.95 Safari/537.36"
185.241.208.91 - - [12/Jul/2025:11:26:29 -0500] "GET /gg.corals.io/.env HTTP/1.1" 404 132039 "-" "Mozilla/5.0 (Macintosh;                 Intel Mac OS X 10_10_1) AppleWebKit/537.36 (KHTML,                 like Gecko) Chrome/39.0.2171.95 Safari/537.36"
185.241.208.91 - - [12/Jul/2025:11:26:42 -0500] "GET /.env.www HTTP/1.1" 404 132045 "-" "Mozilla/5.0 (Macintosh;                 Intel Mac OS X 10_10_1) AppleWebKit/537.36 (KHTML,                 like Gecko) Chrome/39.0.2171.95 Safari/537.36"
185.241.208.91 - - [12/Jul/2025:11:27:02 -0500] "GET /gg.corals.io/.env HTTP/1.1" 404 132042 "-" "Mozilla/5.0 (Macintosh;                 Intel Mac OS X 10_10_1) AppleWebKit/537.36 (KHTML,                 like Gecko) Chrome/39.0.2171.95 Safari/537.36"
185.241.208.91 - - [12/Jul/2025:11:27:26 -0500] "GET /.env_1 HTTP/1.1" 404 132038 "-" "Mozilla/5.0 (Macintosh;                 Intel Mac OS X 10_10_1) AppleWebKit/537.36 (KHTML,                 like Gecko) Chrome/39.0.2171.95 Safari/537.36"
185.241.208.91 - - [12/Jul/2025:11:27:46 -0500] "GET /gg.corals.io/.env HTTP/1.1" 404 132038 "-" "Mozilla/5.0 (Macintosh;                 Intel Mac OS X 10_10_1) AppleWebKit/537.36 (KHTML,                 like Gecko) Chrome/39.0.2171.95 Safari/537.36"
185.241.208.91 - - [12/Jul/2025:11:28:02 -0500] "GET /.env_sample HTTP/1.1" 404 132041 "-" "Mozilla/5.0 (Macintosh;                 Intel Mac OS X 10_10_1) AppleWebKit/537.36 (KHTML,                 like Gecko) Chrome/39.0.2171.95 Safari/537.36"
209.145.62.177 - - [12/Jul/2025:11:28:21 -0500] "POST /wp-cron.php?doing_wp_cron=1752337701.4603600502014160156250 HTTP/1.1" 200 - "-" "WordPress/6.8.1; http://gg.corals.io"
185.241.208.91 - - [12/Jul/2025:11:28:18 -0500] "GET /gg.corals.io/.env HTTP/1.1" 404 132041 "-" "Mozilla/5.0 (Macintosh;                 Intel Mac OS X 10_10_1) AppleWebKit/537.36 (KHTML,                 like Gecko) Chrome/39.0.2171.95 Safari/537.36"
185.241.208.91 - - [12/Jul/2025:11:28:48 -0500] "GET /.aws/credentials HTTP/1.1" 404 132036 "-" "Mozilla/5.0 (Macintosh;                 Intel Mac OS X 10_10_1) AppleWebKit/537.36 (KHTML,                 like Gecko) Chrome/39.0.2171.95 Safari/537.36"
185.241.208.91 - - [12/Jul/2025:11:29:07 -0500] "GET /gg.corals.io/.env HTTP/1.1" 404 132042 "-" "Mozilla/5.0 (Macintosh;                 Intel Mac OS X 10_10_1) AppleWebKit/537.36 (KHTML,                 like Gecko) Chrome/39.0.2171.95 Safari/537.36"
185.241.208.91 - - [12/Jul/2025:11:29:28 -0500] "GET /_static/.env HTTP/1.1" 404 132040 "-" "Mozilla/5.0 (Macintosh;                 Intel Mac OS X 10_10_1) AppleWebKit/537.36 (KHTML,                 like Gecko) Chrome/39.0.2171.95 Safari/537.36"
185.241.208.91 - - [12/Jul/2025:11:29:40 -0500] "GET /gg.corals.io/.env HTTP/1.1" 404 132039 "-" "Mozilla/5.0 (Macintosh;                 Intel Mac OS X 10_10_1) AppleWebKit/537.36 (KHTML,                 like Gecko) Chrome/39.0.2171.95 Safari/537.36"
185.241.208.91 - - [12/Jul/2025:11:29:55 -0500] "GET /blog/.env HTTP/1.1" 404 132040 "-" "Mozilla/5.0 (Macintosh;                 Intel Mac OS X 10_10_1) AppleWebKit/537.36 (KHTML,                 like Gecko) Chrome/39.0.2171.95 Safari/537.36"
185.241.208.91 - - [12/Jul/2025:11:30:08 -0500] "GET /gg.corals.io/.env HTTP/1.1" 404 132033 "-" "Mozilla/5.0 (Macintosh;                 Intel Mac OS X 10_10_1) AppleWebKit/537.36 (KHTML,                 like Gecko) Chrome/39.0.2171.95 Safari/537.36"
185.241.208.91 - - [12/Jul/2025:11:30:25 -0500] "GET /.docker/.env HTTP/1.1" 404 132048 "-" "Mozilla/5.0 (Macintosh;                 Intel Mac OS X 10_10_1) AppleWebKit/537.36 (KHTML,                 like Gecko) Chrome/39.0.2171.95 Safari/537.36"
185.241.208.91 - - [12/Jul/2025:11:30:39 -0500] "GET /gg.corals.io/.env HTTP/1.1" 404 132044 "-" "Mozilla/5.0 (Macintosh;                 Intel Mac OS X 10_10_1) AppleWebKit/537.36 (KHTML,                 like Gecko) Chrome/39.0.2171.95 Safari/537.36"
185.241.208.91 - - [12/Jul/2025:11:31:01 -0500] "GET /.env.backup HTTP/1.1" 404 132044 "-" "Mozilla/5.0 (Macintosh;                 Intel Mac OS X 10_10_1) AppleWebKit/537.36 (KHTML,                 like Gecko) Chrome/39.0.2171.95 Safari/537.36"
209.145.62.177 - - [12/Jul/2025:12:08:05 -0500] "POST /wp-cron.php?doing_wp_cron=1752340085.7953329086303710937500 HTTP/1.1" 200 - "-" "WordPress/6.8.1; http://gg.corals.io"
185.177.72.104 - - [12/Jul/2025:12:08:02 -0500] "GET /.git/config HTTP/1.1" 404 132042 "-" "Mozilla/5.0 (Windows NT 10.0; Win64; x64) AppleWebKit/537.36 (KHTML, like Gecko) Chrome/91.0.4472.124 Safari/537.36"
209.145.62.177 - - [12/Jul/2025:12:23:05 -0500] "POST /wp-cron.php?doing_wp_cron=1752340985.8091518878936767578125 HTTP/1.1" 200 - "-" "WordPress/6.8.1; http://gg.corals.io"
198.55.98.210 - - [12/Jul/2025:12:23:02 -0500] "GET /.git/config HTTP/1.1" 301 - "-" "Java/1.6.0_13"
209.145.62.177 - - [12/Jul/2025:12:39:18 -0500] "POST /wp-cron.php?doing_wp_cron=1752341958.0338959693908691406250 HTTP/1.1" 200 - "-" "WordPress/6.8.1; http://gg.corals.io"
185.177.72.104 - - [12/Jul/2025:12:39:16 -0500] "GET /.git/config HTTP/1.1" 301 - "-" "Mozilla/5.0 (Windows NT 10.0; Win64; x64) AppleWebKit/537.36 (KHTML, like Gecko) Chrome/91.0.4472.124 Safari/537.36"
185.177.72.104 - - [12/Jul/2025:12:39:19 -0500] "GET /.git/config HTTP/1.1" 404 132042 "-" "Mozilla/5.0 (Windows NT 10.0; Win64; x64) AppleWebKit/537.36 (KHTML, like Gecko) Chrome/91.0.4472.124 Safari/537.36"
170.39.218.50 - - [12/Jul/2025:12:52:38 -0500] "GET /wp-includes/js/mediaelement/mediaelement-migrate.min.js?ver=6.8.1 HTTP/1.1" 304 - "-" "Mozilla/5.0 (Windows NT 10.0; Win64; x64) AppleWebKit/537.36 Chrome/121.0.0.0"
170.39.218.50 - - [12/Jul/2025:15:15:21 -0500] "GET /wp-content/plugins/devvn-image-hotspot/frontend/js/maps_points.js?ver=1.2.3 HTTP/1.1" 304 - "-" "Mozilla/5.0 (Macintosh; Intel Mac OS X 10_15_7) AppleWebKit/537.36 Chrome/120.0.0.0"
209.145.62.177 - - [12/Jul/2025:17:01:56 -0500] "POST /wp-cron.php?doing_wp_cron=1752357716.0337660312652587890625 HTTP/1.1" 200 - "-" "WordPress/6.8.1; http://gg.corals.io"
185.177.72.202 - - [12/Jul/2025:17:01:53 -0500] "GET /.git/HEAD HTTP/1.1" 404 132032 "-" "-"
185.177.72.202 - - [12/Jul/2025:17:02:00 -0500] "GET /.aws/config HTTP/1.1" 404 132037 "-" "Mozilla/5.0 (Windows NT 10.0; Win64; x64) AppleWebKit/537.36 (KHTML, like Gecko) Chrome/91.0.4472.124 Safari/537.36"
185.177.72.202 - - [12/Jul/2025:17:02:03 -0500] "GET /.aws/credentials HTTP/1.1" 404 132040 "-" "Mozilla/5.0 (Windows NT 10.0; Win64; x64) AppleWebKit/537.36 (KHTML, like Gecko) Chrome/91.0.4472.124 Safari/537.36"
185.177.72.202 - - [12/Jul/2025:17:02:05 -0500] "GET /.AWS_/credentials HTTP/1.1" 404 132040 "-" "Mozilla/5.0 (Windows NT 10.0; Win64; x64) AppleWebKit/537.36 (KHTML, like Gecko) Chrome/91.0.4472.124 Safari/537.36"
185.177.72.202 - - [12/Jul/2025:17:02:07 -0500] "GET /.env HTTP/1.1" 404 132040 "-" "Mozilla/5.0 (Windows NT 10.0; Win64; x64) AppleWebKit/537.36 (KHTML, like Gecko) Chrome/91.0.4472.124 Safari/537.36"
185.177.72.202 - - [12/Jul/2025:17:02:10 -0500] "GET /.env.bak HTTP/1.1" 404 132052 "-" "Mozilla/5.0 (Windows NT 10.0; Win64; x64) AppleWebKit/537.36 (KHTML, like Gecko) Chrome/91.0.4472.124 Safari/537.36"
185.177.72.202 - - [12/Jul/2025:17:02:12 -0500] "GET /.env.example HTTP/1.1" 404 132042 "-" "Mozilla/5.0 (Windows NT 10.0; Win64; x64) AppleWebKit/537.36 (KHTML, like Gecko) Chrome/91.0.4472.124 Safari/537.36"
185.177.72.202 - - [12/Jul/2025:17:02:14 -0500] "GET /.env.local HTTP/1.1" 404 132048 "-" "Mozilla/5.0 (Windows NT 10.0; Win64; x64) AppleWebKit/537.36 (KHTML, like Gecko) Chrome/91.0.4472.124 Safari/537.36"
209.145.62.177 - - [12/Jul/2025:17:02:17 -0500] "POST /wp-cron.php?doing_wp_cron=1752357737.6721010208129882812500 HTTP/1.1" 200 - "-" "WordPress/6.8.1; http://gg.corals.io"
185.177.72.202 - - [12/Jul/2025:17:02:16 -0500] "GET /.env.old HTTP/1.1" 404 132042 "-" "Mozilla/5.0 (Windows NT 10.0; Win64; x64) AppleWebKit/537.36 (KHTML, like Gecko) Chrome/91.0.4472.124 Safari/537.36"
185.177.72.202 - - [12/Jul/2025:17:02:18 -0500] "GET /.env.prod HTTP/1.1" 404 132048 "-" "Mozilla/5.0 (Windows NT 10.0; Win64; x64) AppleWebKit/537.36 (KHTML, like Gecko) Chrome/91.0.4472.124 Safari/537.36"
185.177.72.202 - - [12/Jul/2025:17:02:20 -0500] "GET /.env.production HTTP/1.1" 404 132045 "-" "Mozilla/5.0 (Windows NT 10.0; Win64; x64) AppleWebKit/537.36 (KHTML, like Gecko) Chrome/91.0.4472.124 Safari/537.36"
185.177.72.202 - - [12/Jul/2025:17:02:23 -0500] "GET /.env.production.local HTTP/1.1" 404 132045 "-" "Mozilla/5.0 (Windows NT 10.0; Win64; x64) AppleWebKit/537.36 (KHTML, like Gecko) Chrome/91.0.4472.124 Safari/537.36"
185.177.72.202 - - [12/Jul/2025:17:02:26 -0500] "GET /.env.sample HTTP/1.1" 404 132047 "-" "Mozilla/5.0 (Windows NT 10.0; Win64; x64) AppleWebKit/537.36 (KHTML, like Gecko) Chrome/91.0.4472.124 Safari/537.36"
185.177.72.202 - - [12/Jul/2025:17:02:29 -0500] "GET /.env.stage HTTP/1.1" 404 132039 "-" "Mozilla/5.0 (Windows NT 10.0; Win64; x64) AppleWebKit/537.36 (KHTML, like Gecko) Chrome/91.0.4472.124 Safari/537.36"
185.177.72.202 - - [12/Jul/2025:17:02:32 -0500] "GET /.envs/.production/.django HTTP/1.1" 404 132125 "-" "Mozilla/5.0 (Windows NT 10.0; Win64; x64) AppleWebKit/537.36 (KHTML, like Gecko) Chrome/91.0.4472.124 Safari/537.36"
185.177.72.202 - - [12/Jul/2025:17:02:35 -0500] "GET /.git/config HTTP/1.1" 404 132040 "-" "Mozilla/5.0 (Windows NT 10.0; Win64; x64) AppleWebKit/537.36 (KHTML, like Gecko) Chrome/91.0.4472.124 Safari/537.36"
185.177.72.202 - - [12/Jul/2025:17:02:39 -0500] "GET /.git/HEAD HTTP/1.1" 404 132041 "-" "Mozilla/5.0 (Windows NT 10.0; Win64; x64) AppleWebKit/537.36 (KHTML, like Gecko) Chrome/91.0.4472.124 Safari/537.36"
185.177.72.202 - - [12/Jul/2025:17:02:42 -0500] "GET /.travis.yml HTTP/1.1" 404 132047 "-" "Mozilla/5.0 (Windows NT 10.0; Win64; x64) AppleWebKit/537.36 (KHTML, like Gecko) Chrome/91.0.4472.124 Safari/537.36"
185.177.72.202 - - [12/Jul/2025:17:02:45 -0500] "GET /.vscode/.env HTTP/1.1" 404 132043 "-" "Mozilla/5.0 (Windows NT 10.0; Win64; x64) AppleWebKit/537.36 (KHTML, like Gecko) Chrome/91.0.4472.124 Safari/537.36"
185.177.72.202 - - [12/Jul/2025:17:02:48 -0500] "GET /_phpinfo.php HTTP/1.1" 404 132038 "-" "Mozilla/5.0 (Windows NT 10.0; Win64; x64) AppleWebKit/537.36 (KHTML, like Gecko) Chrome/91.0.4472.124 Safari/537.36"
185.177.72.202 - - [12/Jul/2025:17:02:52 -0500] "GET /_profiler/phpinfo HTTP/1.1" 404 132046 "-" "Mozilla/5.0 (Windows NT 10.0; Win64; x64) AppleWebKit/537.36 (KHTML, like Gecko) Chrome/91.0.4472.124 Safari/537.36"
185.177.72.202 - - [12/Jul/2025:17:02:56 -0500] "GET /_profiler/phpinfo/info.php HTTP/1.1" 404 132127 "-" "Mozilla/5.0 (Windows NT 10.0; Win64; x64) AppleWebKit/537.36 (KHTML, like Gecko) Chrome/91.0.4472.124 Safari/537.36"
185.177.72.202 - - [12/Jul/2025:17:03:00 -0500] "GET /_profiler/phpinfo/phpinfo.php HTTP/1.1" 404 132135 "-" "Mozilla/5.0 (Windows NT 10.0; Win64; x64) AppleWebKit/537.36 (KHTML, like Gecko) Chrome/91.0.4472.124 Safari/537.36"
185.177.72.202 - - [12/Jul/2025:17:03:03 -0500] "GET /?phpinfo=1 HTTP/1.1" 200 191818 "-" "Mozilla/5.0 (Windows NT 10.0; Win64; x64) AppleWebKit/537.36 (KHTML, like Gecko) Chrome/91.0.4472.124 Safari/537.36"
185.177.72.202 - - [12/Jul/2025:17:03:08 -0500] "GET /admin/.env HTTP/1.1" 404 132045 "-" "Mozilla/5.0 (Windows NT 10.0; Win64; x64) AppleWebKit/537.36 (KHTML, like Gecko) Chrome/91.0.4472.124 Safari/537.36"
185.177.72.202 - - [12/Jul/2025:17:03:10 -0500] "GET /admin/config HTTP/1.1" 404 132044 "-" "Mozilla/5.0 (Windows NT 10.0; Win64; x64) AppleWebKit/537.36 (KHTML, like Gecko) Chrome/91.0.4472.124 Safari/537.36"
185.177.72.202 - - [12/Jul/2025:17:03:12 -0500] "GET /admin/config?cmd=cat+/root/.aws/credentials HTTP/1.1" 404 132046 "-" "Mozilla/5.0 (Windows NT 10.0; Win64; x64) AppleWebKit/537.36 (KHTML, like Gecko) Chrome/91.0.4472.124 Safari/537.36"
185.177.72.202 - - [12/Jul/2025:17:03:15 -0500] "GET /admin/controllers/merchant.js HTTP/1.1" 404 132127 "-" "Mozilla/5.0 (Windows NT 10.0; Win64; x64) AppleWebKit/537.36 (KHTML, like Gecko) Chrome/91.0.4472.124 Safari/537.36"
209.145.62.177 - - [12/Jul/2025:17:03:18 -0500] "POST /wp-cron.php?doing_wp_cron=1752357798.8456358909606933593750 HTTP/1.1" 200 - "-" "WordPress/6.8.1; http://gg.corals.io"
185.177.72.202 - - [12/Jul/2025:17:03:17 -0500] "GET /admin/controllers/partner.js HTTP/1.1" 404 132136 "-" "Mozilla/5.0 (Windows NT 10.0; Win64; x64) AppleWebKit/537.36 (KHTML, like Gecko) Chrome/91.0.4472.124 Safari/537.36"
185.177.72.202 - - [12/Jul/2025:17:03:20 -0500] "GET /admin/server_info.php HTTP/1.1" 404 132035 "-" "Mozilla/5.0 (Windows NT 10.0; Win64; x64) AppleWebKit/537.36 (KHTML, like Gecko) Chrome/91.0.4472.124 Safari/537.36"
185.177.72.202 - - [12/Jul/2025:17:03:22 -0500] "GET /api/.env HTTP/1.1" 404 132044 "-" "Mozilla/5.0 (Windows NT 10.0; Win64; x64) AppleWebKit/537.36 (KHTML, like Gecko) Chrome/91.0.4472.124 Safari/537.36"
185.177.72.202 - - [12/Jul/2025:17:03:25 -0500] "GET /api/config.js HTTP/1.1" 404 132046 "-" "Mozilla/5.0 (Windows NT 10.0; Win64; x64) AppleWebKit/537.36 (KHTML, like Gecko) Chrome/91.0.4472.124 Safari/537.36"
185.177.72.202 - - [12/Jul/2025:17:03:28 -0500] "GET /api/config/config.yml HTTP/1.1" 404 132132 "-" "Mozilla/5.0 (Windows NT 10.0; Win64; x64) AppleWebKit/537.36 (KHTML, like Gecko) Chrome/91.0.4472.124 Safari/537.36"
170.39.218.50 - - [12/Jul/2025:17:58:28 -0500] "GET /wp-content/plugins/trx_addons/components/cpt/layouts/shortcodes/menu/superfish.min.js HTTP/1.1" 304 - "-" "Mozilla/5.0 (Macintosh; Intel Mac OS X 10_15_7) AppleWebKit/537.36 Chrome/120.0.0.0"
170.39.218.50 - - [12/Jul/2025:21:45:45 -0500] "GET /wp-includes/js/mediaelement/wp-mediaelement.min.css?ver=6.8.1 HTTP/1.1" 200 4186 "-" "Mozilla/5.0 (Macintosh; Intel Mac OS X 10_15_7) AppleWebKit/537.36 Chrome/120.0.0.0"
209.145.62.177 - - [12/Jul/2025:22:46:49 -0500] "POST /wp-cron.php?doing_wp_cron=1752378409.2027690410614013671875 HTTP/1.1" 200 - "-" "WordPress/6.8.1; http://gg.corals.io"
216.73.216.0 - - [12/Jul/2025:22:46:45 -0500] "GET /robots.txt HTTP/1.1" 200 112 "-" "Mozilla/5.0 AppleWebKit/537.36 (KHTML, like Gecko; compatible; ClaudeBot/1.0; [email protected])"
216.73.216.0 - - [12/Jul/2025:22:46:51 -0500] "GET /wp-sitemap.xml HTTP/1.1" 200 1303 "-" "Mozilla/5.0 AppleWebKit/537.36 (KHTML, like Gecko; compatible; ClaudeBot/1.0; [email protected])"
170.39.218.50 - - [12/Jul/2025:23:23:23 -0500] "GET /wp-content/plugins/trx_addons/components/shortcodes/anchor/anchor.js HTTP/1.1" 200 7504 "-" "Mozilla/5.0 (Windows NT 10.0; Win64; x64) AppleWebKit/537.36 Chrome/121.0.0.0"
209.145.62.177 - - [12/Jul/2025:23:51:02 -0500] "POST /wp-cron.php?doing_wp_cron=1752382262.2467219829559326171875 HTTP/1.1" 200 - "-" "WordPress/6.8.1; http://gg.corals.io"
216.73.216.0 - - [12/Jul/2025:23:50:53 -0500] "GET /robots.txt HTTP/1.1" 200 112 "-" "Mozilla/5.0 AppleWebKit/537.36 (KHTML, like Gecko; compatible; ClaudeBot/1.0; [email protected])"
209.145.62.177 - - [12/Jul/2025:23:51:24 -0500] "POST /wp-cron.php?doing_wp_cron=1752382284.2914969921112060546875 HTTP/1.1" 200 - "-" "WordPress/6.8.1; http://gg.corals.io"
216.73.216.0 - - [12/Jul/2025:23:51:22 -0500] "GET /wp-sitemap.xml HTTP/1.1" 200 1303 "-" "Mozilla/5.0 AppleWebKit/537.36 (KHTML, like Gecko; compatible; ClaudeBot/1.0; [email protected])"
209.145.62.177 - - [13/Jul/2025:02:56:35 -0500] "POST /wp-cron.php?doing_wp_cron=1752393395.7510650157928466796875 HTTP/1.1" 200 - "-" "WordPress/6.8.1; http://gg.corals.io"
205.210.31.164 - - [13/Jul/2025:02:56:32 -0500] "GET / HTTP/1.1" 200 191809 "-" "-"
170.39.218.50 - - [13/Jul/2025:02:58:54 -0500] "GET /wp-content/plugins/quickcal/assets/js/functions.js?ver=1.0.12 HTTP/1.1" 304 - "-" "Mozilla/5.0 (Macintosh; Intel Mac OS X 10_15_7) AppleWebKit/537.36 Chrome/120.0.0.0"
209.145.62.177 - - [13/Jul/2025:03:18:55 -0500] "POST /wp-cron.php?doing_wp_cron=1752394735.2161989212036132812500 HTTP/1.1" 200 - "-" "WordPress/6.8.1; http://gg.corals.io"
205.210.31.35 - - [13/Jul/2025:03:18:52 -0500] "GET / HTTP/1.1" 301 - "-" "-"
205.210.31.35 - - [13/Jul/2025:03:18:55 -0500] "GET / HTTP/1.1" 200 191798 "http://104.21.71.26:80/" "-"
170.39.218.50 - - [13/Jul/2025:03:33:44 -0500] "GET /wp-content/plugins/quickcal/assets/js/spin.jquery.js?ver=2.0.1 HTTP/1.1" 200 1756 "-" "Mozilla/5.0 (Windows NT 10.0; Win64; x64) AppleWebKit/537.36 Chrome/121.0.0.0"
170.39.218.50 - - [13/Jul/2025:03:54:47 -0500] "GET /wp-includes/js/jquery/jquery-migrate.min.js?ver=3.4.1 HTTP/1.1" 200 13577 "-" "Mozilla/5.0 (Macintosh; Intel Mac OS X 10_15_7) AppleWebKit/537.36 Chrome/120.0.0.0"

Spamworldpro Mini