13.69.240.195 - - [13/Jul/2025:02:09:22 -0500] "GET /admin/uploads/ HTTP/1.1" 301 - "-" "-"
13.69.240.195 - - [13/Jul/2025:02:09:23 -0500] "GET /admin/uploads/ HTTP/1.1" 404 19036 "-" "-"
13.69.240.195 - - [13/Jul/2025:02:09:24 -0500] "GET /admin/function.php HTTP/1.1" 301 - "-" "-"
13.69.240.195 - - [13/Jul/2025:02:09:25 -0500] "GET /admin/function.php HTTP/1.1" 404 18400 "-" "-"
13.69.240.195 - - [13/Jul/2025:02:09:26 -0500] "GET /doc/function.php HTTP/1.1" 301 - "-" "-"
13.69.240.195 - - [13/Jul/2025:02:09:26 -0500] "GET /doc/function.php HTTP/1.1" 404 18400 "-" "-"
13.69.240.195 - - [13/Jul/2025:02:09:27 -0500] "GET /file/function.php HTTP/1.1" 301 - "-" "-"
13.69.240.195 - - [13/Jul/2025:02:09:28 -0500] "GET /file/function.php HTTP/1.1" 404 18400 "-" "-"
13.69.240.195 - - [13/Jul/2025:02:09:29 -0500] "GET /alfanew.php7 HTTP/1.1" 301 - "-" "-"
13.69.240.195 - - [13/Jul/2025:02:09:29 -0500] "GET /alfanew.php7 HTTP/1.1" 404 19036 "-" "-"
13.69.240.195 - - [13/Jul/2025:02:09:30 -0500] "GET /wp-includes/images/crystal/ HTTP/1.1" 301 - "-" "-"
13.69.240.195 - - [13/Jul/2025:02:09:31 -0500] "GET /wp-includes/images/crystal/ HTTP/1.1" 404 19038 "-" "-"
13.69.240.195 - - [13/Jul/2025:02:09:32 -0500] "GET /wp-mail.php HTTP/1.1" 403 1060 "-" "-"
13.69.240.195 - - [13/Jul/2025:02:09:33 -0500] "GET /wp-admin/css/colors/coffee/cloud.php HTTP/1.1" 301 - "-" "-"
13.69.240.195 - - [13/Jul/2025:02:09:34 -0500] "GET /wp-admin/css/colors/coffee/cloud.php HTTP/1.1" 404 18402 "-" "-"
13.69.240.195 - - [13/Jul/2025:02:09:35 -0500] "GET /WSOEnigma.php HTTP/1.1" 301 - "-" "-"
13.69.240.195 - - [13/Jul/2025:02:09:36 -0500] "GET /WSOEnigma.php HTTP/1.1" 404 18400 "-" "-"
13.69.240.195 - - [13/Jul/2025:02:09:37 -0500] "GET /adminfuns.php7 HTTP/1.1" 301 - "-" "-"
13.69.240.195 - - [13/Jul/2025:02:09:38 -0500] "GET /adminfuns.php7 HTTP/1.1" 404 19036 "-" "-"
13.69.240.195 - - [13/Jul/2025:02:09:40 -0500] "GET /wp-includes/sitemaps/providers/ HTTP/1.1" 301 - "-" "-"
13.69.240.195 - - [13/Jul/2025:02:09:40 -0500] "GET /wp-includes/sitemaps/providers/ HTTP/1.1" 404 19038 "-" "-"
13.69.240.195 - - [13/Jul/2025:02:09:42 -0500] "GET /ini.php HTTP/1.1" 301 - "-" "-"
13.69.240.195 - - [13/Jul/2025:02:09:43 -0500] "GET /ini.php HTTP/1.1" 404 18400 "-" "-"
13.69.240.195 - - [13/Jul/2025:02:09:45 -0500] "GET /wp-includes/js/tinymce/ HTTP/1.1" 301 - "-" "-"
13.69.240.195 - - [13/Jul/2025:02:09:46 -0500] "GET /wp-includes/js/tinymce/ HTTP/1.1" 404 19038 "-" "-"
13.69.240.195 - - [13/Jul/2025:02:09:47 -0500] "GET /wp-content/blogs.dir/about.php HTTP/1.1" 301 - "-" "-"
13.69.240.195 - - [13/Jul/2025:02:09:48 -0500] "GET /wp-content/blogs.dir/about.php HTTP/1.1" 404 18402 "-" "-"
13.69.240.195 - - [13/Jul/2025:02:09:50 -0500] "GET /wp-includes/customize/about.php HTTP/1.1" 301 - "-" "-"
13.69.240.195 - - [13/Jul/2025:02:09:50 -0500] "GET /wp-includes/customize/about.php HTTP/1.1" 404 18402 "-" "-"
13.69.240.195 - - [13/Jul/2025:02:09:52 -0500] "GET /upfile.php HTTP/1.1" 301 - "-" "-"
13.69.240.195 - - [13/Jul/2025:02:09:53 -0500] "GET /upfile.php HTTP/1.1" 404 18400 "-" "-"
13.69.240.195 - - [13/Jul/2025:02:09:54 -0500] "GET /wp-admin/images/about.php HTTP/1.1" 301 - "-" "-"
13.69.240.195 - - [13/Jul/2025:02:09:55 -0500] "GET /wp-admin/images/about.php HTTP/1.1" 404 18402 "-" "-"
13.69.240.195 - - [13/Jul/2025:02:09:57 -0500] "GET /wp-includes/ HTTP/1.1" 301 - "-" "-"
13.69.240.195 - - [13/Jul/2025:02:09:57 -0500] "GET /wp-includes/ HTTP/1.1" 404 19036 "-" "-"
13.69.240.195 - - [13/Jul/2025:02:09:59 -0500] "GET /zwso.php HTTP/1.1" 301 - "-" "-"
13.69.240.195 - - [13/Jul/2025:02:10:00 -0500] "GET /zwso.php HTTP/1.1" 404 18400 "-" "-"
13.69.240.195 - - [13/Jul/2025:02:10:01 -0500] "GET /bypass.php HTTP/1.1" 301 - "-" "-"
13.69.240.195 - - [13/Jul/2025:02:10:02 -0500] "GET /bypass.php HTTP/1.1" 404 18400 "-" "-"
13.69.240.195 - - [13/Jul/2025:02:10:04 -0500] "GET /wp-includes/style-engine/wp-conflg.php HTTP/1.1" 301 - "-" "-"
13.69.240.195 - - [13/Jul/2025:02:10:05 -0500] "GET /wp-includes/style-engine/wp-conflg.php HTTP/1.1" 404 18402 "-" "-"
13.69.240.195 - - [13/Jul/2025:02:10:06 -0500] "GET /wp-admin/css/ HTTP/1.1" 301 - "-" "-"
13.69.240.195 - - [13/Jul/2025:02:10:07 -0500] "GET /wp-admin/css/ HTTP/1.1" 404 19036 "-" "-"
13.69.240.195 - - [13/Jul/2025:02:10:09 -0500] "GET /moon.php HTTP/1.1" 301 - "-" "-"
13.69.240.195 - - [13/Jul/2025:02:10:10 -0500] "GET /moon.php HTTP/1.1" 404 18400 "-" "-"
13.69.240.195 - - [13/Jul/2025:02:10:11 -0500] "GET /wp-admin/images/cloud.php HTTP/1.1" 301 - "-" "-"
13.69.240.195 - - [13/Jul/2025:02:10:12 -0500] "GET /wp-admin/images/cloud.php HTTP/1.1" 404 18402 "-" "-"
13.69.240.195 - - [13/Jul/2025:02:10:14 -0500] "GET /wp-admin/includes/xmrlpc.php?p= HTTP/1.1" 301 - "-" "-"
13.69.240.195 - - [13/Jul/2025:02:10:15 -0500] "GET /wp-admin/includes/xmrlpc.php HTTP/1.1" 404 18402 "-" "-"
13.69.240.195 - - [13/Jul/2025:02:10:16 -0500] "GET /wp-includes/js/dist/development/ HTTP/1.1" 301 - "-" "-"
13.69.240.195 - - [13/Jul/2025:02:10:17 -0500] "GET /wp-includes/js/dist/development/ HTTP/1.1" 404 19038 "-" "-"
13.69.240.195 - - [13/Jul/2025:02:10:18 -0500] "GET /wp-trackback.php HTTP/1.1" 404 130 "-" "-"
13.69.240.195 - - [13/Jul/2025:02:10:19 -0500] "GET /wp-includes/ID3/about.php HTTP/1.1" 301 - "-" "-"
13.69.240.195 - - [13/Jul/2025:02:10:19 -0500] "GET /wp-includes/ID3/about.php HTTP/1.1" 404 18402 "-" "-"
13.69.240.195 - - [13/Jul/2025:02:10:20 -0500] "GET /wp-admin.php HTTP/1.1" 301 - "-" "-"
13.69.240.195 - - [13/Jul/2025:02:10:21 -0500] "GET /wp-admin.php HTTP/1.1" 404 18400 "-" "-"
13.69.240.195 - - [13/Jul/2025:02:10:22 -0500] "GET /404.php HTTP/1.1" 301 - "-" "-"
13.69.240.195 - - [13/Jul/2025:02:10:23 -0500] "GET /404.php HTTP/1.1" 404 18400 "-" "-"
13.69.240.195 - - [13/Jul/2025:02:10:24 -0500] "GET /wp-includes/css/ HTTP/1.1" 301 - "-" "-"
13.69.240.195 - - [13/Jul/2025:02:10:24 -0500] "GET /wp-includes/css/ HTTP/1.1" 404 19036 "-" "-"
13.69.240.195 - - [13/Jul/2025:02:10:26 -0500] "GET /wp-includes/SimplePie/ HTTP/1.1" 301 - "-" "-"
13.69.240.195 - - [13/Jul/2025:02:10:27 -0500] "GET /wp-includes/SimplePie/ HTTP/1.1" 404 19036 "-" "-"
13.69.240.195 - - [13/Jul/2025:02:10:28 -0500] "GET /wp-includes/js/crop/ HTTP/1.1" 301 - "-" "-"
13.69.240.195 - - [13/Jul/2025:02:10:29 -0500] "GET /wp-includes/js/crop/ HTTP/1.1" 404 19038 "-" "-"
13.69.240.195 - - [13/Jul/2025:02:10:31 -0500] "GET /wp-content/uploads/ HTTP/1.1" 301 - "-" "-"
13.69.240.195 - - [13/Jul/2025:02:10:32 -0500] "GET /wp-content/uploads/ HTTP/1.1" 404 19036 "-" "-"
13.69.240.195 - - [13/Jul/2025:02:10:34 -0500] "GET /css/xmrlpc.php?p= HTTP/1.1" 301 - "-" "-"
13.69.240.195 - - [13/Jul/2025:02:10:35 -0500] "GET /css/xmrlpc.php HTTP/1.1" 404 18400 "-" "-"
13.69.240.195 - - [13/Jul/2025:02:10:36 -0500] "GET /wp-includes/repeater.php HTTP/1.1" 301 - "-" "-"
13.69.240.195 - - [13/Jul/2025:02:10:37 -0500] "GET /wp-includes/repeater.php HTTP/1.1" 404 18400 "-" "-"
13.69.240.195 - - [13/Jul/2025:02:10:39 -0500] "GET /wp-admin/network/xmrlpc.php?p= HTTP/1.1" 301 - "-" "-"
13.69.240.195 - - [13/Jul/2025:02:10:40 -0500] "GET /wp-admin/network/xmrlpc.php HTTP/1.1" 404 18402 "-" "-"
13.69.240.195 - - [13/Jul/2025:02:10:41 -0500] "GET /wp-includes/sodium_compat/namespaced/Core/ HTTP/1.1" 301 - "-" "-"
13.69.240.195 - - [13/Jul/2025:02:10:42 -0500] "GET /wp-includes/sodium_compat/namespaced/Core/ HTTP/1.1" 404 19038 "-" "-"
13.69.240.195 - - [13/Jul/2025:02:10:44 -0500] "GET /wp-includes/Text/Diff/Renderer/ HTTP/1.1" 301 - "-" "-"
13.69.240.195 - - [13/Jul/2025:02:10:45 -0500] "GET /wp-includes/Text/Diff/Renderer/ HTTP/1.1" 404 19038 "-" "-"
13.69.240.195 - - [13/Jul/2025:02:10:47 -0500] "GET /wp-admin/includes/ HTTP/1.1" 301 - "-" "-"
13.69.240.195 - - [13/Jul/2025:02:10:47 -0500] "GET /wp-admin/includes/ HTTP/1.1" 404 19036 "-" "-"
13.69.240.195 - - [13/Jul/2025:02:10:49 -0500] "GET /sites/default/files/ HTTP/1.1" 301 - "-" "-"
13.69.240.195 - - [13/Jul/2025:02:10:50 -0500] "GET /sites/default/files/ HTTP/1.1" 404 19038 "-" "-"
13.69.240.195 - - [13/Jul/2025:02:10:52 -0500] "GET /wp-admin/xmrlpc.php?p= HTTP/1.1" 301 - "-" "-"
13.69.240.195 - - [13/Jul/2025:02:10:53 -0500] "GET /wp-admin/xmrlpc.php HTTP/1.1" 404 18400 "-" "-"
13.69.240.195 - - [13/Jul/2025:02:10:55 -0500] "GET /assets/images/ HTTP/1.1" 301 - "-" "-"
13.69.240.195 - - [13/Jul/2025:02:10:56 -0500] "GET /assets/images/ HTTP/1.1" 404 19036 "-" "-"
13.69.240.195 - - [13/Jul/2025:02:10:58 -0500] "GET /wp-content/ HTTP/1.1" 200 - "-" "-"
13.69.240.195 - - [13/Jul/2025:02:10:58 -0500] "GET /wp-includes/rest-api/endpoints/ HTTP/1.1" 301 - "-" "-"
13.69.240.195 - - [13/Jul/2025:02:10:59 -0500] "GET /wp-includes/rest-api/endpoints/ HTTP/1.1" 404 19038 "-" "-"
13.69.240.195 - - [13/Jul/2025:02:11:01 -0500] "GET /wp-activate.php HTTP/1.1" 302 - "-" "-"
13.69.240.195 - - [13/Jul/2025:02:11:04 -0500] "GET /cache-compat.php HTTP/1.1" 301 - "-" "-"
13.69.240.195 - - [13/Jul/2025:02:11:05 -0500] "GET /cache-compat.php HTTP/1.1" 404 18400 "-" "-"
13.69.240.195 - - [13/Jul/2025:02:11:07 -0500] "GET /admin-post.php HTTP/1.1" 301 - "-" "-"
13.69.240.195 - - [13/Jul/2025:02:11:08 -0500] "GET /admin-post.php HTTP/1.1" 404 18400 "-" "-"
13.69.240.195 - - [13/Jul/2025:02:11:10 -0500] "GET /wp-sigunq.php HTTP/1.1" 301 - "-" "-"
13.69.240.195 - - [13/Jul/2025:02:11:11 -0500] "GET /wp-sigunq.php HTTP/1.1" 404 18400 "-" "-"
13.69.240.195 - - [13/Jul/2025:02:11:12 -0500] "GET /index/function.php/img/ HTTP/1.1" 301 - "-" "-"
13.69.240.195 - - [13/Jul/2025:02:11:13 -0500] "GET /index/function.php/img/ HTTP/1.1" 404 19038 "-" "-"
13.69.240.195 - - [13/Jul/2025:02:11:15 -0500] "GET /wp-content/plugins/about.php HTTP/1.1" 301 - "-" "-"
13.69.240.195 - - [13/Jul/2025:02:11:16 -0500] "GET /wp-content/plugins/about.php HTTP/1.1" 404 18402 "-" "-"
13.69.240.195 - - [13/Jul/2025:02:11:17 -0500] "GET /upload/ HTTP/1.1" 301 - "-" "-"
13.69.240.195 - - [13/Jul/2025:02:11:18 -0500] "GET /upload/ HTTP/1.1" 404 19036 "-" "-"
13.69.240.195 - - [13/Jul/2025:02:11:19 -0500] "GET /wp-content/updraft/about.php HTTP/1.1" 301 - "-" "-"
13.69.240.195 - - [13/Jul/2025:02:11:19 -0500] "GET /wp-content/updraft/about.php HTTP/1.1" 404 18402 "-" "-"
13.69.240.195 - - [13/Jul/2025:02:11:20 -0500] "GET /wp-content/plugins/index.php HTTP/1.1" 200 - "-" "-"
13.69.240.195 - - [13/Jul/2025:02:11:21 -0500] "GET /ALFA_DATA/ HTTP/1.1" 301 - "-" "-"
13.69.240.195 - - [13/Jul/2025:02:11:21 -0500] "GET /ALFA_DATA/ HTTP/1.1" 404 19036 "-" "-"
13.69.240.195 - - [13/Jul/2025:02:11:22 -0500] "GET /wp-includes/sodium_compat/src/ HTTP/1.1" 301 - "-" "-"
13.69.240.195 - - [13/Jul/2025:02:11:23 -0500] "GET /wp-includes/sodium_compat/src/ HTTP/1.1" 404 19038 "-" "-"
13.69.240.195 - - [13/Jul/2025:02:11:24 -0500] "GET /wp-includes/js/imgareaselect/ HTTP/1.1" 301 - "-" "-"
13.69.240.195 - - [13/Jul/2025:02:11:25 -0500] "GET /wp-includes/js/imgareaselect/ HTTP/1.1" 404 19038 "-" "-"
13.69.240.195 - - [13/Jul/2025:02:11:26 -0500] "GET /wp-signup.php HTTP/1.1" 302 - "-" "-"
13.69.240.195 - - [13/Jul/2025:02:11:28 -0500] "GET /wp-admin/network/cloud.php HTTP/1.1" 301 - "-" "-"
13.69.240.195 - - [13/Jul/2025:02:11:29 -0500] "GET /wp-admin/network/cloud.php HTTP/1.1" 404 18402 "-" "-"
13.69.240.195 - - [13/Jul/2025:02:11:30 -0500] "GET /wp-login.php HTTP/1.1" 302 - "-" "-"
13.69.240.195 - - [13/Jul/2025:02:11:37 -0500] "GET /vendor/phpunit/phpunit/src/Util/PHP/ HTTP/1.1" 301 - "-" "-"
13.69.240.195 - - [13/Jul/2025:02:11:38 -0500] "GET /vendor/phpunit/phpunit/src/Util/PHP/ HTTP/1.1" 404 19038 "-" "-"
13.69.240.195 - - [13/Jul/2025:02:11:39 -0500] "GET /post.php HTTP/1.1" 301 - "-" "-"
13.69.240.195 - - [13/Jul/2025:02:11:39 -0500] "GET /post.php HTTP/1.1" 404 18400 "-" "-"
13.69.240.195 - - [13/Jul/2025:02:11:41 -0500] "GET /images/xmrlpc.php?p= HTTP/1.1" 301 - "-" "-"
13.69.240.195 - - [13/Jul/2025:02:11:41 -0500] "GET /images/xmrlpc.php HTTP/1.1" 404 18400 "-" "-"
13.69.240.195 - - [13/Jul/2025:02:11:42 -0500] "GET /wp-admin/js/widgets/cloud.php HTTP/1.1" 301 - "-" "-"
13.69.240.195 - - [13/Jul/2025:02:11:43 -0500] "GET /wp-admin/js/widgets/cloud.php HTTP/1.1" 404 18402 "-" "-"
13.69.240.195 - - [13/Jul/2025:02:11:44 -0500] "GET /wp-admin/network/index.php HTTP/1.1" 302 - "-" "-"
13.69.240.195 - - [13/Jul/2025:02:11:47 -0500] "GET /wsoyanz.php HTTP/1.1" 301 - "-" "-"
13.69.240.195 - - [13/Jul/2025:02:11:47 -0500] "GET /wsoyanz.php HTTP/1.1" 404 18400 "-" "-"
13.69.240.195 - - [13/Jul/2025:02:11:48 -0500] "GET /wp-content/gallery/about.php HTTP/1.1" 301 - "-" "-"
13.69.240.195 - - [13/Jul/2025:02:11:49 -0500] "GET /wp-content/gallery/about.php HTTP/1.1" 404 18402 "-" "-"
13.69.240.195 - - [13/Jul/2025:02:11:50 -0500] "GET /wp-admin/user/ HTTP/1.1" 302 - "-" "-"
209.145.62.177 - - [13/Jul/2025:02:11:53 -0500] "POST /wp-cron.php?doing_wp_cron=1752390713.6260690689086914062500 HTTP/1.1" 200 - "-" "WordPress/6.8.1; https://www.corals.io"
13.69.240.195 - - [13/Jul/2025:02:11:53 -0500] "GET /as/function HTTP/1.1" 301 - "-" "-"
13.69.240.195 - - [13/Jul/2025:02:11:53 -0500] "GET /as/function HTTP/1.1" 404 19036 "-" "-"
13.69.240.195 - - [13/Jul/2025:02:11:55 -0500] "GET /images/cloud.php HTTP/1.1" 301 - "-" "-"
13.69.240.195 - - [13/Jul/2025:02:11:56 -0500] "GET /images/cloud.php HTTP/1.1" 404 18400 "-" "-"
13.69.240.195 - - [13/Jul/2025:02:11:57 -0500] "GET /wp-content/plugins/Cache/Cache.php HTTP/1.1" 301 - "-" "-"
138.91.59.146 - - [13/Jul/2025:02:11:57 -0500] "GET /admin/uploads/ HTTP/1.1" 301 - "-" "-"
13.69.240.195 - - [13/Jul/2025:02:11:58 -0500] "GET /wp-content/plugins/Cache/Cache.php HTTP/1.1" 404 18402 "-" "-"
138.91.59.146 - - [13/Jul/2025:02:11:59 -0500] "GET /admin/uploads/ HTTP/1.1" 404 19036 "-" "-"
13.69.240.195 - - [13/Jul/2025:02:12:00 -0500] "GET /alfa-rex.php7 HTTP/1.1" 301 - "-" "-"
138.91.59.146 - - [13/Jul/2025:02:12:00 -0500] "GET /admin/function.php HTTP/1.1" 301 - "-" "-"
13.69.240.195 - - [13/Jul/2025:02:12:01 -0500] "GET /alfa-rex.php7 HTTP/1.1" 404 19036 "-" "-"
138.91.59.146 - - [13/Jul/2025:02:12:01 -0500] "GET /admin/function.php HTTP/1.1" 404 18400 "-" "-"
13.69.240.195 - - [13/Jul/2025:02:12:03 -0500] "GET /wp-includes/IXR/ HTTP/1.1" 301 - "-" "-"
138.91.59.146 - - [13/Jul/2025:02:12:04 -0500] "GET /doc/function.php HTTP/1.1" 301 - "-" "-"
13.69.240.195 - - [13/Jul/2025:02:12:04 -0500] "GET /wp-includes/IXR/ HTTP/1.1" 404 19036 "-" "-"
138.91.59.146 - - [13/Jul/2025:02:12:05 -0500] "GET /doc/function.php HTTP/1.1" 404 18400 "-" "-"
13.69.240.195 - - [13/Jul/2025:02:12:06 -0500] "GET /wp-admin/includes/cloud.php HTTP/1.1" 301 - "-" "-"
138.91.59.146 - - [13/Jul/2025:02:12:08 -0500] "GET /file/function.php HTTP/1.1" 301 - "-" "-"
13.69.240.195 - - [13/Jul/2025:02:12:08 -0500] "GET /wp-admin/includes/cloud.php HTTP/1.1" 404 18402 "-" "-"
13.69.240.195 - - [13/Jul/2025:02:12:10 -0500] "GET /cgi-bin/xmrlpc.php?p= HTTP/1.1" 301 - "-" "-"
138.91.59.146 - - [13/Jul/2025:02:12:09 -0500] "GET /file/function.php HTTP/1.1" 404 18400 "-" "-"
138.91.59.146 - - [13/Jul/2025:02:12:11 -0500] "GET /alfanew.php7 HTTP/1.1" 301 - "-" "-"
13.69.240.195 - - [13/Jul/2025:02:12:10 -0500] "GET /cgi-bin/xmrlpc.php HTTP/1.1" 404 18400 "-" "-"
13.69.240.195 - - [13/Jul/2025:02:12:12 -0500] "GET /wp-comments-post.php HTTP/1.1" 405 - "-" "-"
13.69.240.195 - - [13/Jul/2025:02:12:13 -0500] "GET /wp-cron.php HTTP/1.1" 200 - "-" "-"
138.91.59.146 - - [13/Jul/2025:02:12:12 -0500] "GET /alfanew.php7 HTTP/1.1" 404 19036 "-" "-"
13.69.240.195 - - [13/Jul/2025:02:12:13 -0500] "GET /alfa-rex2.php7 HTTP/1.1" 301 - "-" "-"
138.91.59.146 - - [13/Jul/2025:02:12:13 -0500] "GET /wp-includes/images/crystal/ HTTP/1.1" 301 - "-" "-"
13.69.240.195 - - [13/Jul/2025:02:12:14 -0500] "GET /alfa-rex2.php7 HTTP/1.1" 404 19036 "-" "-"
138.91.59.146 - - [13/Jul/2025:02:12:14 -0500] "GET /wp-includes/images/crystal/ HTTP/1.1" 404 19038 "-" "-"
13.69.240.195 - - [13/Jul/2025:02:12:16 -0500] "GET /ws.php7 HTTP/1.1" 301 - "-" "-"
138.91.59.146 - - [13/Jul/2025:02:12:16 -0500] "GET /wp-mail.php HTTP/1.1" 403 1060 "-" "-"
138.91.59.146 - - [13/Jul/2025:02:12:18 -0500] "GET /wp-admin/css/colors/coffee/cloud.php HTTP/1.1" 301 - "-" "-"
13.69.240.195 - - [13/Jul/2025:02:12:17 -0500] "GET /ws.php7 HTTP/1.1" 404 19036 "-" "-"
13.69.240.195 - - [13/Jul/2025:02:12:19 -0500] "GET /wp-admin/css/colors/cloud.php HTTP/1.1" 301 - "-" "-"
138.91.59.146 - - [13/Jul/2025:02:12:19 -0500] "GET /wp-admin/css/colors/coffee/cloud.php HTTP/1.1" 404 18402 "-" "-"
138.91.59.146 - - [13/Jul/2025:02:12:21 -0500] "GET /WSOEnigma.php HTTP/1.1" 301 - "-" "-"
13.69.240.195 - - [13/Jul/2025:02:12:20 -0500] "GET /wp-admin/css/colors/cloud.php HTTP/1.1" 404 18402 "-" "-"
13.69.240.195 - - [13/Jul/2025:02:12:23 -0500] "GET /wp-includes/block-patterns/about.php HTTP/1.1" 301 - "-" "-"
138.91.59.146 - - [13/Jul/2025:02:12:22 -0500] "GET /WSOEnigma.php HTTP/1.1" 404 18400 "-" "-"
138.91.59.146 - - [13/Jul/2025:02:12:24 -0500] "GET /adminfuns.php7 HTTP/1.1" 301 - "-" "-"
13.69.240.195 - - [13/Jul/2025:02:12:24 -0500] "GET /wp-includes/block-patterns/about.php HTTP/1.1" 404 18402 "-" "-"
13.69.240.195 - - [13/Jul/2025:02:12:26 -0500] "GET /wp-admin/cloud.php HTTP/1.1" 301 - "-" "-"
138.91.59.146 - - [13/Jul/2025:02:12:26 -0500] "GET /adminfuns.php7 HTTP/1.1" 404 19036 "-" "-"
138.91.59.146 - - [13/Jul/2025:02:12:28 -0500] "GET /wp-includes/sitemaps/providers/ HTTP/1.1" 301 - "-" "-"
13.69.240.195 - - [13/Jul/2025:02:12:27 -0500] "GET /wp-admin/cloud.php HTTP/1.1" 404 18400 "-" "-"
13.69.240.195 - - [13/Jul/2025:02:12:29 -0500] "GET /mah/function.php HTTP/1.1" 301 - "-" "-"
138.91.59.146 - - [13/Jul/2025:02:12:29 -0500] "GET /wp-includes/sitemaps/providers/ HTTP/1.1" 404 19038 "-" "-"
13.69.240.195 - - [13/Jul/2025:02:12:31 -0500] "GET /mah/function.php HTTP/1.1" 404 18400 "-" "-"
138.91.59.146 - - [13/Jul/2025:02:12:32 -0500] "GET /ini.php HTTP/1.1" 301 - "-" "-"
13.69.240.195 - - [13/Jul/2025:02:12:33 -0500] "GET /wp-content/plugins/pwnd-1/pwnd.php HTTP/1.1" 301 - "-" "-"
138.91.59.146 - - [13/Jul/2025:02:12:33 -0500] "GET /ini.php HTTP/1.1" 404 18400 "-" "-"
13.69.240.195 - - [13/Jul/2025:02:12:34 -0500] "GET /wp-content/plugins/pwnd-1/pwnd.php HTTP/1.1" 404 18402 "-" "-"
138.91.59.146 - - [13/Jul/2025:02:12:36 -0500] "GET /wp-includes/js/tinymce/ HTTP/1.1" 301 - "-" "-"
13.69.240.195 - - [13/Jul/2025:02:12:37 -0500] "GET /bak.php HTTP/1.1" 301 - "-" "-"
138.91.59.146 - - [13/Jul/2025:02:12:37 -0500] "GET /wp-includes/js/tinymce/ HTTP/1.1" 404 19038 "-" "-"
13.69.240.195 - - [13/Jul/2025:02:12:38 -0500] "GET /bak.php HTTP/1.1" 404 18400 "-" "-"
138.91.59.146 - - [13/Jul/2025:02:12:40 -0500] "GET /wp-content/blogs.dir/about.php HTTP/1.1" 301 - "-" "-"
13.69.240.195 - - [13/Jul/2025:02:12:41 -0500] "GET /wp-includes/fonts/ HTTP/1.1" 301 - "-" "-"
138.91.59.146 - - [13/Jul/2025:02:12:41 -0500] "GET /wp-content/blogs.dir/about.php HTTP/1.1" 404 18402 "-" "-"
13.69.240.195 - - [13/Jul/2025:02:12:42 -0500] "GET /wp-includes/fonts/ HTTP/1.1" 404 19036 "-" "-"
138.91.59.146 - - [13/Jul/2025:02:12:43 -0500] "GET /wp-includes/customize/about.php HTTP/1.1" 301 - "-" "-"
13.69.240.195 - - [13/Jul/2025:02:12:44 -0500] "GET /wp-content/plugins/admin.php HTTP/1.1" 301 - "-" "-"
138.91.59.146 - - [13/Jul/2025:02:12:45 -0500] "GET /wp-includes/customize/about.php HTTP/1.1" 404 18402 "-" "-"
138.91.59.146 - - [13/Jul/2025:02:12:47 -0500] "GET /upfile.php HTTP/1.1" 301 - "-" "-"
13.69.240.195 - - [13/Jul/2025:02:12:45 -0500] "GET /wp-content/plugins/admin.php HTTP/1.1" 404 18402 "-" "-"
13.69.240.195 - - [13/Jul/2025:02:12:48 -0500] "GET /ws.php HTTP/1.1" 301 - "-" "-"
138.91.59.146 - - [13/Jul/2025:02:12:48 -0500] "GET /upfile.php HTTP/1.1" 404 18400 "-" "-"
13.69.240.195 - - [13/Jul/2025:02:12:49 -0500] "GET /ws.php HTTP/1.1" 404 18400 "-" "-"
138.91.59.146 - - [13/Jul/2025:02:12:50 -0500] "GET /wp-admin/images/about.php HTTP/1.1" 301 - "-" "-"
13.69.240.195 - - [13/Jul/2025:02:12:51 -0500] "GET /wp-admin/js/about.php HTTP/1.1" 301 - "-" "-"
138.91.59.146 - - [13/Jul/2025:02:12:51 -0500] "GET /wp-admin/images/about.php HTTP/1.1" 404 18402 "-" "-"
138.91.59.146 - - [13/Jul/2025:02:12:53 -0500] "GET /wp-includes/ HTTP/1.1" 301 - "-" "-"
13.69.240.195 - - [13/Jul/2025:02:12:52 -0500] "GET /wp-admin/js/about.php HTTP/1.1" 404 18402 "-" "-"
13.69.240.195 - - [13/Jul/2025:02:12:55 -0500] "GET /yanz.php HTTP/1.1" 301 - "-" "-"
138.91.59.146 - - [13/Jul/2025:02:12:55 -0500] "GET /wp-includes/ HTTP/1.1" 404 19036 "-" "-"
138.91.59.146 - - [13/Jul/2025:02:12:57 -0500] "GET /zwso.php HTTP/1.1" 301 - "-" "-"
13.69.240.195 - - [13/Jul/2025:02:12:56 -0500] "GET /yanz.php HTTP/1.1" 404 18400 "-" "-"
13.69.240.195 - - [13/Jul/2025:02:12:58 -0500] "GET /makeasmtp.php HTTP/1.1" 301 - "-" "-"
138.91.59.146 - - [13/Jul/2025:02:12:58 -0500] "GET /zwso.php HTTP/1.1" 404 18400 "-" "-"
138.91.59.146 - - [13/Jul/2025:02:13:00 -0500] "GET /bypass.php HTTP/1.1" 301 - "-" "-"
13.69.240.195 - - [13/Jul/2025:02:12:59 -0500] "GET /makeasmtp.php HTTP/1.1" 404 18400 "-" "-"
13.69.240.195 - - [13/Jul/2025:02:13:01 -0500] "GET /shell.php HTTP/1.1" 301 - "-" "-"
138.91.59.146 - - [13/Jul/2025:02:13:01 -0500] "GET /bypass.php HTTP/1.1" 404 18400 "-" "-"
138.91.59.146 - - [13/Jul/2025:02:13:03 -0500] "GET /wp-includes/style-engine/wp-conflg.php HTTP/1.1" 301 - "-" "-"
13.69.240.195 - - [13/Jul/2025:02:13:02 -0500] "GET /shell.php HTTP/1.1" 404 18400 "-" "-"
13.69.240.195 - - [13/Jul/2025:02:13:04 -0500] "GET /wp-admin/images/ HTTP/1.1" 301 - "-" "-"
138.91.59.146 - - [13/Jul/2025:02:13:04 -0500] "GET /wp-includes/style-engine/wp-conflg.php HTTP/1.1" 404 18402 "-" "-"
138.91.59.146 - - [13/Jul/2025:02:13:06 -0500] "GET /wp-admin/css/ HTTP/1.1" 301 - "-" "-"
13.69.240.195 - - [13/Jul/2025:02:13:06 -0500] "GET /wp-admin/images/ HTTP/1.1" 404 19036 "-" "-"
13.69.240.195 - - [13/Jul/2025:02:13:08 -0500] "GET /wp-includes/widgets/ HTTP/1.1" 301 - "-" "-"
138.91.59.146 - - [13/Jul/2025:02:13:08 -0500] "GET /wp-admin/css/ HTTP/1.1" 404 19036 "-" "-"
138.91.59.146 - - [13/Jul/2025:02:13:11 -0500] "GET /moon.php HTTP/1.1" 301 - "-" "-"
13.69.240.195 - - [13/Jul/2025:02:13:10 -0500] "GET /wp-includes/widgets/ HTTP/1.1" 404 19036 "-" "-"
13.69.240.195 - - [13/Jul/2025:02:13:12 -0500] "GET /libraries/vendor/updates.php HTTP/1.1" 301 - "-" "-"
138.91.59.146 - - [13/Jul/2025:02:13:12 -0500] "GET /moon.php HTTP/1.1" 404 18400 "-" "-"
138.91.59.146 - - [13/Jul/2025:02:13:14 -0500] "GET /wp-admin/images/cloud.php HTTP/1.1" 301 - "-" "-"
13.69.240.195 - - [13/Jul/2025:02:13:13 -0500] "GET /libraries/vendor/updates.php HTTP/1.1" 404 18402 "-" "-"
13.69.240.195 - - [13/Jul/2025:02:13:16 -0500] "GET /wp-content/plugins/clara/clara.php HTTP/1.1" 301 - "-" "-"
138.91.59.146 - - [13/Jul/2025:02:13:16 -0500] "GET /wp-admin/images/cloud.php HTTP/1.1" 404 18402 "-" "-"
13.69.240.195 - - [13/Jul/2025:02:13:17 -0500] "GET /wp-content/plugins/clara/clara.php HTTP/1.1" 404 18402 "-" "-"
138.91.59.146 - - [13/Jul/2025:02:13:18 -0500] "GET /wp-admin/includes/xmrlpc.php?p= HTTP/1.1" 301 - "-" "-"
13.69.240.195 - - [13/Jul/2025:02:13:19 -0500] "GET /log.php HTTP/1.1" 301 - "-" "-"
138.91.59.146 - - [13/Jul/2025:02:13:19 -0500] "GET /wp-admin/includes/xmrlpc.php HTTP/1.1" 404 18402 "-" "-"
13.69.240.195 - - [13/Jul/2025:02:13:20 -0500] "GET /log.php HTTP/1.1" 404 18400 "-" "-"
138.91.59.146 - - [13/Jul/2025:02:13:22 -0500] "GET /wp-includes/js/dist/development/ HTTP/1.1" 301 - "-" "-"
13.69.240.195 - - [13/Jul/2025:02:13:23 -0500] "GET /wp-includes/Text/Diff/ HTTP/1.1" 301 - "-" "-"
138.91.59.146 - - [13/Jul/2025:02:13:23 -0500] "GET /wp-includes/js/dist/development/ HTTP/1.1" 404 19038 "-" "-"
138.91.59.146 - - [13/Jul/2025:02:13:25 -0500] "GET /wp-trackback.php HTTP/1.1" 404 130 "-" "-"
13.69.240.195 - - [13/Jul/2025:02:13:24 -0500] "GET /wp-includes/Text/Diff/ HTTP/1.1" 404 19038 "-" "-"
138.91.59.146 - - [13/Jul/2025:02:13:26 -0500] "GET /wp-includes/ID3/about.php HTTP/1.1" 301 - "-" "-"
13.69.240.195 - - [13/Jul/2025:02:13:27 -0500] "GET /wp-includes/IXR/index.php HTTP/1.1" 301 - "-" "-"
138.91.59.146 - - [13/Jul/2025:02:13:27 -0500] "GET /wp-includes/ID3/about.php HTTP/1.1" 404 18402 "-" "-"
13.69.240.195 - - [13/Jul/2025:02:13:28 -0500] "GET /wp-includes/IXR/ HTTP/1.1" 404 19036 "-" "-"
138.91.59.146 - - [13/Jul/2025:02:13:30 -0500] "GET /wp-admin.php HTTP/1.1" 301 - "-" "-"
13.69.240.195 - - [13/Jul/2025:02:13:30 -0500] "GET /wp-includes/IXR/about.php HTTP/1.1" 301 - "-" "-"
138.91.59.146 - - [13/Jul/2025:02:13:31 -0500] "GET /wp-admin.php HTTP/1.1" 404 18400 "-" "-"
13.69.240.195 - - [13/Jul/2025:02:13:31 -0500] "GET /wp-includes/IXR/about.php HTTP/1.1" 404 18402 "-" "-"
138.91.59.146 - - [13/Jul/2025:02:13:33 -0500] "GET /404.php HTTP/1.1" 301 - "-" "-"
13.69.240.195 - - [13/Jul/2025:02:13:33 -0500] "GET /wp-admin/network/ HTTP/1.1" 302 - "-" "-"
138.91.59.146 - - [13/Jul/2025:02:13:34 -0500] "GET /404.php HTTP/1.1" 404 18400 "-" "-"
138.91.59.146 - - [13/Jul/2025:02:13:37 -0500] "GET /wp-includes/css/ HTTP/1.1" 301 - "-" "-"
13.69.240.195 - - [13/Jul/2025:02:13:39 -0500] "GET /wp-content/themes/ HTTP/1.1" 200 - "-" "-"
13.69.240.195 - - [13/Jul/2025:02:13:39 -0500] "GET /wp-admin/js/widgets/about.php7 HTTP/1.1" 301 - "-" "-"
138.91.59.146 - - [13/Jul/2025:02:13:38 -0500] "GET /wp-includes/css/ HTTP/1.1" 404 19036 "-" "-"
138.91.59.146 - - [13/Jul/2025:02:13:41 -0500] "GET /wp-includes/SimplePie/ HTTP/1.1" 301 - "-" "-"
13.69.240.195 - - [13/Jul/2025:02:13:41 -0500] "GET /wp-admin/js/widgets/about.php7 HTTP/1.1" 404 19038 "-" "-"
138.91.59.146 - - [13/Jul/2025:02:13:42 -0500] "GET /wp-includes/SimplePie/ HTTP/1.1" 404 19036 "-" "-"
13.69.240.195 - - [13/Jul/2025:02:13:43 -0500] "GET /wp-load.php HTTP/1.1" 200 - "-" "-"
13.69.240.195 - - [13/Jul/2025:02:13:45 -0500] "GET /wp-content/themes/pridmag/db.php?u HTTP/1.1" 301 - "-" "-"
138.91.59.146 - - [13/Jul/2025:02:13:44 -0500] "GET /wp-includes/js/crop/ HTTP/1.1" 301 - "-" "-"
13.69.240.195 - - [13/Jul/2025:02:13:46 -0500] "GET /wp-content/themes/pridmag/db.php?u HTTP/1.1" 404 18402 "-" "-"
13.69.240.195 - - [13/Jul/2025:02:13:48 -0500] "GET /wp-includes/sodium_compat/namespaced HTTP/1.1" 301 262 "-" "-"
138.91.59.146 - - [13/Jul/2025:02:13:46 -0500] "GET /wp-includes/js/crop/ HTTP/1.1" 404 19038 "-" "-"
13.69.240.195 - - [13/Jul/2025:02:13:48 -0500] "GET /wp-includes/sodium_compat/namespaced/ HTTP/1.1" 301 - "-" "-"
138.91.59.146 - - [13/Jul/2025:02:13:48 -0500] "GET /wp-content/uploads/ HTTP/1.1" 301 - "-" "-"
13.69.240.195 - - [13/Jul/2025:02:13:49 -0500] "GET /wp-includes/sodium_compat/namespaced/ HTTP/1.1" 404 19038 "-" "-"
138.91.59.146 - - [13/Jul/2025:02:13:49 -0500] "GET /wp-content/uploads/ HTTP/1.1" 404 19036 "-" "-"
13.69.240.195 - - [13/Jul/2025:02:13:51 -0500] "GET /css.php HTTP/1.1" 301 - "-" "-"
138.91.59.146 - - [13/Jul/2025:02:13:52 -0500] "GET /css/xmrlpc.php?p= HTTP/1.1" 301 - "-" "-"
13.69.240.195 - - [13/Jul/2025:02:13:53 -0500] "GET /css.php HTTP/1.1" 404 18400 "-" "-"
138.91.59.146 - - [13/Jul/2025:02:13:53 -0500] "GET /css/xmrlpc.php HTTP/1.1" 404 18400 "-" "-"
13.69.240.195 - - [13/Jul/2025:02:13:55 -0500] "GET /libraries/phpmailer/updates.php HTTP/1.1" 301 - "-" "-"
138.91.59.146 - - [13/Jul/2025:02:13:55 -0500] "GET /wp-includes/repeater.php HTTP/1.1" 301 - "-" "-"
138.91.59.146 - - [13/Jul/2025:02:13:57 -0500] "GET /wp-includes/repeater.php HTTP/1.1" 404 18400 "-" "-"
13.69.240.195 - - [13/Jul/2025:02:13:56 -0500] "GET /libraries/phpmailer/updates.php HTTP/1.1" 404 18402 "-" "-"
13.69.240.195 - - [13/Jul/2025:02:13:59 -0500] "GET /blog.php HTTP/1.1" 301 - "-" "-"
138.91.59.146 - - [13/Jul/2025:02:13:59 -0500] "GET /wp-admin/network/xmrlpc.php?p= HTTP/1.1" 301 - "-" "-"
13.69.240.195 - - [13/Jul/2025:02:14:00 -0500] "GET /blog.php HTTP/1.1" 404 18400 "-" "-"
138.91.59.146 - - [13/Jul/2025:02:14:00 -0500] "GET /wp-admin/network/xmrlpc.php HTTP/1.1" 404 18402 "-" "-"
13.69.240.195 - - [13/Jul/2025:02:14:02 -0500] "GET /wp-admin/maint/maint/ajax-actions.php HTTP/1.1" 301 - "-" "-"
138.91.59.146 - - [13/Jul/2025:02:14:03 -0500] "GET /wp-includes/sodium_compat/namespaced/Core/ HTTP/1.1" 301 - "-" "-"
13.69.240.195 - - [13/Jul/2025:02:14:04 -0500] "GET /wp-admin/maint/maint/ajax-actions.php HTTP/1.1" 404 18402 "-" "-"
138.91.59.146 - - [13/Jul/2025:02:14:04 -0500] "GET /wp-includes/sodium_compat/namespaced/Core/ HTTP/1.1" 404 19038 "-" "-"
13.69.240.195 - - [13/Jul/2025:02:14:07 -0500] "GET /wp-admin/css/index.php HTTP/1.1" 301 - "-" "-"
138.91.59.146 - - [13/Jul/2025:02:14:07 -0500] "GET /wp-includes/Text/Diff/Renderer/ HTTP/1.1" 301 - "-" "-"
138.91.59.146 - - [13/Jul/2025:02:14:08 -0500] "GET /wp-includes/Text/Diff/Renderer/ HTTP/1.1" 404 19038 "-" "-"
13.69.240.195 - - [13/Jul/2025:02:14:08 -0500] "GET /wp-admin/css/ HTTP/1.1" 404 19036 "-" "-"
138.91.59.146 - - [13/Jul/2025:02:14:11 -0500] "GET /wp-admin/includes/ HTTP/1.1" 301 - "-" "-"
13.69.240.195 - - [13/Jul/2025:02:14:11 -0500] "GET /wp-includes/customize/ HTTP/1.1" 301 - "-" "-"
138.91.59.146 - - [13/Jul/2025:02:14:12 -0500] "GET /wp-admin/includes/ HTTP/1.1" 404 19036 "-" "-"
13.69.240.195 - - [13/Jul/2025:02:14:12 -0500] "GET /wp-includes/customize/ HTTP/1.1" 404 19036 "-" "-"
13.69.240.195 - - [13/Jul/2025:02:14:15 -0500] "GET /wp-content/plugins/ HTTP/1.1" 200 - "-" "-"
138.91.59.146 - - [13/Jul/2025:02:14:15 -0500] "GET /sites/default/files/ HTTP/1.1" 301 - "-" "-"
13.69.240.195 - - [13/Jul/2025:02:14:16 -0500] "GET /wp-includes/blocks/about.php HTTP/1.1" 301 - "-" "-"
138.91.59.146 - - [13/Jul/2025:02:14:16 -0500] "GET /sites/default/files/ HTTP/1.1" 404 19038 "-" "-"
13.69.240.195 - - [13/Jul/2025:02:14:17 -0500] "GET /wp-includes/blocks/about.php HTTP/1.1" 404 18402 "-" "-"
138.91.59.146 - - [13/Jul/2025:02:14:19 -0500] "GET /wp-admin/xmrlpc.php?p= HTTP/1.1" 301 - "-" "-"
13.69.240.195 - - [13/Jul/2025:02:14:20 -0500] "GET /wp-content/languages/about.php HTTP/1.1" 301 - "-" "-"
138.91.59.146 - - [13/Jul/2025:02:14:20 -0500] "GET /wp-admin/xmrlpc.php HTTP/1.1" 404 18400 "-" "-"
13.69.240.195 - - [13/Jul/2025:02:14:21 -0500] "GET /wp-content/languages/about.php HTTP/1.1" 404 18402 "-" "-"
138.91.59.146 - - [13/Jul/2025:02:14:22 -0500] "GET /assets/images/ HTTP/1.1" 301 - "-" "-"
13.69.240.195 - - [13/Jul/2025:02:14:22 -0500] "GET /wp-content/plugins/seoo/wsoyanz.php HTTP/1.1" 301 - "-" "-"
138.91.59.146 - - [13/Jul/2025:02:14:22 -0500] "GET /assets/images/ HTTP/1.1" 404 19036 "-" "-"
138.91.59.146 - - [13/Jul/2025:02:14:24 -0500] "GET /wp-content/ HTTP/1.1" 200 - "-" "-"
13.69.240.195 - - [13/Jul/2025:02:14:23 -0500] "GET /wp-content/plugins/seoo/wsoyanz.php HTTP/1.1" 404 18402 "-" "-"
138.91.59.146 - - [13/Jul/2025:02:14:24 -0500] "GET /wp-includes/rest-api/endpoints/ HTTP/1.1" 301 - "-" "-"
13.69.240.195 - - [13/Jul/2025:02:14:25 -0500] "GET /cgi-bin/about.php HTTP/1.1" 301 - "-" "-"
138.91.59.146 - - [13/Jul/2025:02:14:25 -0500] "GET /wp-includes/rest-api/endpoints/ HTTP/1.1" 404 19038 "-" "-"
13.69.240.195 - - [13/Jul/2025:02:14:25 -0500] "GET /cgi-bin/about.php HTTP/1.1" 404 18400 "-" "-"
138.91.59.146 - - [13/Jul/2025:02:14:26 -0500] "GET /wp-activate.php HTTP/1.1" 302 - "-" "-"
13.69.240.195 - - [13/Jul/2025:02:14:27 -0500] "GET /wp-includes/js/tinymce/skins/lightgray/ HTTP/1.1" 301 - "-" "-"
13.69.240.195 - - [13/Jul/2025:02:14:27 -0500] "GET /wp-includes/js/tinymce/skins/lightgray/ HTTP/1.1" 404 19038 "-" "-"
138.91.59.146 - - [13/Jul/2025:02:14:29 -0500] "GET /cache-compat.php HTTP/1.1" 301 - "-" "-"
13.69.240.195 - - [13/Jul/2025:02:14:29 -0500] "GET /wp-includes/rest-api/search/ HTTP/1.1" 301 - "-" "-"
138.91.59.146 - - [13/Jul/2025:02:14:30 -0500] "GET /cache-compat.php HTTP/1.1" 404 18400 "-" "-"
13.69.240.195 - - [13/Jul/2025:02:14:30 -0500] "GET /wp-includes/rest-api/search/ HTTP/1.1" 404 19038 "-" "-"
138.91.59.146 - - [13/Jul/2025:02:14:31 -0500] "GET /admin-post.php HTTP/1.1" 301 - "-" "-"
13.69.240.195 - - [13/Jul/2025:02:14:32 -0500] "GET /wp-content/plugins/fix/up.php HTTP/1.1" 301 - "-" "-"
138.91.59.146 - - [13/Jul/2025:02:14:32 -0500] "GET /admin-post.php HTTP/1.1" 404 18400 "-" "-"
13.69.240.195 - - [13/Jul/2025:02:14:32 -0500] "GET /wp-content/plugins/fix/up.php HTTP/1.1" 404 18402 "-" "-"
138.91.59.146 - - [13/Jul/2025:02:14:33 -0500] "GET /wp-sigunq.php HTTP/1.1" 301 - "-" "-"
13.69.240.195 - - [13/Jul/2025:02:14:34 -0500] "GET /wp-admin/css/colors/blue/cloud.php HTTP/1.1" 301 - "-" "-"
138.91.59.146 - - [13/Jul/2025:02:14:34 -0500] "GET /wp-sigunq.php HTTP/1.1" 404 18400 "-" "-"
13.69.240.195 - - [13/Jul/2025:02:14:34 -0500] "GET /wp-admin/css/colors/blue/cloud.php HTTP/1.1" 404 18402 "-" "-"
13.69.240.195 - - [13/Jul/2025:02:14:36 -0500] "GET /img/about.php HTTP/1.1" 301 - "-" "-"
138.91.59.146 - - [13/Jul/2025:02:14:36 -0500] "GET /index/function.php/img/ HTTP/1.1" 301 - "-" "-"
13.69.240.195 - - [13/Jul/2025:02:14:36 -0500] "GET /img/about.php HTTP/1.1" 404 18400 "-" "-"
138.91.59.146 - - [13/Jul/2025:02:14:37 -0500] "GET /index/function.php/img/ HTTP/1.1" 404 19038 "-" "-"
13.69.240.195 - - [13/Jul/2025:02:14:38 -0500] "GET /alfanew2.php7 HTTP/1.1" 301 - "-" "-"
138.91.59.146 - - [13/Jul/2025:02:14:38 -0500] "GET /wp-content/plugins/about.php HTTP/1.1" 301 - "-" "-"
13.69.240.195 - - [13/Jul/2025:02:14:39 -0500] "GET /alfanew2.php7 HTTP/1.1" 404 19036 "-" "-"
138.91.59.146 - - [13/Jul/2025:02:14:39 -0500] "GET /wp-content/plugins/about.php HTTP/1.1" 404 18402 "-" "-"
13.69.240.195 - - [13/Jul/2025:02:14:40 -0500] "GET /admin/controller/extension/extension/ HTTP/1.1" 301 - "-" "-"
138.91.59.146 - - [13/Jul/2025:02:14:40 -0500] "GET /upload/ HTTP/1.1" 301 - "-" "-"
13.69.240.195 - - [13/Jul/2025:02:14:41 -0500] "GET /admin/controller/extension/extension/ HTTP/1.1" 404 19038 "-" "-"
138.91.59.146 - - [13/Jul/2025:02:14:41 -0500] "GET /upload/ HTTP/1.1" 404 19036 "-" "-"
13.69.240.195 - - [13/Jul/2025:02:14:42 -0500] "GET /inputs.php HTTP/1.1" 301 - "-" "-"
138.91.59.146 - - [13/Jul/2025:02:14:43 -0500] "GET /wp-content/updraft/about.php HTTP/1.1" 301 - "-" "-"
13.69.240.195 - - [13/Jul/2025:02:14:43 -0500] "GET /inputs.php HTTP/1.1" 404 18400 "-" "-"
138.91.59.146 - - [13/Jul/2025:02:14:44 -0500] "GET /wp-content/updraft/about.php HTTP/1.1" 404 18402 "-" "-"
13.69.240.195 - - [13/Jul/2025:02:14:45 -0500] "GET /wp-content/plugins/shell/noimg.php HTTP/1.1" 301 - "-" "-"
138.91.59.146 - - [13/Jul/2025:02:14:45 -0500] "GET /wp-content/plugins/index.php HTTP/1.1" 200 - "-" "-"
138.91.59.146 - - [13/Jul/2025:02:14:46 -0500] "GET /ALFA_DATA/ HTTP/1.1" 301 - "-" "-"
13.69.240.195 - - [13/Jul/2025:02:14:46 -0500] "GET /wp-content/plugins/shell/noimg.php HTTP/1.1" 404 18402 "-" "-"
138.91.59.146 - - [13/Jul/2025:02:14:46 -0500] "GET /ALFA_DATA/ HTTP/1.1" 404 19036 "-" "-"
13.69.240.195 - - [13/Jul/2025:02:14:47 -0500] "GET /wp-content/updates.php HTTP/1.1" 301 - "-" "-"
138.91.59.146 - - [13/Jul/2025:02:14:48 -0500] "GET /wp-includes/sodium_compat/src/ HTTP/1.1" 301 - "-" "-"
13.69.240.195 - - [13/Jul/2025:02:14:48 -0500] "GET /wp-content/updates.php HTTP/1.1" 404 18400 "-" "-"
138.91.59.146 - - [13/Jul/2025:02:14:49 -0500] "GET /wp-includes/sodium_compat/src/ HTTP/1.1" 404 19038 "-" "-"
13.69.240.195 - - [13/Jul/2025:02:14:49 -0500] "GET /wp-admin/css/about.php HTTP/1.1" 301 - "-" "-"
138.91.59.146 - - [13/Jul/2025:02:14:50 -0500] "GET /wp-includes/js/imgareaselect/ HTTP/1.1" 301 - "-" "-"
13.69.240.195 - - [13/Jul/2025:02:14:50 -0500] "GET /wp-admin/css/about.php HTTP/1.1" 404 18402 "-" "-"
138.91.59.146 - - [13/Jul/2025:02:14:51 -0500] "GET /wp-includes/js/imgareaselect/ HTTP/1.1" 404 19038 "-" "-"
13.69.240.195 - - [13/Jul/2025:02:14:51 -0500] "GET /wp-includes/js/ HTTP/1.1" 301 - "-" "-"
138.91.59.146 - - [13/Jul/2025:02:14:52 -0500] "GET /wp-signup.php HTTP/1.1" 302 - "-" "-"
13.69.240.195 - - [13/Jul/2025:02:14:52 -0500] "GET /wp-includes/js/ HTTP/1.1" 404 19036 "-" "-"
13.69.240.195 - - [13/Jul/2025:02:14:54 -0500] "GET /wp-includes/ID3/index.php HTTP/1.1" 301 - "-" "-"
138.91.59.146 - - [13/Jul/2025:02:14:55 -0500] "GET /wp-admin/network/cloud.php HTTP/1.1" 301 - "-" "-"
13.69.240.195 - - [13/Jul/2025:02:14:55 -0500] "GET /wp-includes/ID3/ HTTP/1.1" 404 19036 "-" "-"
13.69.240.195 - - [13/Jul/2025:02:14:56 -0500] "GET /wp-includes/js/tinymce/plugins/compat3x/ HTTP/1.1" 301 - "-" "-"
138.91.59.146 - - [13/Jul/2025:02:14:56 -0500] "GET /wp-admin/network/cloud.php HTTP/1.1" 404 18402 "-" "-"
138.91.59.146 - - [13/Jul/2025:02:14:57 -0500] "GET /wp-login.php HTTP/1.1" 302 - "-" "-"
13.69.240.195 - - [13/Jul/2025:02:14:57 -0500] "GET /wp-includes/js/tinymce/plugins/compat3x/ HTTP/1.1" 404 19038 "-" "-"
13.69.240.195 - - [13/Jul/2025:02:14:58 -0500] "GET /img/xmrlpc.php?p= HTTP/1.1" 301 - "-" "-"
13.69.240.195 - - [13/Jul/2025:02:14:59 -0500] "GET /img/xmrlpc.php HTTP/1.1" 404 18400 "-" "-"
138.91.59.146 - - [13/Jul/2025:02:14:59 -0500] "GET /vendor/phpunit/phpunit/src/Util/PHP/ HTTP/1.1" 301 - "-" "-"
13.69.240.195 - - [13/Jul/2025:02:15:00 -0500] "GET /.well-known/pki-validation/cloud.php HTTP/1.1" 404 36 "-" "-"
13.69.240.195 - - [13/Jul/2025:02:15:00 -0500] "GET /wp-includes/widgets/about.php HTTP/1.1" 301 - "-" "-"
138.91.59.146 - - [13/Jul/2025:02:15:00 -0500] "GET /vendor/phpunit/phpunit/src/Util/PHP/ HTTP/1.1" 404 19038 "-" "-"
138.91.59.146 - - [13/Jul/2025:02:15:01 -0500] "GET /post.php HTTP/1.1" 301 - "-" "-"
13.69.240.195 - - [13/Jul/2025:02:15:00 -0500] "GET /wp-includes/widgets/about.php HTTP/1.1" 404 18402 "-" "-"
13.69.240.195 - - [13/Jul/2025:02:15:02 -0500] "GET /plugins/function.php HTTP/1.1" 301 - "-" "-"
138.91.59.146 - - [13/Jul/2025:02:15:01 -0500] "GET /post.php HTTP/1.1" 404 18400 "-" "-"
138.91.59.146 - - [13/Jul/2025:02:15:02 -0500] "GET /images/xmrlpc.php?p= HTTP/1.1" 301 - "-" "-"
13.69.240.195 - - [13/Jul/2025:02:15:02 -0500] "GET /plugins/function.php HTTP/1.1" 404 18400 "-" "-"
13.69.240.195 - - [13/Jul/2025:02:15:03 -0500] "GET /wp-includes/ID3/ HTTP/1.1" 301 - "-" "-"
138.91.59.146 - - [13/Jul/2025:02:15:03 -0500] "GET /images/xmrlpc.php HTTP/1.1" 404 18400 "-" "-"
138.91.59.146 - - [13/Jul/2025:02:15:04 -0500] "GET /wp-admin/js/widgets/cloud.php HTTP/1.1" 301 - "-" "-"
13.69.240.195 - - [13/Jul/2025:02:15:04 -0500] "GET /wp-includes/ID3/ HTTP/1.1" 404 19036 "-" "-"
13.69.240.195 - - [13/Jul/2025:02:15:05 -0500] "GET /plugins.php HTTP/1.1" 301 - "-" "-"
138.91.59.146 - - [13/Jul/2025:02:15:05 -0500] "GET /wp-admin/js/widgets/cloud.php HTTP/1.1" 404 18402 "-" "-"
138.91.59.146 - - [13/Jul/2025:02:15:06 -0500] "GET /wp-admin/network/index.php HTTP/1.1" 302 - "-" "-"
13.69.240.195 - - [13/Jul/2025:02:15:06 -0500] "GET /plugins.php HTTP/1.1" 404 18400 "-" "-"
13.69.240.195 - - [13/Jul/2025:02:15:07 -0500] "GET /wp-includes/style-engine/about.php HTTP/1.1" 301 - "-" "-"
13.69.240.195 - - [13/Jul/2025:02:15:08 -0500] "GET /wp-includes/style-engine/about.php HTTP/1.1" 404 18402 "-" "-"
13.69.240.195 - - [13/Jul/2025:02:15:09 -0500] "GET /wp-consar.php HTTP/1.1" 301 - "-" "-"
138.91.59.146 - - [13/Jul/2025:02:15:09 -0500] "GET /wsoyanz.php HTTP/1.1" 301 - "-" "-"
13.69.240.195 - - [13/Jul/2025:02:15:09 -0500] "GET /wp-consar.php HTTP/1.1" 404 18400 "-" "-"
138.91.59.146 - - [13/Jul/2025:02:15:09 -0500] "GET /wsoyanz.php HTTP/1.1" 404 18400 "-" "-"
13.69.240.195 - - [13/Jul/2025:02:15:11 -0500] "GET /wp-content/plugins/dummyyummy/wp-signup.php HTTP/1.1" 301 - "-" "-"
138.91.59.146 - - [13/Jul/2025:02:15:11 -0500] "GET /wp-content/gallery/about.php HTTP/1.1" 301 - "-" "-"
138.91.59.146 - - [13/Jul/2025:02:15:11 -0500] "GET /wp-content/gallery/about.php HTTP/1.1" 404 18402 "-" "-"
13.69.240.195 - - [13/Jul/2025:02:15:11 -0500] "GET /wp-content/plugins/dummyyummy/wp-signup.php HTTP/1.1" 404 18402 "-" "-"
13.69.240.195 - - [13/Jul/2025:02:15:12 -0500] "GET /wp-admin/repeater.php HTTP/1.1" 301 - "-" "-"
138.91.59.146 - - [13/Jul/2025:02:15:12 -0500] "GET /wp-admin/user/ HTTP/1.1" 302 - "-" "-"
13.69.240.195 - - [13/Jul/2025:02:15:13 -0500] "GET /wp-admin/repeater.php HTTP/1.1" 404 18400 "-" "-"
13.69.240.195 - - [13/Jul/2025:02:15:14 -0500] "GET /wp-content/themes/seotheme/db.php?u HTTP/1.1" 301 - "-" "-"
138.91.59.146 - - [13/Jul/2025:02:15:15 -0500] "GET /as/function HTTP/1.1" 301 - "-" "-"
13.69.240.195 - - [13/Jul/2025:02:15:15 -0500] "GET /wp-content/themes/seotheme/db.php?u HTTP/1.1" 404 18402 "-" "-"
13.69.240.195 - - [13/Jul/2025:02:15:16 -0500] "GET /wp-includes/rest-api/about.php HTTP/1.1" 301 - "-" "-"
138.91.59.146 - - [13/Jul/2025:02:15:16 -0500] "GET /as/function HTTP/1.1" 404 19036 "-" "-"
138.91.59.146 - - [13/Jul/2025:02:15:17 -0500] "GET /images/cloud.php HTTP/1.1" 301 - "-" "-"
13.69.240.195 - - [13/Jul/2025:02:15:16 -0500] "GET /wp-includes/rest-api/about.php HTTP/1.1" 404 18402 "-" "-"
13.69.240.195 - - [13/Jul/2025:02:15:18 -0500] "GET /wp-content/banners/about.php HTTP/1.1" 301 - "-" "-"
138.91.59.146 - - [13/Jul/2025:02:15:17 -0500] "GET /images/cloud.php HTTP/1.1" 404 18400 "-" "-"
138.91.59.146 - - [13/Jul/2025:02:15:18 -0500] "GET /wp-content/plugins/Cache/Cache.php HTTP/1.1" 301 - "-" "-"
13.69.240.195 - - [13/Jul/2025:02:15:18 -0500] "GET /wp-content/banners/about.php HTTP/1.1" 404 18402 "-" "-"
138.91.59.146 - - [13/Jul/2025:02:15:19 -0500] "GET /wp-content/plugins/Cache/Cache.php HTTP/1.1" 404 18402 "-" "-"
13.69.240.195 - - [13/Jul/2025:02:15:20 -0500] "GET /wp-includes/Requests/about.php HTTP/1.1" 301 - "-" "-"
138.91.59.146 - - [13/Jul/2025:02:15:21 -0500] "GET /alfa-rex.php7 HTTP/1.1" 301 - "-" "-"
13.69.240.195 - - [13/Jul/2025:02:15:21 -0500] "GET /wp-includes/Requests/about.php HTTP/1.1" 404 18402 "-" "-"
138.91.59.146 - - [13/Jul/2025:02:15:21 -0500] "GET /alfa-rex.php7 HTTP/1.1" 404 19036 "-" "-"
13.69.240.195 - - [13/Jul/2025:02:15:22 -0500] "GET /wp-includes/js/swfupload/ HTTP/1.1" 301 - "-" "-"
138.91.59.146 - - [13/Jul/2025:02:15:23 -0500] "GET /wp-includes/IXR/ HTTP/1.1" 301 - "-" "-"
13.69.240.195 - - [13/Jul/2025:02:15:23 -0500] "GET /wp-includes/js/swfupload/ HTTP/1.1" 404 19038 "-" "-"
13.69.240.195 - - [13/Jul/2025:02:15:24 -0500] "GET /uploads/ HTTP/1.1" 301 - "-" "-"
138.91.59.146 - - [13/Jul/2025:02:15:24 -0500] "GET /wp-includes/IXR/ HTTP/1.1" 404 19036 "-" "-"
13.69.240.195 - - [13/Jul/2025:02:15:25 -0500] "GET /uploads/ HTTP/1.1" 404 19036 "-" "-"
138.91.59.146 - - [13/Jul/2025:02:15:26 -0500] "GET /wp-admin/includes/cloud.php HTTP/1.1" 301 - "-" "-"
13.69.240.195 - - [13/Jul/2025:02:15:27 -0500] "GET /wp-includes/blocks/ HTTP/1.1" 200 22 "-" "-"
13.69.240.195 - - [13/Jul/2025:02:15:27 -0500] "GET /wp-includes/js/jquery/ HTTP/1.1" 301 - "-" "-"
138.91.59.146 - - [13/Jul/2025:02:15:27 -0500] "GET /wp-admin/includes/cloud.php HTTP/1.1" 404 18402 "-" "-"
138.91.59.146 - - [13/Jul/2025:02:15:28 -0500] "GET /cgi-bin/xmrlpc.php?p= HTTP/1.1" 301 - "-" "-"
13.69.240.195 - - [13/Jul/2025:02:15:28 -0500] "GET /wp-includes/js/jquery/ HTTP/1.1" 404 19038 "-" "-"
13.69.240.195 - - [13/Jul/2025:02:15:29 -0500] "GET /content.php HTTP/1.1" 301 - "-" "-"
138.91.59.146 - - [13/Jul/2025:02:15:29 -0500] "GET /cgi-bin/xmrlpc.php HTTP/1.1" 404 18400 "-" "-"
138.91.59.146 - - [13/Jul/2025:02:15:30 -0500] "GET /wp-comments-post.php HTTP/1.1" 405 - "-" "-"
13.69.240.195 - - [13/Jul/2025:02:15:30 -0500] "GET /content.php HTTP/1.1" 404 18400 "-" "-"
138.91.59.146 - - [13/Jul/2025:02:15:31 -0500] "GET /wp-cron.php HTTP/1.1" 200 - "-" "-"
13.69.240.195 - - [13/Jul/2025:02:15:31 -0500] "GET /wp-content/about.php HTTP/1.1" 301 - "-" "-"
138.91.59.146 - - [13/Jul/2025:02:15:31 -0500] "GET /alfa-rex2.php7 HTTP/1.1" 301 - "-" "-"
13.69.240.195 - - [13/Jul/2025:02:15:32 -0500] "GET /wp-content/about.php HTTP/1.1" 404 18400 "-" "-"
138.91.59.146 - - [13/Jul/2025:02:15:32 -0500] "GET /alfa-rex2.php7 HTTP/1.1" 404 19036 "-" "-"
13.69.240.195 - - [13/Jul/2025:02:15:33 -0500] "GET /wp-admin/maint/ HTTP/1.1" 301 - "-" "-"
138.91.59.146 - - [13/Jul/2025:02:15:34 -0500] "GET /ws.php7 HTTP/1.1" 301 - "-" "-"
13.69.240.195 - - [13/Jul/2025:02:15:34 -0500] "GET /wp-admin/maint/ HTTP/1.1" 404 19036 "-" "-"
138.91.59.146 - - [13/Jul/2025:02:15:34 -0500] "GET /ws.php7 HTTP/1.1" 404 19036 "-" "-"
13.69.240.195 - - [13/Jul/2025:02:15:36 -0500] "GET /repeater.php HTTP/1.1" 301 - "-" "-"
138.91.59.146 - - [13/Jul/2025:02:15:36 -0500] "GET /wp-admin/css/colors/cloud.php HTTP/1.1" 301 - "-" "-"
13.69.240.195 - - [13/Jul/2025:02:15:37 -0500] "GET /repeater.php HTTP/1.1" 404 18400 "-" "-"
138.91.59.146 - - [13/Jul/2025:02:15:37 -0500] "GET /wp-admin/css/colors/cloud.php HTTP/1.1" 404 18402 "-" "-"
13.69.240.195 - - [13/Jul/2025:02:15:38 -0500] "GET /wp-includes/Requests/Text/admin.php HTTP/1.1" 301 - "-" "-"
138.91.59.146 - - [13/Jul/2025:02:15:39 -0500] "GET /wp-includes/block-patterns/about.php HTTP/1.1" 301 - "-" "-"
13.69.240.195 - - [13/Jul/2025:02:15:39 -0500] "GET /wp-includes/Requests/Text/admin.php HTTP/1.1" 404 18402 "-" "-"
138.91.59.146 - - [13/Jul/2025:02:15:40 -0500] "GET /wp-includes/block-patterns/about.php HTTP/1.1" 404 18402 "-" "-"
13.69.240.195 - - [13/Jul/2025:02:15:41 -0500] "GET /wp-includes/Text/Diff/Engine/ HTTP/1.1" 301 - "-" "-"
138.91.59.146 - - [13/Jul/2025:02:15:42 -0500] "GET /wp-admin/cloud.php HTTP/1.1" 301 - "-" "-"
13.69.240.195 - - [13/Jul/2025:02:15:43 -0500] "GET /wp-includes/Text/Diff/Engine/ HTTP/1.1" 404 19038 "-" "-"
138.91.59.146 - - [13/Jul/2025:02:15:43 -0500] "GET /wp-admin/cloud.php HTTP/1.1" 404 18400 "-" "-"
13.69.240.195 - - [13/Jul/2025:02:15:45 -0500] "GET /install.php HTTP/1.1" 301 - "-" "-"
138.91.59.146 - - [13/Jul/2025:02:15:46 -0500] "GET /mah/function.php HTTP/1.1" 301 - "-" "-"
13.69.240.195 - - [13/Jul/2025:02:15:47 -0500] "GET /install.php HTTP/1.1" 404 18400 "-" "-"
138.91.59.146 - - [13/Jul/2025:02:15:47 -0500] "GET /mah/function.php HTTP/1.1" 404 18400 "-" "-"
13.69.240.195 - - [13/Jul/2025:02:15:49 -0500] "GET /wp-admin/images/index.php HTTP/1.1" 301 - "-" "-"
138.91.59.146 - - [13/Jul/2025:02:15:49 -0500] "GET /wp-content/plugins/pwnd-1/pwnd.php HTTP/1.1" 301 - "-" "-"
13.69.240.195 - - [13/Jul/2025:02:15:50 -0500] "GET /wp-admin/images/ HTTP/1.1" 404 19036 "-" "-"
138.91.59.146 - - [13/Jul/2025:02:15:51 -0500] "GET /wp-content/plugins/pwnd-1/pwnd.php HTTP/1.1" 404 18402 "-" "-"
13.69.240.195 - - [13/Jul/2025:02:15:53 -0500] "GET /wp-includes/Requests/library/ HTTP/1.1" 301 - "-" "-"
138.91.59.146 - - [13/Jul/2025:02:15:53 -0500] "GET /bak.php HTTP/1.1" 301 - "-" "-"
13.69.240.195 - - [13/Jul/2025:02:15:54 -0500] "GET /wp-includes/Requests/library/ HTTP/1.1" 404 19038 "-" "-"
138.91.59.146 - - [13/Jul/2025:02:15:55 -0500] "GET /bak.php HTTP/1.1" 404 18400 "-" "-"
13.69.240.195 - - [13/Jul/2025:02:15:56 -0500] "GET /.well-known/acme-challenge/cloud.php HTTP/1.1" 301 - "-" "-"
138.91.59.146 - - [13/Jul/2025:02:15:57 -0500] "GET /wp-includes/fonts/ HTTP/1.1" 301 - "-" "-"
138.91.59.146 - - [13/Jul/2025:02:15:58 -0500] "GET /wp-includes/fonts/ HTTP/1.1" 404 19036 "-" "-"
13.69.240.195 - - [13/Jul/2025:02:15:58 -0500] "GET /.well-known/acme-challenge/cloud.php HTTP/1.1" 404 18402 "-" "-"
138.91.59.146 - - [13/Jul/2025:02:16:00 -0500] "GET /wp-content/plugins/admin.php HTTP/1.1" 301 - "-" "-"
13.69.240.195 - - [13/Jul/2025:02:16:00 -0500] "GET /wp-includes/js/plupload/ HTTP/1.1" 301 - "-" "-"
13.69.240.195 - - [13/Jul/2025:02:16:02 -0500] "GET /wp-includes/js/plupload/ HTTP/1.1" 404 19038 "-" "-"
138.91.59.146 - - [13/Jul/2025:02:16:01 -0500] "GET /wp-content/plugins/admin.php HTTP/1.1" 404 18402 "-" "-"
13.69.240.195 - - [13/Jul/2025:02:16:04 -0500] "GET /wp-includes/rest-api/ HTTP/1.1" 301 - "-" "-"
138.91.59.146 - - [13/Jul/2025:02:16:04 -0500] "GET /ws.php HTTP/1.1" 301 - "-" "-"
138.91.59.146 - - [13/Jul/2025:02:16:05 -0500] "GET /ws.php HTTP/1.1" 404 18400 "-" "-"
13.69.240.195 - - [13/Jul/2025:02:16:05 -0500] "GET /wp-includes/rest-api/ HTTP/1.1" 404 19036 "-" "-"
138.91.59.146 - - [13/Jul/2025:02:16:08 -0500] "GET /wp-admin/js/about.php HTTP/1.1" 301 - "-" "-"
13.69.240.195 - - [13/Jul/2025:02:16:08 -0500] "GET /libraries/legacy/updates.php HTTP/1.1" 301 - "-" "-"
138.91.59.146 - - [13/Jul/2025:02:16:10 -0500] "GET /wp-admin/js/about.php HTTP/1.1" 404 18402 "-" "-"
13.69.240.195 - - [13/Jul/2025:02:16:10 -0500] "GET /libraries/legacy/updates.php HTTP/1.1" 404 18402 "-" "-"
138.91.59.146 - - [13/Jul/2025:02:16:13 -0500] "GET /yanz.php HTTP/1.1" 301 - "-" "-"
13.69.240.195 - - [13/Jul/2025:02:16:13 -0500] "GET /wp-content/plugins/seoo/wsoyanz1.php HTTP/1.1" 301 - "-" "-"
138.91.59.146 - - [13/Jul/2025:02:16:14 -0500] "GET /yanz.php HTTP/1.1" 404 18400 "-" "-"
13.69.240.195 - - [13/Jul/2025:02:16:14 -0500] "GET /wp-content/plugins/seoo/wsoyanz1.php HTTP/1.1" 404 18402 "-" "-"
138.91.59.146 - - [13/Jul/2025:02:16:16 -0500] "GET /makeasmtp.php HTTP/1.1" 301 - "-" "-"
13.69.240.195 - - [13/Jul/2025:02:16:16 -0500] "GET /wp-conflg.php HTTP/1.1" 301 - "-" "-"
138.91.59.146 - - [13/Jul/2025:02:16:17 -0500] "GET /makeasmtp.php HTTP/1.1" 404 18400 "-" "-"
13.69.240.195 - - [13/Jul/2025:02:16:18 -0500] "GET /wp-conflg.php HTTP/1.1" 404 18400 "-" "-"
138.91.59.146 - - [13/Jul/2025:02:16:20 -0500] "GET /shell.php HTTP/1.1" 301 - "-" "-"
13.69.240.195 - - [13/Jul/2025:02:16:20 -0500] "GET /wp-admin/user/xmrlpc.php?p= HTTP/1.1" 301 - "-" "-"
138.91.59.146 - - [13/Jul/2025:02:16:21 -0500] "GET /shell.php HTTP/1.1" 404 18400 "-" "-"
13.69.240.195 - - [13/Jul/2025:02:16:21 -0500] "GET /wp-admin/user/xmrlpc.php HTTP/1.1" 404 18402 "-" "-"
138.91.59.146 - - [13/Jul/2025:02:16:23 -0500] "GET /wp-admin/images/ HTTP/1.1" 301 - "-" "-"
13.69.240.195 - - [13/Jul/2025:02:16:24 -0500] "GET /cgi-bin/cloud.php HTTP/1.1" 301 - "-" "-"
138.91.59.146 - - [13/Jul/2025:02:16:24 -0500] "GET /wp-admin/images/ HTTP/1.1" 404 19036 "-" "-"
13.69.240.195 - - [13/Jul/2025:02:16:25 -0500] "GET /cgi-bin/cloud.php HTTP/1.1" 404 18400 "-" "-"
13.69.240.195 - - [13/Jul/2025:02:16:26 -0500] "GET /.well-known/pki-validation/about.php HTTP/1.1" 404 36 "-" "-"
138.91.59.146 - - [13/Jul/2025:02:16:26 -0500] "GET /wp-includes/widgets/ HTTP/1.1" 301 - "-" "-"
13.69.240.195 - - [13/Jul/2025:02:16:26 -0500] "GET /wp-includes/images/ HTTP/1.1" 301 - "-" "-"
