138.91.59.146 - - [13/Jul/2025:02:16:26 -0500] "GET /wp-includes/widgets/ HTTP/1.1" 404 19036 "-" "-"
13.69.240.195 - - [13/Jul/2025:02:16:27 -0500] "GET /wp-includes/images/ HTTP/1.1" 404 19036 "-" "-"
138.91.59.146 - - [13/Jul/2025:02:16:28 -0500] "GET /libraries/vendor/updates.php HTTP/1.1" 301 - "-" "-"
13.69.240.195 - - [13/Jul/2025:02:16:28 -0500] "GET /.well-known/about.php HTTP/1.1" 301 - "-" "-"
138.91.59.146 - - [13/Jul/2025:02:16:29 -0500] "GET /libraries/vendor/updates.php HTTP/1.1" 404 18402 "-" "-"
13.69.240.195 - - [13/Jul/2025:02:16:29 -0500] "GET /.well-known/about.php HTTP/1.1" 404 18400 "-" "-"
138.91.59.146 - - [13/Jul/2025:02:16:31 -0500] "GET /wp-content/plugins/clara/clara.php HTTP/1.1" 301 - "-" "-"
13.69.240.195 - - [13/Jul/2025:02:16:32 -0500] "GET /radio.php HTTP/1.1" 301 - "-" "-"
138.91.59.146 - - [13/Jul/2025:02:16:33 -0500] "GET /wp-content/plugins/clara/clara.php HTTP/1.1" 404 18402 "-" "-"
13.69.240.195 - - [13/Jul/2025:02:16:33 -0500] "GET /radio.php HTTP/1.1" 404 18400 "-" "-"
138.91.59.146 - - [13/Jul/2025:02:16:35 -0500] "GET /log.php HTTP/1.1" 301 - "-" "-"
13.69.240.195 - - [13/Jul/2025:02:16:35 -0500] "GET /wp-content/plugins/seoplugins/mar.php HTTP/1.1" 301 - "-" "-"
138.91.59.146 - - [13/Jul/2025:02:16:36 -0500] "GET /log.php HTTP/1.1" 404 18400 "-" "-"
13.69.240.195 - - [13/Jul/2025:02:16:37 -0500] "GET /wp-content/plugins/seoplugins/mar.php HTTP/1.1" 404 18402 "-" "-"
138.91.59.146 - - [13/Jul/2025:02:16:38 -0500] "GET /wp-includes/Text/Diff/ HTTP/1.1" 301 - "-" "-"
13.69.240.195 - - [13/Jul/2025:02:16:39 -0500] "GET /ae.php HTTP/1.1" 301 - "-" "-"
138.91.59.146 - - [13/Jul/2025:02:16:39 -0500] "GET /wp-includes/Text/Diff/ HTTP/1.1" 404 19038 "-" "-"
13.69.240.195 - - [13/Jul/2025:02:16:40 -0500] "GET /ae.php HTTP/1.1" 404 18400 "-" "-"
138.91.59.146 - - [13/Jul/2025:02:16:41 -0500] "GET /wp-includes/IXR/index.php HTTP/1.1" 301 - "-" "-"
13.69.240.195 - - [13/Jul/2025:02:16:42 -0500] "GET /usersfiles/ HTTP/1.1" 301 - "-" "-"
138.91.59.146 - - [13/Jul/2025:02:16:42 -0500] "GET /wp-includes/IXR/ HTTP/1.1" 404 19036 "-" "-"
13.69.240.195 - - [13/Jul/2025:02:16:43 -0500] "GET /usersfiles/ HTTP/1.1" 404 19036 "-" "-"
138.91.59.146 - - [13/Jul/2025:02:16:45 -0500] "GET /wp-includes/IXR/about.php HTTP/1.1" 301 - "-" "-"
13.69.240.195 - - [13/Jul/2025:02:16:45 -0500] "GET /avaa.php HTTP/1.1" 301 - "-" "-"
13.69.240.195 - - [13/Jul/2025:02:16:46 -0500] "GET /avaa.php HTTP/1.1" 404 18400 "-" "-"
138.91.59.146 - - [13/Jul/2025:02:16:46 -0500] "GET /wp-includes/IXR/about.php HTTP/1.1" 404 18402 "-" "-"
13.69.240.195 - - [13/Jul/2025:02:16:49 -0500] "GET /edit.php HTTP/1.1" 301 - "-" "-"
13.69.240.195 - - [13/Jul/2025:02:16:50 -0500] "GET /edit.php HTTP/1.1" 404 18400 "-" "-"
13.69.240.195 - - [13/Jul/2025:02:16:52 -0500] "GET /simple.php HTTP/1.1" 301 - "-" "-"
138.91.59.146 - - [13/Jul/2025:02:16:49 -0500] "GET /wp-admin/network/ HTTP/1.1" 302 - "-" "-"
13.69.240.195 - - [13/Jul/2025:02:16:53 -0500] "GET /simple.php HTTP/1.1" 404 18400 "-" "-"
13.69.240.195 - - [13/Jul/2025:02:16:56 -0500] "GET /wp-includes/about.php HTTP/1.1" 301 - "-" "-"
13.69.240.195 - - [13/Jul/2025:02:16:57 -0500] "GET /wp-includes/about.php HTTP/1.1" 404 18400 "-" "-"
138.91.59.146 - - [13/Jul/2025:02:16:59 -0500] "GET /wp-content/themes/ HTTP/1.1" 200 - "-" "-"
13.69.240.195 - - [13/Jul/2025:02:16:59 -0500] "GET /wp-includes/SimplePie/about.php HTTP/1.1" 301 - "-" "-"
138.91.59.146 - - [13/Jul/2025:02:16:59 -0500] "GET /wp-admin/js/widgets/about.php7 HTTP/1.1" 301 - "-" "-"
13.69.240.195 - - [13/Jul/2025:02:17:01 -0500] "GET /wp-includes/SimplePie/about.php HTTP/1.1" 404 18402 "-" "-"
138.91.59.146 - - [13/Jul/2025:02:17:01 -0500] "GET /wp-admin/js/widgets/about.php7 HTTP/1.1" 404 19038 "-" "-"
13.69.240.195 - - [13/Jul/2025:02:17:03 -0500] "GET /ajax-actions.php HTTP/1.1" 301 - "-" "-"
138.91.59.146 - - [13/Jul/2025:02:17:04 -0500] "GET /wp-load.php HTTP/1.1" 200 - "-" "-"
138.91.59.146 - - [13/Jul/2025:02:17:05 -0500] "GET /wp-content/themes/pridmag/db.php?u HTTP/1.1" 301 - "-" "-"
13.69.240.195 - - [13/Jul/2025:02:17:05 -0500] "GET /ajax-actions.php HTTP/1.1" 404 18400 "-" "-"
13.69.240.195 - - [13/Jul/2025:02:17:08 -0500] "GET /wp-2019.php HTTP/1.1" 301 - "-" "-"
138.91.59.146 - - [13/Jul/2025:02:17:07 -0500] "GET /wp-content/themes/pridmag/db.php?u HTTP/1.1" 404 18402 "-" "-"
138.91.59.146 - - [13/Jul/2025:02:17:10 -0500] "GET /wp-includes/sodium_compat/namespaced HTTP/1.1" 301 262 "-" "-"
138.91.59.146 - - [13/Jul/2025:02:17:10 -0500] "GET /wp-includes/sodium_compat/namespaced/ HTTP/1.1" 301 - "-" "-"
13.69.240.195 - - [13/Jul/2025:02:17:09 -0500] "GET /wp-2019.php HTTP/1.1" 404 18400 "-" "-"
13.69.240.195 - - [13/Jul/2025:02:17:12 -0500] "GET /wp-content/plugins/pwnd/pwnd.php HTTP/1.1" 301 - "-" "-"
138.91.59.146 - - [13/Jul/2025:02:17:11 -0500] "GET /wp-includes/sodium_compat/namespaced/ HTTP/1.1" 404 19038 "-" "-"
138.91.59.146 - - [13/Jul/2025:02:17:14 -0500] "GET /css.php HTTP/1.1" 301 - "-" "-"
13.69.240.195 - - [13/Jul/2025:02:17:13 -0500] "GET /wp-content/plugins/pwnd/pwnd.php HTTP/1.1" 404 18402 "-" "-"
13.69.240.195 - - [13/Jul/2025:02:17:15 -0500] "GET /wp-includes/pomo/ HTTP/1.1" 301 - "-" "-"
138.91.59.146 - - [13/Jul/2025:02:17:15 -0500] "GET /css.php HTTP/1.1" 404 18400 "-" "-"
138.91.59.146 - - [13/Jul/2025:02:17:17 -0500] "GET /libraries/phpmailer/updates.php HTTP/1.1" 301 - "-" "-"
13.69.240.195 - - [13/Jul/2025:02:17:17 -0500] "GET /wp-includes/pomo/ HTTP/1.1" 404 19036 "-" "-"
138.91.59.146 - - [13/Jul/2025:02:17:19 -0500] "GET /libraries/phpmailer/updates.php HTTP/1.1" 404 18402 "-" "-"
13.69.240.195 - - [13/Jul/2025:02:17:19 -0500] "GET /wp-p.php7 HTTP/1.1" 301 - "-" "-"
138.91.59.146 - - [13/Jul/2025:02:17:21 -0500] "GET /blog.php HTTP/1.1" 301 - "-" "-"
13.69.240.195 - - [13/Jul/2025:02:17:21 -0500] "GET /wp-p.php7 HTTP/1.1" 404 19036 "-" "-"
138.91.59.146 - - [13/Jul/2025:02:17:22 -0500] "GET /blog.php HTTP/1.1" 404 18400 "-" "-"
13.69.240.195 - - [13/Jul/2025:02:17:23 -0500] "GET /wp-includes/Requests/ HTTP/1.1" 301 - "-" "-"
138.91.59.146 - - [13/Jul/2025:02:17:25 -0500] "GET /wp-admin/maint/maint/ajax-actions.php HTTP/1.1" 301 - "-" "-"
13.69.240.195 - - [13/Jul/2025:02:17:25 -0500] "GET /wp-includes/Requests/ HTTP/1.1" 404 19036 "-" "-"
138.91.59.146 - - [13/Jul/2025:02:17:26 -0500] "GET /wp-admin/maint/maint/ajax-actions.php HTTP/1.1" 404 18402 "-" "-"
13.69.240.195 - - [13/Jul/2025:02:17:28 -0500] "GET /chosen.php HTTP/1.1" 301 - "-" "-"
138.91.59.146 - - [13/Jul/2025:02:17:28 -0500] "GET /wp-admin/css/index.php HTTP/1.1" 301 - "-" "-"
13.69.240.195 - - [13/Jul/2025:02:17:29 -0500] "GET /chosen.php HTTP/1.1" 404 18400 "-" "-"
138.91.59.146 - - [13/Jul/2025:02:17:30 -0500] "GET /wp-admin/css/ HTTP/1.1" 404 19036 "-" "-"
13.69.240.195 - - [13/Jul/2025:02:17:31 -0500] "GET /fw.php HTTP/1.1" 301 - "-" "-"
138.91.59.146 - - [13/Jul/2025:02:17:32 -0500] "GET /wp-includes/customize/ HTTP/1.1" 301 - "-" "-"
138.91.59.146 - - [13/Jul/2025:02:17:33 -0500] "GET /wp-includes/customize/ HTTP/1.1" 404 19036 "-" "-"
13.69.240.195 - - [13/Jul/2025:02:17:33 -0500] "GET /fw.php HTTP/1.1" 404 18400 "-" "-"
138.91.59.146 - - [13/Jul/2025:02:17:35 -0500] "GET /wp-content/plugins/ HTTP/1.1" 200 - "-" "-"
138.91.59.146 - - [13/Jul/2025:02:17:36 -0500] "GET /wp-includes/blocks/about.php HTTP/1.1" 301 - "-" "-"
13.69.240.195 - - [13/Jul/2025:02:17:35 -0500] "GET /wp-admin/user/cloud.php HTTP/1.1" 301 - "-" "-"
138.91.59.146 - - [13/Jul/2025:02:17:37 -0500] "GET /wp-includes/blocks/about.php HTTP/1.1" 404 18402 "-" "-"
13.69.240.195 - - [13/Jul/2025:02:17:37 -0500] "GET /wp-admin/user/cloud.php HTTP/1.1" 404 18402 "-" "-"
138.91.59.146 - - [13/Jul/2025:02:17:39 -0500] "GET /wp-content/languages/about.php HTTP/1.1" 301 - "-" "-"
13.69.240.195 - - [13/Jul/2025:02:17:39 -0500] "GET /ebs.php7 HTTP/1.1" 301 - "-" "-"
138.91.59.146 - - [13/Jul/2025:02:17:40 -0500] "GET /wp-content/languages/about.php HTTP/1.1" 404 18402 "-" "-"
13.69.240.195 - - [13/Jul/2025:02:17:41 -0500] "GET /ebs.php7 HTTP/1.1" 404 19036 "-" "-"
138.91.59.146 - - [13/Jul/2025:02:17:43 -0500] "GET /wp-content/plugins/seoo/wsoyanz.php HTTP/1.1" 301 - "-" "-"
13.69.240.195 - - [13/Jul/2025:02:17:43 -0500] "GET /wp-admin/css/colors/coffee/xmrlpc.php?p= HTTP/1.1" 301 - "-" "-"
138.91.59.146 - - [13/Jul/2025:02:17:44 -0500] "GET /wp-content/plugins/seoo/wsoyanz.php HTTP/1.1" 404 18402 "-" "-"
13.69.240.195 - - [13/Jul/2025:02:17:44 -0500] "GET /wp-admin/css/colors/coffee/xmrlpc.php HTTP/1.1" 404 18402 "-" "-"
138.91.59.146 - - [13/Jul/2025:02:17:47 -0500] "GET /cgi-bin/about.php HTTP/1.1" 301 - "-" "-"
13.69.240.195 - - [13/Jul/2025:02:17:47 -0500] "GET /wp-includes/theme-compat/theme-compat/ HTTP/1.1" 301 - "-" "-"
138.91.59.146 - - [13/Jul/2025:02:17:48 -0500] "GET /cgi-bin/about.php HTTP/1.1" 404 18400 "-" "-"
13.69.240.195 - - [13/Jul/2025:02:17:48 -0500] "GET /wp-includes/theme-compat/theme-compat/ HTTP/1.1" 404 19038 "-" "-"
138.91.59.146 - - [13/Jul/2025:02:17:50 -0500] "GET /wp-includes/js/tinymce/skins/lightgray/ HTTP/1.1" 301 - "-" "-"
13.69.240.195 - - [13/Jul/2025:02:17:50 -0500] "GET /wp-content/themes/seotheme/mar.php HTTP/1.1" 301 - "-" "-"
138.91.59.146 - - [13/Jul/2025:02:17:51 -0500] "GET /wp-includes/js/tinymce/skins/lightgray/ HTTP/1.1" 404 19038 "-" "-"
13.69.240.195 - - [13/Jul/2025:02:17:51 -0500] "GET /wp-content/themes/seotheme/mar.php HTTP/1.1" 404 18402 "-" "-"
138.91.59.146 - - [13/Jul/2025:02:17:52 -0500] "GET /wp-includes/rest-api/search/ HTTP/1.1" 301 - "-" "-"
13.69.240.195 - - [13/Jul/2025:02:17:52 -0500] "GET /wp-includes/js/jcrop/ HTTP/1.1" 301 - "-" "-"
209.145.62.177 - - [13/Jul/2025:02:17:53 -0500] "POST /wp-cron.php?doing_wp_cron=1752391073.3857150077819824218750 HTTP/1.1" 200 - "-" "WordPress/6.8.1; https://www.corals.io"
138.91.59.146 - - [13/Jul/2025:02:17:52 -0500] "GET /wp-includes/rest-api/search/ HTTP/1.1" 404 19038 "-" "-"
13.69.240.195 - - [13/Jul/2025:02:17:53 -0500] "GET /wp-includes/js/jcrop/ HTTP/1.1" 404 19038 "-" "-"
13.69.240.195 - - [13/Jul/2025:02:17:54 -0500] "GET /wp-includes/js/tinymce/langs/ HTTP/1.1" 301 - "-" "-"
138.91.59.146 - - [13/Jul/2025:02:17:54 -0500] "GET /wp-content/plugins/fix/up.php HTTP/1.1" 301 - "-" "-"
13.69.240.195 - - [13/Jul/2025:02:17:54 -0500] "GET /wp-includes/js/tinymce/langs/ HTTP/1.1" 404 19038 "-" "-"
138.91.59.146 - - [13/Jul/2025:02:17:54 -0500] "GET /wp-content/plugins/fix/up.php HTTP/1.1" 404 18402 "-" "-"
13.69.240.195 - - [13/Jul/2025:02:17:55 -0500] "GET /wp-includes/certificates/ HTTP/1.1" 301 - "-" "-"
138.91.59.146 - - [13/Jul/2025:02:17:55 -0500] "GET /wp-admin/css/colors/blue/cloud.php HTTP/1.1" 301 - "-" "-"
13.69.240.195 - - [13/Jul/2025:02:17:56 -0500] "GET /wp-includes/certificates/ HTTP/1.1" 404 19036 "-" "-"
138.91.59.146 - - [13/Jul/2025:02:17:56 -0500] "GET /wp-admin/css/colors/blue/cloud.php HTTP/1.1" 404 18402 "-" "-"
13.69.240.195 - - [13/Jul/2025:02:17:57 -0500] "GET /xmrlpc.php HTTP/1.1" 301 - "-" "-"
138.91.59.146 - - [13/Jul/2025:02:17:58 -0500] "GET /img/about.php HTTP/1.1" 301 - "-" "-"
13.69.240.195 - - [13/Jul/2025:02:17:58 -0500] "GET /xmrlpc.php HTTP/1.1" 404 18400 "-" "-"
138.91.59.146 - - [13/Jul/2025:02:17:58 -0500] "GET /img/about.php HTTP/1.1" 404 18400 "-" "-"
13.69.240.195 - - [13/Jul/2025:02:17:59 -0500] "GET /wp-content/plugins/Core-Econ/upH.php HTTP/1.1" 301 - "-" "-"
138.91.59.146 - - [13/Jul/2025:02:17:59 -0500] "GET /alfanew2.php7 HTTP/1.1" 301 - "-" "-"
13.69.240.195 - - [13/Jul/2025:02:18:00 -0500] "GET /wp-content/plugins/Core-Econ/upH.php HTTP/1.1" 404 18402 "-" "-"
138.91.59.146 - - [13/Jul/2025:02:18:00 -0500] "GET /alfanew2.php7 HTTP/1.1" 404 19036 "-" "-"
13.69.240.195 - - [13/Jul/2025:02:18:01 -0500] "GET /classsmtps.php HTTP/1.1" 301 - "-" "-"
138.91.59.146 - - [13/Jul/2025:02:18:01 -0500] "GET /admin/controller/extension/extension/ HTTP/1.1" 301 - "-" "-"
138.91.59.146 - - [13/Jul/2025:02:18:01 -0500] "GET /admin/controller/extension/extension/ HTTP/1.1" 404 19038 "-" "-"
13.69.240.195 - - [13/Jul/2025:02:18:01 -0500] "GET /classsmtps.php HTTP/1.1" 404 18400 "-" "-"
13.69.240.195 - - [13/Jul/2025:02:18:02 -0500] "GET /wp-content/plugins/init-help/init.php HTTP/1.1" 301 - "-" "-"
138.91.59.146 - - [13/Jul/2025:02:18:02 -0500] "GET /inputs.php HTTP/1.1" 301 - "-" "-"
13.69.240.195 - - [13/Jul/2025:02:18:03 -0500] "GET /wp-content/plugins/init-help/init.php HTTP/1.1" 404 18402 "-" "-"
138.91.59.146 - - [13/Jul/2025:02:18:03 -0500] "GET /inputs.php HTTP/1.1" 404 18400 "-" "-"
138.91.59.146 - - [13/Jul/2025:02:18:04 -0500] "GET /wp-content/plugins/shell/noimg.php HTTP/1.1" 301 - "-" "-"
13.69.240.195 - - [13/Jul/2025:02:18:04 -0500] "GET /wp-admin/css/colors/blue/xmrlpc.php?p= HTTP/1.1" 301 - "-" "-"
138.91.59.146 - - [13/Jul/2025:02:18:05 -0500] "GET /wp-content/plugins/shell/noimg.php HTTP/1.1" 404 18402 "-" "-"
13.69.240.195 - - [13/Jul/2025:02:18:05 -0500] "GET /wp-admin/css/colors/blue/xmrlpc.php HTTP/1.1" 404 18402 "-" "-"
138.91.59.146 - - [13/Jul/2025:02:18:06 -0500] "GET /wp-content/updates.php HTTP/1.1" 301 - "-" "-"
13.69.240.195 - - [13/Jul/2025:02:18:06 -0500] "GET /wp-includes/js/thickbox/ HTTP/1.1" 301 - "-" "-"
13.69.240.195 - - [13/Jul/2025:02:18:07 -0500] "GET /wp-includes/js/thickbox/ HTTP/1.1" 404 19038 "-" "-"
138.91.59.146 - - [13/Jul/2025:02:18:06 -0500] "GET /wp-content/updates.php HTTP/1.1" 404 18400 "-" "-"
13.69.240.195 - - [13/Jul/2025:02:18:08 -0500] "GET /xmrlpc.php?p= HTTP/1.1" 301 - "-" "-"
138.91.59.146 - - [13/Jul/2025:02:18:08 -0500] "GET /wp-admin/css/about.php HTTP/1.1" 301 - "-" "-"
13.69.240.195 - - [13/Jul/2025:02:18:08 -0500] "GET /xmrlpc.php HTTP/1.1" 404 18400 "-" "-"
138.91.59.146 - - [13/Jul/2025:02:18:08 -0500] "GET /wp-admin/css/about.php HTTP/1.1" 404 18402 "-" "-"
13.69.240.195 - - [13/Jul/2025:02:18:09 -0500] "GET /wp-admin/css/colors/index.php HTTP/1.1" 301 - "-" "-"
138.91.59.146 - - [13/Jul/2025:02:18:09 -0500] "GET /wp-includes/js/ HTTP/1.1" 301 - "-" "-"
138.91.59.146 - - [13/Jul/2025:02:18:10 -0500] "GET /wp-includes/js/ HTTP/1.1" 404 19036 "-" "-"
13.69.240.195 - - [13/Jul/2025:02:18:10 -0500] "GET /wp-admin/css/colors/ HTTP/1.1" 404 19038 "-" "-"
138.91.59.146 - - [13/Jul/2025:02:18:11 -0500] "GET /wp-includes/ID3/index.php HTTP/1.1" 301 - "-" "-"
13.69.240.195 - - [13/Jul/2025:02:18:11 -0500] "GET /wp-includes/js/mediaelement/renderers/ HTTP/1.1" 301 - "-" "-"
138.91.59.146 - - [13/Jul/2025:02:18:11 -0500] "GET /wp-includes/ID3/ HTTP/1.1" 404 19036 "-" "-"
13.69.240.195 - - [13/Jul/2025:02:18:11 -0500] "GET /wp-includes/js/mediaelement/renderers/ HTTP/1.1" 404 19038 "-" "-"
138.91.59.146 - - [13/Jul/2025:02:18:12 -0500] "GET /wp-includes/js/tinymce/plugins/compat3x/ HTTP/1.1" 301 - "-" "-"
13.69.240.195 - - [13/Jul/2025:02:18:13 -0500] "GET /wp-includes/images/media/ HTTP/1.1" 301 - "-" "-"
138.91.59.146 - - [13/Jul/2025:02:18:13 -0500] "GET /wp-includes/js/tinymce/plugins/compat3x/ HTTP/1.1" 404 19038 "-" "-"
13.69.240.195 - - [13/Jul/2025:02:18:13 -0500] "GET /wp-includes/images/media/ HTTP/1.1" 404 19038 "-" "-"
138.91.59.146 - - [13/Jul/2025:02:18:14 -0500] "GET /img/xmrlpc.php?p= HTTP/1.1" 301 - "-" "-"
13.69.240.195 - - [13/Jul/2025:02:18:14 -0500] "GET /wp-admin/css/colors/xmrlpc.php?p= HTTP/1.1" 301 - "-" "-"
138.91.59.146 - - [13/Jul/2025:02:18:15 -0500] "GET /img/xmrlpc.php HTTP/1.1" 404 18400 "-" "-"
13.69.240.195 - - [13/Jul/2025:02:18:15 -0500] "GET /wp-admin/css/colors/xmrlpc.php HTTP/1.1" 404 18402 "-" "-"
138.91.59.146 - - [13/Jul/2025:02:18:16 -0500] "GET /.well-known/pki-validation/cloud.php HTTP/1.1" 404 36 "-" "-"
13.69.240.195 - - [13/Jul/2025:02:18:16 -0500] "GET /wp-content/plugins/linkpreview/db.php?u HTTP/1.1" 301 - "-" "-"
138.91.59.146 - - [13/Jul/2025:02:18:16 -0500] "GET /wp-includes/widgets/about.php HTTP/1.1" 301 - "-" "-"
13.69.240.195 - - [13/Jul/2025:02:18:16 -0500] "GET /wp-content/plugins/linkpreview/db.php?u HTTP/1.1" 404 18402 "-" "-"
138.91.59.146 - - [13/Jul/2025:02:18:16 -0500] "GET /wp-includes/widgets/about.php HTTP/1.1" 404 18402 "-" "-"
13.69.240.195 - - [13/Jul/2025:02:18:17 -0500] "GET /alfanew.php HTTP/1.1" 301 - "-" "-"
138.91.59.146 - - [13/Jul/2025:02:18:17 -0500] "GET /plugins/function.php HTTP/1.1" 301 - "-" "-"
13.69.240.195 - - [13/Jul/2025:02:18:18 -0500] "GET /alfanew.php HTTP/1.1" 404 18400 "-" "-"
138.91.59.146 - - [13/Jul/2025:02:18:18 -0500] "GET /plugins/function.php HTTP/1.1" 404 18400 "-" "-"
138.91.59.146 - - [13/Jul/2025:02:18:19 -0500] "GET /wp-includes/ID3/ HTTP/1.1" 301 - "-" "-"
13.69.240.195 - - [13/Jul/2025:02:18:19 -0500] "GET /wp-includes/Requests/src/ HTTP/1.1" 301 - "-" "-"
13.69.240.195 - - [13/Jul/2025:02:18:19 -0500] "GET /wp-includes/Requests/src/ HTTP/1.1" 404 19038 "-" "-"
138.91.59.146 - - [13/Jul/2025:02:18:19 -0500] "GET /wp-includes/ID3/ HTTP/1.1" 404 19036 "-" "-"
13.69.240.195 - - [13/Jul/2025:02:18:20 -0500] "GET /.well-known/pki-validation/ HTTP/1.1" 404 - "-" "-"
138.91.59.146 - - [13/Jul/2025:02:18:20 -0500] "GET /plugins.php HTTP/1.1" 301 - "-" "-"
13.69.240.195 - - [13/Jul/2025:02:18:21 -0500] "GET /updates.php HTTP/1.1" 301 - "-" "-"
138.91.59.146 - - [13/Jul/2025:02:18:21 -0500] "GET /plugins.php HTTP/1.1" 404 18400 "-" "-"
13.69.240.195 - - [13/Jul/2025:02:18:21 -0500] "GET /updates.php HTTP/1.1" 404 18400 "-" "-"
138.91.59.146 - - [13/Jul/2025:02:18:22 -0500] "GET /wp-includes/style-engine/about.php HTTP/1.1" 301 - "-" "-"
13.69.240.195 - - [13/Jul/2025:02:18:22 -0500] "GET /modules/mod_simplefileuploadv1.3/elements/ HTTP/1.1" 301 - "-" "-"
138.91.59.146 - - [13/Jul/2025:02:18:23 -0500] "GET /wp-includes/style-engine/about.php HTTP/1.1" 404 18402 "-" "-"
13.69.240.195 - - [13/Jul/2025:02:18:23 -0500] "GET /modules/mod_simplefileuploadv1.3/elements/ HTTP/1.1" 404 19038 "-" "-"
138.91.59.146 - - [13/Jul/2025:02:18:24 -0500] "GET /wp-consar.php HTTP/1.1" 301 - "-" "-"
13.69.240.195 - - [13/Jul/2025:02:18:24 -0500] "GET /hoot.php HTTP/1.1" 301 - "-" "-"
138.91.59.146 - - [13/Jul/2025:02:18:24 -0500] "GET /wp-consar.php HTTP/1.1" 404 18400 "-" "-"
13.69.240.195 - - [13/Jul/2025:02:18:24 -0500] "GET /hoot.php HTTP/1.1" 404 18400 "-" "-"
138.91.59.146 - - [13/Jul/2025:02:18:25 -0500] "GET /wp-content/plugins/dummyyummy/wp-signup.php HTTP/1.1" 301 - "-" "-"
13.69.240.195 - - [13/Jul/2025:02:18:25 -0500] "GET /wp-includes/pomo/about.php HTTP/1.1" 301 - "-" "-"
138.91.59.146 - - [13/Jul/2025:02:18:26 -0500] "GET /wp-content/plugins/dummyyummy/wp-signup.php HTTP/1.1" 404 18402 "-" "-"
13.69.240.195 - - [13/Jul/2025:02:18:26 -0500] "GET /wp-includes/pomo/about.php HTTP/1.1" 404 18402 "-" "-"
138.91.59.146 - - [13/Jul/2025:02:18:27 -0500] "GET /wp-admin/repeater.php HTTP/1.1" 301 - "-" "-"
13.69.240.195 - - [13/Jul/2025:02:18:27 -0500] "GET /mail.php HTTP/1.1" 301 - "-" "-"
138.91.59.146 - - [13/Jul/2025:02:18:27 -0500] "GET /wp-admin/repeater.php HTTP/1.1" 404 18400 "-" "-"
13.69.240.195 - - [13/Jul/2025:02:18:28 -0500] "GET /mail.php HTTP/1.1" 404 18400 "-" "-"
138.91.59.146 - - [13/Jul/2025:02:18:28 -0500] "GET /wp-content/themes/seotheme/db.php?u HTTP/1.1" 301 - "-" "-"
13.69.240.195 - - [13/Jul/2025:02:18:29 -0500] "GET /about.php HTTP/1.1" 301 - "-" "-"
138.91.59.146 - - [13/Jul/2025:02:18:29 -0500] "GET /wp-content/themes/seotheme/db.php?u HTTP/1.1" 404 18402 "-" "-"
13.69.240.195 - - [13/Jul/2025:02:18:29 -0500] "GET /about.php HTTP/1.1" 404 18400 "-" "-"
138.91.59.146 - - [13/Jul/2025:02:18:30 -0500] "GET /wp-includes/rest-api/about.php HTTP/1.1" 301 - "-" "-"
13.69.240.195 - - [13/Jul/2025:02:18:30 -0500] "GET /xmlrpc.php HTTP/1.1" 405 60 "-" "-"
138.91.59.146 - - [13/Jul/2025:02:18:31 -0500] "GET /wp-includes/rest-api/about.php HTTP/1.1" 404 18402 "-" "-"
13.69.240.195 - - [13/Jul/2025:02:18:31 -0500] "GET /geju.php/wp-includes/images/about.php HTTP/1.1" 301 - "-" "-"
138.91.59.146 - - [13/Jul/2025:02:18:32 -0500] "GET /wp-content/banners/about.php HTTP/1.1" 301 - "-" "-"
13.69.240.195 - - [13/Jul/2025:02:18:32 -0500] "GET /geju.php/wp-includes/images/about.php HTTP/1.1" 404 18402 "-" "-"
138.91.59.146 - - [13/Jul/2025:02:18:32 -0500] "GET /wp-content/banners/about.php HTTP/1.1" 404 18402 "-" "-"
13.69.240.195 - - [13/Jul/2025:02:18:33 -0500] "GET /wp-admin/ajax-actions.php HTTP/1.1" 301 - "-" "-"
138.91.59.146 - - [13/Jul/2025:02:18:33 -0500] "GET /wp-includes/Requests/about.php HTTP/1.1" 301 - "-" "-"
13.69.240.195 - - [13/Jul/2025:02:18:33 -0500] "GET /wp-admin/ajax-actions.php HTTP/1.1" 404 18400 "-" "-"
138.91.59.146 - - [13/Jul/2025:02:18:34 -0500] "GET /wp-includes/Requests/about.php HTTP/1.1" 404 18402 "-" "-"
13.69.240.195 - - [13/Jul/2025:02:18:34 -0500] "GET /img/cloud.php HTTP/1.1" 301 - "-" "-"
138.91.59.146 - - [13/Jul/2025:02:18:35 -0500] "GET /wp-includes/js/swfupload/ HTTP/1.1" 301 - "-" "-"
13.69.240.195 - - [13/Jul/2025:02:18:35 -0500] "GET /img/cloud.php HTTP/1.1" 404 18400 "-" "-"
138.91.59.146 - - [13/Jul/2025:02:18:36 -0500] "GET /wp-includes/js/swfupload/ HTTP/1.1" 404 19038 "-" "-"
13.69.240.195 - - [13/Jul/2025:02:18:36 -0500] "GET /.well-known/acme-challenge/ HTTP/1.1" 301 - "-" "-"
138.91.59.146 - - [13/Jul/2025:02:18:37 -0500] "GET /uploads/ HTTP/1.1" 301 - "-" "-"
13.69.240.195 - - [13/Jul/2025:02:18:37 -0500] "GET /.well-known/acme-challenge/ HTTP/1.1" 404 19036 "-" "-"
138.91.59.146 - - [13/Jul/2025:02:18:37 -0500] "GET /uploads/ HTTP/1.1" 404 19036 "-" "-"
13.69.240.195 - - [13/Jul/2025:02:18:38 -0500] "GET /images/about.php HTTP/1.1" 301 - "-" "-"
138.91.59.146 - - [13/Jul/2025:02:18:38 -0500] "GET /wp-includes/blocks/ HTTP/1.1" 200 22 "-" "-"
138.91.59.146 - - [13/Jul/2025:02:18:38 -0500] "GET /wp-includes/js/jquery/ HTTP/1.1" 301 - "-" "-"
13.69.240.195 - - [13/Jul/2025:02:18:38 -0500] "GET /images/about.php HTTP/1.1" 404 18400 "-" "-"
138.91.59.146 - - [13/Jul/2025:02:18:39 -0500] "GET /wp-includes/js/jquery/ HTTP/1.1" 404 19038 "-" "-"
13.69.240.195 - - [13/Jul/2025:02:18:39 -0500] "GET /wp-admin/ HTTP/1.1" 302 - "-" "-"
138.91.59.146 - - [13/Jul/2025:02:18:40 -0500] "GET /content.php HTTP/1.1" 301 - "-" "-"
138.91.59.146 - - [13/Jul/2025:02:18:41 -0500] "GET /content.php HTTP/1.1" 404 18400 "-" "-"
138.91.59.146 - - [13/Jul/2025:02:18:42 -0500] "GET /wp-content/about.php HTTP/1.1" 301 - "-" "-"
13.69.240.195 - - [13/Jul/2025:02:18:42 -0500] "GET /cloud.php HTTP/1.1" 301 - "-" "-"
138.91.59.146 - - [13/Jul/2025:02:18:42 -0500] "GET /wp-content/about.php HTTP/1.1" 404 18400 "-" "-"
13.69.240.195 - - [13/Jul/2025:02:18:43 -0500] "GET /cloud.php HTTP/1.1" 404 18400 "-" "-"
138.91.59.146 - - [13/Jul/2025:02:18:43 -0500] "GET /wp-admin/maint/ HTTP/1.1" 301 - "-" "-"
13.69.240.195 - - [13/Jul/2025:02:18:44 -0500] "GET /wp-admin/includes/about.php HTTP/1.1" 301 - "-" "-"
138.91.59.146 - - [13/Jul/2025:02:18:44 -0500] "GET /wp-admin/maint/ HTTP/1.1" 404 19036 "-" "-"
13.69.240.195 - - [13/Jul/2025:02:18:44 -0500] "GET /wp-admin/includes/about.php HTTP/1.1" 404 18402 "-" "-"
138.91.59.146 - - [13/Jul/2025:02:18:45 -0500] "GET /repeater.php HTTP/1.1" 301 - "-" "-"
13.69.240.195 - - [13/Jul/2025:02:18:45 -0500] "GET /wp-includes/Text/about.php HTTP/1.1" 301 - "-" "-"
138.91.59.146 - - [13/Jul/2025:02:18:46 -0500] "GET /repeater.php HTTP/1.1" 404 18400 "-" "-"
13.69.240.195 - - [13/Jul/2025:02:18:46 -0500] "GET /wp-includes/Text/about.php HTTP/1.1" 404 18402 "-" "-"
138.91.59.146 - - [13/Jul/2025:02:18:47 -0500] "GET /wp-includes/Requests/Text/admin.php HTTP/1.1" 301 - "-" "-"
13.69.240.195 - - [13/Jul/2025:02:18:47 -0500] "GET /wp-includes/js/mediaelement/ HTTP/1.1" 301 - "-" "-"
138.91.59.146 - - [13/Jul/2025:02:18:47 -0500] "GET /wp-includes/Requests/Text/admin.php HTTP/1.1" 404 18402 "-" "-"
13.69.240.195 - - [13/Jul/2025:02:18:47 -0500] "GET /wp-includes/js/mediaelement/ HTTP/1.1" 404 19038 "-" "-"
138.91.59.146 - - [13/Jul/2025:02:18:48 -0500] "GET /wp-includes/Text/Diff/Engine/ HTTP/1.1" 301 - "-" "-"
13.69.240.195 - - [13/Jul/2025:02:18:49 -0500] "GET /plugins/ HTTP/1.1" 301 - "-" "-"
138.91.59.146 - - [13/Jul/2025:02:18:49 -0500] "GET /wp-includes/Text/Diff/Engine/ HTTP/1.1" 404 19038 "-" "-"
13.69.240.195 - - [13/Jul/2025:02:18:49 -0500] "GET /plugins/ HTTP/1.1" 404 19036 "-" "-"
138.91.59.146 - - [13/Jul/2025:02:18:50 -0500] "GET /install.php HTTP/1.1" 301 - "-" "-"
13.69.240.195 - - [13/Jul/2025:02:18:50 -0500] "GET /wp-includes/js/dist/ HTTP/1.1" 301 - "-" "-"
138.91.59.146 - - [13/Jul/2025:02:18:51 -0500] "GET /install.php HTTP/1.1" 404 18400 "-" "-"
13.69.240.195 - - [13/Jul/2025:02:18:51 -0500] "GET /wp-includes/js/dist/ HTTP/1.1" 404 19038 "-" "-"
138.91.59.146 - - [13/Jul/2025:02:18:52 -0500] "GET /wp-admin/images/index.php HTTP/1.1" 301 - "-" "-"
13.69.240.195 - - [13/Jul/2025:02:18:52 -0500] "GET /dropdown.php HTTP/1.1" 301 - "-" "-"
209.145.62.177 - - [13/Jul/2025:02:18:53 -0500] "POST /wp-cron.php?doing_wp_cron=1752391133.3758280277252197265625 HTTP/1.1" 200 - "-" "WordPress/6.8.1; https://www.corals.io"
13.69.240.195 - - [13/Jul/2025:02:18:52 -0500] "GET /dropdown.php HTTP/1.1" 404 18400 "-" "-"
138.91.59.146 - - [13/Jul/2025:02:18:52 -0500] "GET /wp-admin/images/ HTTP/1.1" 404 19036 "-" "-"
138.91.59.146 - - [13/Jul/2025:02:18:54 -0500] "GET /wp-includes/Requests/library/ HTTP/1.1" 301 - "-" "-"
13.69.240.195 - - [13/Jul/2025:02:18:54 -0500] "GET /wp-includes/js/dist/vendor/ HTTP/1.1" 301 - "-" "-"
13.69.240.195 - - [13/Jul/2025:02:18:55 -0500] "GET /wp-includes/js/dist/vendor/ HTTP/1.1" 404 19038 "-" "-"
138.91.59.146 - - [13/Jul/2025:02:18:55 -0500] "GET /wp-includes/Requests/library/ HTTP/1.1" 404 19038 "-" "-"
13.69.240.195 - - [13/Jul/2025:02:18:56 -0500] "GET /wp-blog-header.php HTTP/1.1" 404 - "-" "-"
138.91.59.146 - - [13/Jul/2025:02:18:56 -0500] "GET /.well-known/acme-challenge/cloud.php HTTP/1.1" 301 - "-" "-"
13.69.240.195 - - [13/Jul/2025:02:18:56 -0500] "GET /admin.php HTTP/1.1" 301 - "-" "-"
138.91.59.146 - - [13/Jul/2025:02:18:56 -0500] "GET /.well-known/acme-challenge/cloud.php HTTP/1.1" 404 18402 "-" "-"
13.69.240.195 - - [13/Jul/2025:02:18:57 -0500] "GET /admin.php HTTP/1.1" 404 18400 "-" "-"
138.91.59.146 - - [13/Jul/2025:02:18:57 -0500] "GET /wp-includes/js/plupload/ HTTP/1.1" 301 - "-" "-"
13.69.240.195 - - [13/Jul/2025:02:18:58 -0500] "GET /wp-content/repeater.php HTTP/1.1" 301 - "-" "-"
138.91.59.146 - - [13/Jul/2025:02:18:58 -0500] "GET /wp-includes/js/plupload/ HTTP/1.1" 404 19038 "-" "-"
13.69.240.195 - - [13/Jul/2025:02:18:59 -0500] "GET /wp-content/repeater.php HTTP/1.1" 404 18400 "-" "-"
138.91.59.146 - - [13/Jul/2025:02:18:59 -0500] "GET /wp-includes/rest-api/ HTTP/1.1" 301 - "-" "-"
13.69.240.195 - - [13/Jul/2025:02:19:00 -0500] "GET /wp-includes.bak/html-api/about.php HTTP/1.1" 301 - "-" "-"
138.91.59.146 - - [13/Jul/2025:02:19:00 -0500] "GET /wp-includes/rest-api/ HTTP/1.1" 404 19036 "-" "-"
13.69.240.195 - - [13/Jul/2025:02:19:01 -0500] "GET /wp-includes.bak/html-api/about.php HTTP/1.1" 404 18402 "-" "-"
138.91.59.146 - - [13/Jul/2025:02:19:02 -0500] "GET /libraries/legacy/updates.php HTTP/1.1" 301 - "-" "-"
13.69.240.195 - - [13/Jul/2025:02:19:03 -0500] "GET /wp-includes/Text/ HTTP/1.1" 301 - "-" "-"
138.91.59.146 - - [13/Jul/2025:02:19:03 -0500] "GET /libraries/legacy/updates.php HTTP/1.1" 404 18402 "-" "-"
138.91.59.146 - - [13/Jul/2025:02:19:05 -0500] "GET /wp-content/plugins/seoo/wsoyanz1.php HTTP/1.1" 301 - "-" "-"
13.69.240.195 - - [13/Jul/2025:02:19:04 -0500] "GET /wp-includes/Text/ HTTP/1.1" 404 19036 "-" "-"
13.69.240.195 - - [13/Jul/2025:02:19:06 -0500] "GET /wp.php HTTP/1.1" 301 - "-" "-"
138.91.59.146 - - [13/Jul/2025:02:19:06 -0500] "GET /wp-content/plugins/seoo/wsoyanz1.php HTTP/1.1" 404 18402 "-" "-"
13.69.240.195 - - [13/Jul/2025:02:19:07 -0500] "GET /wp.php HTTP/1.1" 404 18400 "-" "-"
138.91.59.146 - - [13/Jul/2025:02:19:08 -0500] "GET /wp-conflg.php HTTP/1.1" 301 - "-" "-"
13.69.240.195 - - [13/Jul/2025:02:19:09 -0500] "GET /.well-known/pki-validation/xmrlpc.php?p= HTTP/1.1" 404 36 "-" "-"
13.69.240.195 - - [13/Jul/2025:02:19:09 -0500] "GET /as.php HTTP/1.1" 301 - "-" "-"
138.91.59.146 - - [13/Jul/2025:02:19:09 -0500] "GET /wp-conflg.php HTTP/1.1" 404 18400 "-" "-"
138.91.59.146 - - [13/Jul/2025:02:19:10 -0500] "GET /wp-admin/user/xmrlpc.php?p= HTTP/1.1" 301 - "-" "-"
13.69.240.195 - - [13/Jul/2025:02:19:10 -0500] "GET /as.php HTTP/1.1" 404 18400 "-" "-"
138.91.59.146 - - [13/Jul/2025:02:19:11 -0500] "GET /wp-admin/user/xmrlpc.php HTTP/1.1" 404 18402 "-" "-"
13.69.240.195 - - [13/Jul/2025:02:19:12 -0500] "GET /themes.php HTTP/1.1" 301 - "-" "-"
138.91.59.146 - - [13/Jul/2025:02:19:12 -0500] "GET /cgi-bin/cloud.php HTTP/1.1" 301 - "-" "-"
13.69.240.195 - - [13/Jul/2025:02:19:13 -0500] "GET /themes.php HTTP/1.1" 404 18400 "-" "-"
138.91.59.146 - - [13/Jul/2025:02:19:13 -0500] "GET /cgi-bin/cloud.php HTTP/1.1" 404 18400 "-" "-"
138.91.59.146 - - [13/Jul/2025:02:19:15 -0500] "GET /.well-known/pki-validation/about.php HTTP/1.1" 404 36 "-" "-"
13.69.240.195 - - [13/Jul/2025:02:19:15 -0500] "GET /wp-content/themes/about.php HTTP/1.1" 301 - "-" "-"
138.91.59.146 - - [13/Jul/2025:02:19:16 -0500] "GET /wp-includes/images/ HTTP/1.1" 301 - "-" "-"
13.69.240.195 - - [13/Jul/2025:02:19:16 -0500] "GET /wp-content/themes/about.php HTTP/1.1" 404 18402 "-" "-"
13.69.240.195 - - [13/Jul/2025:02:19:17 -0500] "GET /wp-includes/rest-api/fields/ HTTP/1.1" 301 - "-" "-"
138.91.59.146 - - [13/Jul/2025:02:19:16 -0500] "GET /wp-includes/images/ HTTP/1.1" 404 19036 "-" "-"
138.91.59.146 - - [13/Jul/2025:02:19:18 -0500] "GET /.well-known/about.php HTTP/1.1" 301 - "-" "-"
13.69.240.195 - - [13/Jul/2025:02:19:18 -0500] "GET /wp-includes/rest-api/fields/ HTTP/1.1" 404 19038 "-" "-"
13.69.240.195 - - [13/Jul/2025:02:19:20 -0500] "GET /wp-includes/js/codemirror/ HTTP/1.1" 301 - "-" "-"
138.91.59.146 - - [13/Jul/2025:02:19:19 -0500] "GET /.well-known/about.php HTTP/1.1" 404 18400 "-" "-"
138.91.59.146 - - [13/Jul/2025:02:19:21 -0500] "GET /radio.php HTTP/1.1" 301 - "-" "-"
13.69.240.195 - - [13/Jul/2025:02:19:21 -0500] "GET /wp-includes/js/codemirror/ HTTP/1.1" 404 19038 "-" "-"
138.91.59.146 - - [13/Jul/2025:02:19:22 -0500] "GET /radio.php HTTP/1.1" 404 18400 "-" "-"
13.69.240.195 - - [13/Jul/2025:02:19:23 -0500] "GET /wp-admin/meta/ HTTP/1.1" 301 - "-" "-"
138.91.59.146 - - [13/Jul/2025:02:19:24 -0500] "GET /wp-content/plugins/seoplugins/mar.php HTTP/1.1" 301 - "-" "-"
13.69.240.195 - - [13/Jul/2025:02:19:24 -0500] "GET /wp-admin/meta/ HTTP/1.1" 404 19036 "-" "-"
13.69.240.195 - - [13/Jul/2025:02:19:25 -0500] "GET /.well-knownold/ HTTP/1.1" 301 - "-" "-"
138.91.59.146 - - [13/Jul/2025:02:19:25 -0500] "GET /wp-content/plugins/seoplugins/mar.php HTTP/1.1" 404 18402 "-" "-"
138.91.59.146 - - [13/Jul/2025:02:19:26 -0500] "GET /ae.php HTTP/1.1" 301 - "-" "-"
13.69.240.195 - - [13/Jul/2025:02:19:26 -0500] "GET /.well-knownold/ HTTP/1.1" 404 19036 "-" "-"
138.91.59.146 - - [13/Jul/2025:02:19:27 -0500] "GET /ae.php HTTP/1.1" 404 18400 "-" "-"
13.69.240.195 - - [13/Jul/2025:02:19:28 -0500] "GET /about.php7 HTTP/1.1" 301 - "-" "-"
138.91.59.146 - - [13/Jul/2025:02:19:29 -0500] "GET /usersfiles/ HTTP/1.1" 301 - "-" "-"
13.69.240.195 - - [13/Jul/2025:02:19:29 -0500] "GET /about.php7 HTTP/1.1" 404 19036 "-" "-"
13.69.240.195 - - [13/Jul/2025:02:19:31 -0500] "GET /wp-admin/dropdown.php HTTP/1.1" 301 - "-" "-"
138.91.59.146 - - [13/Jul/2025:02:19:30 -0500] "GET /usersfiles/ HTTP/1.1" 404 19036 "-" "-"
138.91.59.146 - - [13/Jul/2025:02:19:32 -0500] "GET /avaa.php HTTP/1.1" 301 - "-" "-"
13.69.240.195 - - [13/Jul/2025:02:19:32 -0500] "GET /wp-admin/dropdown.php HTTP/1.1" 404 18400 "-" "-"
138.91.59.146 - - [13/Jul/2025:02:19:33 -0500] "GET /avaa.php HTTP/1.1" 404 18400 "-" "-"
13.69.240.195 - - [13/Jul/2025:02:19:33 -0500] "GET /css/cloud.php HTTP/1.1" 301 - "-" "-"
138.91.59.146 - - [13/Jul/2025:02:19:34 -0500] "GET /edit.php HTTP/1.1" 301 - "-" "-"
13.69.240.195 - - [13/Jul/2025:02:19:34 -0500] "GET /css/cloud.php HTTP/1.1" 404 18400 "-" "-"
13.69.240.195 - - [13/Jul/2025:02:19:36 -0500] "GET /wp-admin/js/widgets/xmrlpc.php?p= HTTP/1.1" 301 - "-" "-"
138.91.59.146 - - [13/Jul/2025:02:19:35 -0500] "GET /edit.php HTTP/1.1" 404 18400 "-" "-"
13.69.240.195 - - [13/Jul/2025:02:19:37 -0500] "GET /wp-admin/js/widgets/xmrlpc.php HTTP/1.1" 404 18402 "-" "-"
138.91.59.146 - - [13/Jul/2025:02:19:37 -0500] "GET /simple.php HTTP/1.1" 301 - "-" "-"
13.69.240.195 - - [13/Jul/2025:02:19:38 -0500] "GET /wp-content/upgrade-temp-backup/about.php HTTP/1.1" 301 - "-" "-"
138.91.59.146 - - [13/Jul/2025:02:19:38 -0500] "GET /simple.php HTTP/1.1" 404 18400 "-" "-"
13.69.240.195 - - [13/Jul/2025:02:19:39 -0500] "GET /wp-content/upgrade-temp-backup/about.php HTTP/1.1" 404 18402 "-" "-"
138.91.59.146 - - [13/Jul/2025:02:19:40 -0500] "GET /wp-includes/about.php HTTP/1.1" 301 - "-" "-"
13.69.240.195 - - [13/Jul/2025:02:19:41 -0500] "GET /.well-known/ HTTP/1.1" 301 - "-" "-"
138.91.59.146 - - [13/Jul/2025:02:19:41 -0500] "GET /wp-includes/about.php HTTP/1.1" 404 18400 "-" "-"
13.69.240.195 - - [13/Jul/2025:02:19:42 -0500] "GET /.well-known/ HTTP/1.1" 404 19036 "-" "-"
138.91.59.146 - - [13/Jul/2025:02:19:43 -0500] "GET /wp-includes/SimplePie/about.php HTTP/1.1" 301 - "-" "-"
13.69.240.195 - - [13/Jul/2025:02:19:43 -0500] "GET /about/function.php HTTP/1.1" 301 - "-" "-"
138.91.59.146 - - [13/Jul/2025:02:19:43 -0500] "GET /wp-includes/SimplePie/about.php HTTP/1.1" 404 18402 "-" "-"
13.69.240.195 - - [13/Jul/2025:02:19:44 -0500] "GET /about/function.php HTTP/1.1" 404 18400 "-" "-"
138.91.59.146 - - [13/Jul/2025:02:19:44 -0500] "GET /ajax-actions.php HTTP/1.1" 301 - "-" "-"
13.69.240.195 - - [13/Jul/2025:02:19:45 -0500] "GET /wp-admin/images/xmrlpc.php?p= HTTP/1.1" 301 - "-" "-"
138.91.59.146 - - [13/Jul/2025:02:19:45 -0500] "GET /ajax-actions.php HTTP/1.1" 404 18400 "-" "-"
13.69.240.195 - - [13/Jul/2025:02:19:46 -0500] "GET /wp-admin/images/xmrlpc.php HTTP/1.1" 404 18402 "-" "-"
138.91.59.146 - - [13/Jul/2025:02:19:46 -0500] "GET /wp-2019.php HTTP/1.1" 301 - "-" "-"
13.69.240.195 - - [13/Jul/2025:02:19:47 -0500] "GET /.well-known/acme-challenge/xmrlpc.php?p= HTTP/1.1" 301 - "-" "-"
138.91.59.146 - - [13/Jul/2025:02:19:47 -0500] "GET /wp-2019.php HTTP/1.1" 404 18400 "-" "-"
13.69.240.195 - - [13/Jul/2025:02:19:47 -0500] "GET /.well-known/acme-challenge/xmrlpc.php HTTP/1.1" 404 18402 "-" "-"
138.91.59.146 - - [13/Jul/2025:02:19:48 -0500] "GET /wp-content/plugins/pwnd/pwnd.php HTTP/1.1" 301 - "-" "-"
13.69.240.195 - - [13/Jul/2025:02:19:48 -0500] "GET /templates/beez3/ HTTP/1.1" 301 - "-" "-"
138.91.59.146 - - [13/Jul/2025:02:19:48 -0500] "GET /wp-content/plugins/pwnd/pwnd.php HTTP/1.1" 404 18402 "-" "-"
13.69.240.195 - - [13/Jul/2025:02:19:49 -0500] "GET /templates/beez3/ HTTP/1.1" 404 19036 "-" "-"
138.91.59.146 - - [13/Jul/2025:02:19:49 -0500] "GET /wp-includes/pomo/ HTTP/1.1" 301 - "-" "-"
13.69.240.195 - - [13/Jul/2025:02:19:50 -0500] "GET /wp-content/plugins/seoplugins/db.php?u HTTP/1.1" 301 - "-" "-"
138.91.59.146 - - [13/Jul/2025:02:19:50 -0500] "GET /wp-includes/pomo/ HTTP/1.1" 404 19036 "-" "-"
13.69.240.195 - - [13/Jul/2025:02:19:51 -0500] "GET /wp-content/plugins/seoplugins/db.php?u HTTP/1.1" 404 18402 "-" "-"
138.91.59.146 - - [13/Jul/2025:02:19:51 -0500] "GET /wp-p.php7 HTTP/1.1" 301 - "-" "-"
138.91.59.146 - - [13/Jul/2025:02:19:52 -0500] "GET /wp-p.php7 HTTP/1.1" 404 19036 "-" "-"
138.91.59.146 - - [13/Jul/2025:02:19:53 -0500] "GET /wp-includes/Requests/ HTTP/1.1" 301 - "-" "-"
138.91.59.146 - - [13/Jul/2025:02:19:54 -0500] "GET /wp-includes/Requests/ HTTP/1.1" 404 19036 "-" "-"
138.91.59.146 - - [13/Jul/2025:02:19:55 -0500] "GET /chosen.php HTTP/1.1" 301 - "-" "-"
138.91.59.146 - - [13/Jul/2025:02:19:55 -0500] "GET /chosen.php HTTP/1.1" 404 18400 "-" "-"
138.91.59.146 - - [13/Jul/2025:02:19:56 -0500] "GET /fw.php HTTP/1.1" 301 - "-" "-"
138.91.59.146 - - [13/Jul/2025:02:19:57 -0500] "GET /fw.php HTTP/1.1" 404 18400 "-" "-"
138.91.59.146 - - [13/Jul/2025:02:19:58 -0500] "GET /wp-admin/user/cloud.php HTTP/1.1" 301 - "-" "-"
138.91.59.146 - - [13/Jul/2025:02:19:59 -0500] "GET /wp-admin/user/cloud.php HTTP/1.1" 404 18402 "-" "-"
138.91.59.146 - - [13/Jul/2025:02:20:00 -0500] "GET /ebs.php7 HTTP/1.1" 301 - "-" "-"
138.91.59.146 - - [13/Jul/2025:02:20:00 -0500] "GET /ebs.php7 HTTP/1.1" 404 19036 "-" "-"
138.91.59.146 - - [13/Jul/2025:02:20:01 -0500] "GET /wp-admin/css/colors/coffee/xmrlpc.php?p= HTTP/1.1" 301 - "-" "-"
138.91.59.146 - - [13/Jul/2025:02:20:02 -0500] "GET /wp-admin/css/colors/coffee/xmrlpc.php HTTP/1.1" 404 18402 "-" "-"
138.91.59.146 - - [13/Jul/2025:02:20:03 -0500] "GET /wp-includes/theme-compat/theme-compat/ HTTP/1.1" 301 - "-" "-"
138.91.59.146 - - [13/Jul/2025:02:20:04 -0500] "GET /wp-includes/theme-compat/theme-compat/ HTTP/1.1" 404 19038 "-" "-"
138.91.59.146 - - [13/Jul/2025:02:20:05 -0500] "GET /wp-content/themes/seotheme/mar.php HTTP/1.1" 301 - "-" "-"
138.91.59.146 - - [13/Jul/2025:02:20:06 -0500] "GET /wp-content/themes/seotheme/mar.php HTTP/1.1" 404 18402 "-" "-"
138.91.59.146 - - [13/Jul/2025:02:20:07 -0500] "GET /wp-includes/js/jcrop/ HTTP/1.1" 301 - "-" "-"
138.91.59.146 - - [13/Jul/2025:02:20:07 -0500] "GET /wp-includes/js/jcrop/ HTTP/1.1" 404 19038 "-" "-"
138.91.59.146 - - [13/Jul/2025:02:20:08 -0500] "GET /wp-includes/js/tinymce/langs/ HTTP/1.1" 301 - "-" "-"
138.91.59.146 - - [13/Jul/2025:02:20:09 -0500] "GET /wp-includes/js/tinymce/langs/ HTTP/1.1" 404 19038 "-" "-"
209.145.62.177 - - [13/Jul/2025:02:20:11 -0500] "POST /wp-cron.php?doing_wp_cron=1752391211.1221001148223876953125 HTTP/1.1" 200 - "-" "WordPress/6.8.1; https://www.corals.io"
138.91.59.146 - - [13/Jul/2025:02:20:10 -0500] "GET /wp-includes/certificates/ HTTP/1.1" 301 - "-" "-"
138.91.59.146 - - [13/Jul/2025:02:20:11 -0500] "GET /wp-includes/certificates/ HTTP/1.1" 404 19036 "-" "-"
138.91.59.146 - - [13/Jul/2025:02:20:13 -0500] "GET /xmrlpc.php HTTP/1.1" 301 - "-" "-"
138.91.59.146 - - [13/Jul/2025:02:20:14 -0500] "GET /xmrlpc.php HTTP/1.1" 404 18400 "-" "-"
138.91.59.146 - - [13/Jul/2025:02:20:15 -0500] "GET /wp-content/plugins/Core-Econ/upH.php HTTP/1.1" 301 - "-" "-"
138.91.59.146 - - [13/Jul/2025:02:20:16 -0500] "GET /wp-content/plugins/Core-Econ/upH.php HTTP/1.1" 404 18402 "-" "-"
138.91.59.146 - - [13/Jul/2025:02:20:18 -0500] "GET /classsmtps.php HTTP/1.1" 301 - "-" "-"
138.91.59.146 - - [13/Jul/2025:02:20:19 -0500] "GET /classsmtps.php HTTP/1.1" 404 18400 "-" "-"
138.91.59.146 - - [13/Jul/2025:02:20:21 -0500] "GET /wp-content/plugins/init-help/init.php HTTP/1.1" 301 - "-" "-"
138.91.59.146 - - [13/Jul/2025:02:20:22 -0500] "GET /wp-content/plugins/init-help/init.php HTTP/1.1" 404 18402 "-" "-"
138.91.59.146 - - [13/Jul/2025:02:20:23 -0500] "GET /wp-admin/css/colors/blue/xmrlpc.php?p= HTTP/1.1" 301 - "-" "-"
138.91.59.146 - - [13/Jul/2025:02:20:24 -0500] "GET /wp-admin/css/colors/blue/xmrlpc.php HTTP/1.1" 404 18402 "-" "-"
138.91.59.146 - - [13/Jul/2025:02:20:26 -0500] "GET /wp-includes/js/thickbox/ HTTP/1.1" 301 - "-" "-"
138.91.59.146 - - [13/Jul/2025:02:20:27 -0500] "GET /wp-includes/js/thickbox/ HTTP/1.1" 404 19038 "-" "-"
138.91.59.146 - - [13/Jul/2025:02:20:28 -0500] "GET /xmrlpc.php?p= HTTP/1.1" 301 - "-" "-"
138.91.59.146 - - [13/Jul/2025:02:20:29 -0500] "GET /xmrlpc.php HTTP/1.1" 404 18400 "-" "-"
138.91.59.146 - - [13/Jul/2025:02:20:30 -0500] "GET /wp-admin/css/colors/index.php HTTP/1.1" 301 - "-" "-"
138.91.59.146 - - [13/Jul/2025:02:20:31 -0500] "GET /wp-admin/css/colors/ HTTP/1.1" 404 19038 "-" "-"
138.91.59.146 - - [13/Jul/2025:02:20:33 -0500] "GET /wp-includes/js/mediaelement/renderers/ HTTP/1.1" 301 - "-" "-"
138.91.59.146 - - [13/Jul/2025:02:20:33 -0500] "GET /wp-includes/js/mediaelement/renderers/ HTTP/1.1" 404 19038 "-" "-"
138.91.59.146 - - [13/Jul/2025:02:20:35 -0500] "GET /wp-includes/images/media/ HTTP/1.1" 301 - "-" "-"
138.91.59.146 - - [13/Jul/2025:02:20:36 -0500] "GET /wp-includes/images/media/ HTTP/1.1" 404 19038 "-" "-"
138.91.59.146 - - [13/Jul/2025:02:20:37 -0500] "GET /wp-admin/css/colors/xmrlpc.php?p= HTTP/1.1" 301 - "-" "-"
138.91.59.146 - - [13/Jul/2025:02:20:38 -0500] "GET /wp-admin/css/colors/xmrlpc.php HTTP/1.1" 404 18402 "-" "-"
138.91.59.146 - - [13/Jul/2025:02:20:39 -0500] "GET /wp-content/plugins/linkpreview/db.php?u HTTP/1.1" 301 - "-" "-"
138.91.59.146 - - [13/Jul/2025:02:20:40 -0500] "GET /wp-content/plugins/linkpreview/db.php?u HTTP/1.1" 404 18402 "-" "-"
138.91.59.146 - - [13/Jul/2025:02:20:42 -0500] "GET /alfanew.php HTTP/1.1" 301 - "-" "-"
138.91.59.146 - - [13/Jul/2025:02:20:43 -0500] "GET /alfanew.php HTTP/1.1" 404 18400 "-" "-"
138.91.59.146 - - [13/Jul/2025:02:20:44 -0500] "GET /wp-includes/Requests/src/ HTTP/1.1" 301 - "-" "-"
138.91.59.146 - - [13/Jul/2025:02:20:45 -0500] "GET /wp-includes/Requests/src/ HTTP/1.1" 404 19038 "-" "-"
138.91.59.146 - - [13/Jul/2025:02:20:47 -0500] "GET /.well-known/pki-validation/ HTTP/1.1" 404 - "-" "-"
138.91.59.146 - - [13/Jul/2025:02:20:47 -0500] "GET /updates.php HTTP/1.1" 301 - "-" "-"
138.91.59.146 - - [13/Jul/2025:02:20:47 -0500] "GET /updates.php HTTP/1.1" 404 18400 "-" "-"
138.91.59.146 - - [13/Jul/2025:02:20:49 -0500] "GET /modules/mod_simplefileuploadv1.3/elements/ HTTP/1.1" 301 - "-" "-"
138.91.59.146 - - [13/Jul/2025:02:20:50 -0500] "GET /modules/mod_simplefileuploadv1.3/elements/ HTTP/1.1" 404 19038 "-" "-"
138.91.59.146 - - [13/Jul/2025:02:20:51 -0500] "GET /hoot.php HTTP/1.1" 301 - "-" "-"
138.91.59.146 - - [13/Jul/2025:02:20:52 -0500] "GET /hoot.php HTTP/1.1" 404 18400 "-" "-"
138.91.59.146 - - [13/Jul/2025:02:20:53 -0500] "GET /wp-includes/pomo/about.php HTTP/1.1" 301 - "-" "-"
138.91.59.146 - - [13/Jul/2025:02:20:53 -0500] "GET /wp-includes/pomo/about.php HTTP/1.1" 404 18402 "-" "-"
138.91.59.146 - - [13/Jul/2025:02:20:54 -0500] "GET /mail.php HTTP/1.1" 301 - "-" "-"
138.91.59.146 - - [13/Jul/2025:02:20:55 -0500] "GET /mail.php HTTP/1.1" 404 18400 "-" "-"
138.91.59.146 - - [13/Jul/2025:02:20:56 -0500] "GET /about.php HTTP/1.1" 301 - "-" "-"
138.91.59.146 - - [13/Jul/2025:02:20:56 -0500] "GET /about.php HTTP/1.1" 404 18400 "-" "-"
138.91.59.146 - - [13/Jul/2025:02:20:57 -0500] "GET /xmlrpc.php HTTP/1.1" 405 60 "-" "-"
138.91.59.146 - - [13/Jul/2025:02:20:58 -0500] "GET /geju.php/wp-includes/images/about.php HTTP/1.1" 301 - "-" "-"
138.91.59.146 - - [13/Jul/2025:02:20:59 -0500] "GET /geju.php/wp-includes/images/about.php HTTP/1.1" 404 18402 "-" "-"
138.91.59.146 - - [13/Jul/2025:02:21:00 -0500] "GET /wp-admin/ajax-actions.php HTTP/1.1" 301 - "-" "-"
138.91.59.146 - - [13/Jul/2025:02:21:00 -0500] "GET /wp-admin/ajax-actions.php HTTP/1.1" 404 18400 "-" "-"
138.91.59.146 - - [13/Jul/2025:02:21:01 -0500] "GET /img/cloud.php HTTP/1.1" 301 - "-" "-"
138.91.59.146 - - [13/Jul/2025:02:21:02 -0500] "GET /img/cloud.php HTTP/1.1" 404 18400 "-" "-"
138.91.59.146 - - [13/Jul/2025:02:21:03 -0500] "GET /.well-known/acme-challenge/ HTTP/1.1" 301 - "-" "-"
138.91.59.146 - - [13/Jul/2025:02:21:04 -0500] "GET /.well-known/acme-challenge/ HTTP/1.1" 404 19036 "-" "-"
138.91.59.146 - - [13/Jul/2025:02:21:05 -0500] "GET /images/about.php HTTP/1.1" 301 - "-" "-"
138.91.59.146 - - [13/Jul/2025:02:21:06 -0500] "GET /images/about.php HTTP/1.1" 404 18400 "-" "-"
138.91.59.146 - - [13/Jul/2025:02:21:07 -0500] "GET /wp-admin/ HTTP/1.1" 302 - "-" "-"
138.91.59.146 - - [13/Jul/2025:02:21:09 -0500] "GET /cloud.php HTTP/1.1" 301 - "-" "-"
138.91.59.146 - - [13/Jul/2025:02:21:10 -0500] "GET /cloud.php HTTP/1.1" 404 18400 "-" "-"
138.91.59.146 - - [13/Jul/2025:02:21:11 -0500] "GET /wp-admin/includes/about.php HTTP/1.1" 301 - "-" "-"
138.91.59.146 - - [13/Jul/2025:02:21:12 -0500] "GET /wp-admin/includes/about.php HTTP/1.1" 404 18402 "-" "-"
138.91.59.146 - - [13/Jul/2025:02:21:13 -0500] "GET /wp-includes/Text/about.php HTTP/1.1" 301 - "-" "-"
138.91.59.146 - - [13/Jul/2025:02:21:13 -0500] "GET /wp-includes/Text/about.php HTTP/1.1" 404 18402 "-" "-"
138.91.59.146 - - [13/Jul/2025:02:21:15 -0500] "GET /wp-includes/js/mediaelement/ HTTP/1.1" 301 - "-" "-"
138.91.59.146 - - [13/Jul/2025:02:21:15 -0500] "GET /wp-includes/js/mediaelement/ HTTP/1.1" 404 19038 "-" "-"
138.91.59.146 - - [13/Jul/2025:02:21:16 -0500] "GET /plugins/ HTTP/1.1" 301 - "-" "-"
138.91.59.146 - - [13/Jul/2025:02:21:17 -0500] "GET /plugins/ HTTP/1.1" 404 19036 "-" "-"
138.91.59.146 - - [13/Jul/2025:02:21:18 -0500] "GET /wp-includes/js/dist/ HTTP/1.1" 301 - "-" "-"
138.91.59.146 - - [13/Jul/2025:02:21:18 -0500] "GET /wp-includes/js/dist/ HTTP/1.1" 404 19038 "-" "-"
138.91.59.146 - - [13/Jul/2025:02:21:20 -0500] "GET /dropdown.php HTTP/1.1" 301 - "-" "-"
138.91.59.146 - - [13/Jul/2025:02:21:20 -0500] "GET /dropdown.php HTTP/1.1" 404 18400 "-" "-"
138.91.59.146 - - [13/Jul/2025:02:21:21 -0500] "GET /wp-includes/js/dist/vendor/ HTTP/1.1" 301 - "-" "-"
138.91.59.146 - - [13/Jul/2025:02:21:22 -0500] "GET /wp-includes/js/dist/vendor/ HTTP/1.1" 404 19038 "-" "-"
138.91.59.146 - - [13/Jul/2025:02:21:23 -0500] "GET /wp-blog-header.php HTTP/1.1" 404 - "-" "-"
138.91.59.146 - - [13/Jul/2025:02:21:24 -0500] "GET /admin.php HTTP/1.1" 301 - "-" "-"
138.91.59.146 - - [13/Jul/2025:02:21:24 -0500] "GET /admin.php HTTP/1.1" 404 18400 "-" "-"
138.91.59.146 - - [13/Jul/2025:02:21:25 -0500] "GET /wp-content/repeater.php HTTP/1.1" 301 - "-" "-"
138.91.59.146 - - [13/Jul/2025:02:21:26 -0500] "GET /wp-content/repeater.php HTTP/1.1" 404 18400 "-" "-"
138.91.59.146 - - [13/Jul/2025:02:21:27 -0500] "GET /wp-includes.bak/html-api/about.php HTTP/1.1" 301 - "-" "-"
138.91.59.146 - - [13/Jul/2025:02:21:28 -0500] "GET /wp-includes.bak/html-api/about.php HTTP/1.1" 404 18402 "-" "-"
138.91.59.146 - - [13/Jul/2025:02:21:29 -0500] "GET /wp-includes/Text/ HTTP/1.1" 301 - "-" "-"
138.91.59.146 - - [13/Jul/2025:02:21:29 -0500] "GET /wp-includes/Text/ HTTP/1.1" 404 19036 "-" "-"
138.91.59.146 - - [13/Jul/2025:02:21:30 -0500] "GET /wp.php HTTP/1.1" 301 - "-" "-"
138.91.59.146 - - [13/Jul/2025:02:21:31 -0500] "GET /wp.php HTTP/1.1" 404 18400 "-" "-"
138.91.59.146 - - [13/Jul/2025:02:21:32 -0500] "GET /.well-known/pki-validation/xmrlpc.php?p= HTTP/1.1" 404 36 "-" "-"
138.91.59.146 - - [13/Jul/2025:02:21:32 -0500] "GET /as.php HTTP/1.1" 301 - "-" "-"
138.91.59.146 - - [13/Jul/2025:02:21:33 -0500] "GET /as.php HTTP/1.1" 404 18400 "-" "-"
138.91.59.146 - - [13/Jul/2025:02:21:35 -0500] "GET /themes.php HTTP/1.1" 301 - "-" "-"
138.91.59.146 - - [13/Jul/2025:02:21:36 -0500] "GET /themes.php HTTP/1.1" 404 18400 "-" "-"
138.91.59.146 - - [13/Jul/2025:02:21:37 -0500] "GET /wp-content/themes/about.php HTTP/1.1" 301 - "-" "-"
138.91.59.146 - - [13/Jul/2025:02:21:39 -0500] "GET /wp-content/themes/about.php HTTP/1.1" 404 18402 "-" "-"
138.91.59.146 - - [13/Jul/2025:02:21:40 -0500] "GET /wp-includes/rest-api/fields/ HTTP/1.1" 301 - "-" "-"
138.91.59.146 - - [13/Jul/2025:02:21:41 -0500] "GET /wp-includes/rest-api/fields/ HTTP/1.1" 404 19038 "-" "-"
138.91.59.146 - - [13/Jul/2025:02:21:42 -0500] "GET /wp-includes/js/codemirror/ HTTP/1.1" 301 - "-" "-"
138.91.59.146 - - [13/Jul/2025:02:21:43 -0500] "GET /wp-includes/js/codemirror/ HTTP/1.1" 404 19038 "-" "-"
138.91.59.146 - - [13/Jul/2025:02:21:45 -0500] "GET /wp-admin/meta/ HTTP/1.1" 301 - "-" "-"
138.91.59.146 - - [13/Jul/2025:02:21:46 -0500] "GET /wp-admin/meta/ HTTP/1.1" 404 19036 "-" "-"
138.91.59.146 - - [13/Jul/2025:02:21:47 -0500] "GET /.well-knownold/ HTTP/1.1" 301 - "-" "-"
138.91.59.146 - - [13/Jul/2025:02:21:48 -0500] "GET /.well-knownold/ HTTP/1.1" 404 19036 "-" "-"
138.91.59.146 - - [13/Jul/2025:02:21:49 -0500] "GET /about.php7 HTTP/1.1" 301 - "-" "-"
138.91.59.146 - - [13/Jul/2025:02:21:50 -0500] "GET /about.php7 HTTP/1.1" 404 19036 "-" "-"
138.91.59.146 - - [13/Jul/2025:02:21:52 -0500] "GET /wp-admin/dropdown.php HTTP/1.1" 301 - "-" "-"
138.91.59.146 - - [13/Jul/2025:02:21:53 -0500] "GET /wp-admin/dropdown.php HTTP/1.1" 404 18400 "-" "-"
138.91.59.146 - - [13/Jul/2025:02:21:55 -0500] "GET /css/cloud.php HTTP/1.1" 301 - "-" "-"
138.91.59.146 - - [13/Jul/2025:02:21:56 -0500] "GET /css/cloud.php HTTP/1.1" 404 18400 "-" "-"
138.91.59.146 - - [13/Jul/2025:02:21:57 -0500] "GET /wp-admin/js/widgets/xmrlpc.php?p= HTTP/1.1" 301 - "-" "-"
138.91.59.146 - - [13/Jul/2025:02:21:58 -0500] "GET /wp-admin/js/widgets/xmrlpc.php HTTP/1.1" 404 18402 "-" "-"
138.91.59.146 - - [13/Jul/2025:02:21:59 -0500] "GET /wp-content/upgrade-temp-backup/about.php HTTP/1.1" 301 - "-" "-"
138.91.59.146 - - [13/Jul/2025:02:22:00 -0500] "GET /wp-content/upgrade-temp-backup/about.php HTTP/1.1" 404 18402 "-" "-"
138.91.59.146 - - [13/Jul/2025:02:22:02 -0500] "GET /.well-known/ HTTP/1.1" 301 - "-" "-"
138.91.59.146 - - [13/Jul/2025:02:22:03 -0500] "GET /.well-known/ HTTP/1.1" 404 19036 "-" "-"
138.91.59.146 - - [13/Jul/2025:02:22:04 -0500] "GET /about/function.php HTTP/1.1" 301 - "-" "-"
138.91.59.146 - - [13/Jul/2025:02:22:06 -0500] "GET /about/function.php HTTP/1.1" 404 18400 "-" "-"
138.91.59.146 - - [13/Jul/2025:02:22:08 -0500] "GET /wp-admin/images/xmrlpc.php?p= HTTP/1.1" 301 - "-" "-"
138.91.59.146 - - [13/Jul/2025:02:22:09 -0500] "GET /wp-admin/images/xmrlpc.php HTTP/1.1" 404 18402 "-" "-"
138.91.59.146 - - [13/Jul/2025:02:22:10 -0500] "GET /.well-known/acme-challenge/xmrlpc.php?p= HTTP/1.1" 301 - "-" "-"
138.91.59.146 - - [13/Jul/2025:02:22:11 -0500] "GET /.well-known/acme-challenge/xmrlpc.php HTTP/1.1" 404 18402 "-" "-"
138.91.59.146 - - [13/Jul/2025:02:22:13 -0500] "GET /templates/beez3/ HTTP/1.1" 301 - "-" "-"
138.91.59.146 - - [13/Jul/2025:02:22:14 -0500] "GET /templates/beez3/ HTTP/1.1" 404 19036 "-" "-"
138.91.59.146 - - [13/Jul/2025:02:22:15 -0500] "GET /wp-content/plugins/seoplugins/db.php?u HTTP/1.1" 301 - "-" "-"
138.91.59.146 - - [13/Jul/2025:02:22:16 -0500] "GET /wp-content/plugins/seoplugins/db.php?u HTTP/1.1" 404 18402 "-" "-"
198.55.98.182 - - [13/Jul/2025:02:42:11 -0500] "GET /.git/config HTTP/1.1" 301 - "-" "Mozilla/5.0 (Windows NT 6.1; Win64; x64; rv:25.0) Gecko/20100101 Firefox/25.0"
