2a00:1d34:5805:4b00:98b6:a8d9:1180:aef2 - - [18/Jul/2025:13:35:32 -0500] "GET /wp-content/uploads/2020/10/%D8%B9%D8%A8%D8%AF-%D8%A7%D9%84%D9%82%D8%AF%D9%88%D8%B3-%D8%A7%D9%84%D9%87%D8%A7%D8%B4%D9%85%D9%8A.jpeg HTTP/1.1" 200 289325 "https://mets-rebuild.corals.io/author/abdelqudous/" "Mozilla/5.0 (iPhone; CPU iPhone OS 16_7_11 like Mac OS X) AppleWebKit/605.1.15 (KHTML, like Gecko) Version/16.6.1 Mobile/15E148 Safari/604.1"
2a00:1d34:5805:4b00:98b6:a8d9:1180:aef2 - - [18/Jul/2025:13:35:33 -0500] "GET /wp-content/plugins/elementor/assets/lib/share-link/share-link.min.js?ver=3.25.10 HTTP/1.1" 200 1169 "https://mets-rebuild.corals.io/author/abdelqudous/" "Mozilla/5.0 (iPhone; CPU iPhone OS 16_7_11 like Mac OS X) AppleWebKit/605.1.15 (KHTML, like Gecko) Version/16.6.1 Mobile/15E148 Safari/604.1"
2a00:1d34:5805:4b00:98b6:a8d9:1180:aef2 - - [18/Jul/2025:13:35:33 -0500] "GET /wp-content/uploads/2020/10/Influencers.jpeg HTTP/1.1" 200 169347 "https://mets-rebuild.corals.io/author/abdelqudous/" "Mozilla/5.0 (iPhone; CPU iPhone OS 16_7_11 like Mac OS X) AppleWebKit/605.1.15 (KHTML, like Gecko) Version/16.6.1 Mobile/15E148 Safari/604.1"
2a00:1d34:5805:4b00:98b6:a8d9:1180:aef2 - - [18/Jul/2025:13:35:34 -0500] "GET /wp-content/uploads/2019/10/cropped-cropped-Metras-Logo-03-32x32.png HTTP/1.1" 200 802 "https://mets-rebuild.corals.io/author/abdelqudous/" "Mozilla/5.0 (iPhone; CPU iPhone OS 16_7_11 like Mac OS X) AppleWebKit/605.1.15 (KHTML, like Gecko) Version/16.6.1 Mobile/15E148 Safari/604.1"
2a00:1d34:5805:4b00:98b6:a8d9:1180:aef2 - - [18/Jul/2025:13:35:34 -0500] "GET /wp-content/uploads/2019/10/cropped-cropped-Metras-Logo-03-192x192.png HTTP/1.1" 200 6838 "https://mets-rebuild.corals.io/author/abdelqudous/" "Mozilla/5.0 (iPhone; CPU iPhone OS 16_7_11 like Mac OS X) AppleWebKit/605.1.15 (KHTML, like Gecko) Version/16.6.1 Mobile/15E148 Safari/604.1"
2a00:1d34:5805:4b00:98b6:a8d9:1180:aef2 - - [18/Jul/2025:13:35:31 -0500] "GET /wp-json/wp/v2/users/me?context=edit&_locale=user HTTP/1.1" 401 189 "https://mets-rebuild.corals.io/author/abdelqudous/" "Mozilla/5.0 (iPhone; CPU iPhone OS 16_7_11 like Mac OS X) AppleWebKit/605.1.15 (KHTML, like Gecko) Version/16.6.1 Mobile/15E148 Safari/604.1"
2a00:1d34:5805:4b00:98b6:a8d9:1180:aef2 - - [18/Jul/2025:13:35:34 -0500] "POST /wp-admin/admin-ajax.php HTTP/1.1" 200 142 "https://mets-rebuild.corals.io/author/abdelqudous/" "Mozilla/5.0 (iPhone; CPU iPhone OS 16_7_11 like Mac OS X) AppleWebKit/605.1.15 (KHTML, like Gecko) Version/16.6.1 Mobile/15E148 Safari/604.1"
209.145.62.177 - - [18/Jul/2025:13:35:48 -0500] "POST /wp-admin/admin-ajax.php?action=as_async_request_queue_runner&nonce=afdfa0c588 HTTP/1.1" 200 - "-" "WordPress/6.7.1; https://mets-rebuild.corals.io"
44.196.118.6 - - [18/Jul/2025:13:43:37 -0500] "GET /2018/05/31/ HTTP/1.1" 200 50853 "-" "Mozilla/5.0 AppleWebKit/537.36 (KHTML, like Gecko; compatible; Amazonbot/0.1; +https://developer.amazon.com/support/amazonbot) Chrome/119.0.6045.214 Safari/537.36"
184.73.167.217 - - [18/Jul/2025:13:49:16 -0500] "GET /2022/08/29/ HTTP/1.1" 200 51187 "-" "Mozilla/5.0 AppleWebKit/537.36 (KHTML, like Gecko; compatible; Amazonbot/0.1; +https://developer.amazon.com/support/amazonbot) Chrome/119.0.6045.214 Safari/537.36"
66.249.79.71 - - [18/Jul/2025:13:53:11 -0500] "GET /robots.txt HTTP/1.1" 200 126 "-" "Mozilla/5.0 (compatible; Googlebot/2.1; +http://www.google.com/bot.html)"
66.249.79.69 - - [18/Jul/2025:13:53:18 -0500] "GET /%D8%B9%D9%86-%D8%A7%D9%84%D9%87%D9%86%D8%A7-%D8%A7%D9%84%D8%B0%D9%8A-%D9%8A%D9%86%D8%AA%D8%B8%D8%B1%D9%83-%D8%A8%D8%B9%D8%AF-%D9%86%D8%AA%D8%A7%D8%A6%D8%AC-%D8%A7%D9%84%D8%AA%D9%88%D8%AC%D9%8A/ HTTP/1.1" 200 61534 "-" "Mozilla/5.0 (Linux; Android 6.0.1; Nexus 5X Build/MMB29P) AppleWebKit/537.36 (KHTML, like Gecko) Chrome/137.0.7151.103 Mobile Safari/537.36 (compatible; Googlebot/2.1; +http://www.google.com/bot.html)"
66.249.79.69 - - [18/Jul/2025:13:53:26 -0500] "GET /wp-content/cache/minify/d4444.js HTTP/1.1" 200 4297 "https://mets-rebuild.corals.io/%D8%B9%D9%86-%D8%A7%D9%84%D9%87%D9%86%D8%A7-%D8%A7%D9%84%D8%B0%D9%8A-%D9%8A%D9%86%D8%AA%D8%B8%D8%B1%D9%83-%D8%A8%D8%B9%D8%AF-%D9%86%D8%AA%D8%A7%D8%A6%D8%AC-%D8%A7%D9%84%D8%AA%D9%88%D8%AC%D9%8A/" "Mozilla/5.0 (Linux; Android 6.0.1; Nexus 5X Build/MMB29P) AppleWebKit/537.36 (KHTML, like Gecko) Chrome/137.0.7151.119 Mobile Safari/537.36 (compatible; Googlebot/2.1; +http://www.google.com/bot.html)"
66.249.79.69 - - [18/Jul/2025:13:53:31 -0500] "POST /wp-admin/admin-ajax.php HTTP/1.1" 200 142 "https://mets-rebuild.corals.io/%D8%B9%D9%86-%D8%A7%D9%84%D9%87%D9%86%D8%A7-%D8%A7%D9%84%D8%B0%D9%8A-%D9%8A%D9%86%D8%AA%D8%B8%D8%B1%D9%83-%D8%A8%D8%B9%D8%AF-%D9%86%D8%AA%D8%A7%D8%A6%D8%AC-%D8%A7%D9%84%D8%AA%D9%88%D8%AC%D9%8A/" "Mozilla/5.0 (Linux; Android 6.0.1; Nexus 5X Build/MMB29P) AppleWebKit/537.36 (KHTML, like Gecko) Chrome/137.0.7151.119 Mobile Safari/537.36 (compatible; Googlebot/2.1; +http://www.google.com/bot.html)"
209.145.62.177 - - [18/Jul/2025:13:53:36 -0500] "POST /wp-admin/admin-ajax.php?action=as_async_request_queue_runner&nonce=afdfa0c588 HTTP/1.1" 200 - "-" "WordPress/6.7.1; https://mets-rebuild.corals.io"
44.213.36.21 - - [18/Jul/2025:14:01:44 -0500] "GET /2023/07/10/ HTTP/1.1" 200 50837 "-" "Mozilla/5.0 AppleWebKit/537.36 (KHTML, like Gecko; compatible; Amazonbot/0.1; +https://developer.amazon.com/support/amazonbot) Chrome/119.0.6045.214 Safari/537.36"
52.0.41.164 - - [18/Jul/2025:14:04:24 -0500] "GET /2021/03/02/ HTTP/1.1" 200 51066 "-" "Mozilla/5.0 AppleWebKit/537.36 (KHTML, like Gecko; compatible; Amazonbot/0.1; +https://developer.amazon.com/support/amazonbot) Chrome/119.0.6045.214 Safari/537.36"
52.255.111.4 - - [18/Jul/2025:14:07:25 -0500] "GET / HTTP/1.1" 200 64960 "-" "Mozilla/5.0 AppleWebKit/537.36 (KHTML, like Gecko); compatible; ChatGPT-User/1.0; +https://openai.com/bot"
98.80.130.239 - - [18/Jul/2025:14:09:04 -0500] "GET /author/reem-rasheed/ HTTP/1.1" 200 56249 "-" "Mozilla/5.0 AppleWebKit/537.36 (KHTML, like Gecko; compatible; Amazonbot/0.1; +https://developer.amazon.com/support/amazonbot) Chrome/119.0.6045.214 Safari/537.36"
66.249.79.70 - - [18/Jul/2025:14:13:02 -0500] "GET /35-%D9%83%D8%AA%D8%A7%D8%A8%D8%A7%D9%8B-%D8%AA%D8%B1%D8%B4%D9%8A%D8%AD%D8%A7%D8%AA-%D9%85%D8%AA%D8%B1%D8%A7%D8%B3-%D9%84%D9%84%D9%82%D8%B1%D8%A7%D8%A1%D8%A9/ HTTP/1.1" 200 63937 "-" "Mozilla/5.0 (Linux; Android 6.0.1; Nexus 5X Build/MMB29P) AppleWebKit/537.36 (KHTML, like Gecko) Chrome/137.0.7151.103 Mobile Safari/537.36 (compatible; Googlebot/2.1; +http://www.google.com/bot.html)"
66.249.79.69 - - [18/Jul/2025:14:13:26 -0500] "POST /wp-admin/admin-ajax.php HTTP/1.1" 200 142 "https://mets-rebuild.corals.io/35-%D9%83%D8%AA%D8%A7%D8%A8%D8%A7%D9%8B-%D8%AA%D8%B1%D8%B4%D9%8A%D8%AD%D8%A7%D8%AA-%D9%85%D8%AA%D8%B1%D8%A7%D8%B3-%D9%84%D9%84%D9%82%D8%B1%D8%A7%D8%A1%D8%A9/" "Mozilla/5.0 (Linux; Android 6.0.1; Nexus 5X Build/MMB29P) AppleWebKit/537.36 (KHTML, like Gecko) Chrome/137.0.7151.119 Mobile Safari/537.36 (compatible; Googlebot/2.1; +http://www.google.com/bot.html)"
209.145.62.177 - - [18/Jul/2025:14:13:38 -0500] "POST /wp-admin/admin-ajax.php?action=as_async_request_queue_runner&nonce=afdfa0c588 HTTP/1.1" 200 - "-" "WordPress/6.7.1; https://mets-rebuild.corals.io"
188.239.8.128 - - [18/Jul/2025:14:13:45 -0500] "GET /category/%d9%85%d9%88%d8%ac%d8%b2-%d8%a7%d9%84%d8%b7%d9%88%d9%81%d8%a7%d9%86/page/4 HTTP/1.1" 301 20 "-" "Mozilla/5.0 (Windows NT 10.0; WOW64; rv:70.0) Gecko/20100101 Firefox/70.0"
188.239.8.128 - - [18/Jul/2025:14:13:52 -0500] "GET /category/%d9%85%d9%88%d8%ac%d8%b2-%d8%a7%d9%84%d8%b7%d9%88%d9%81%d8%a7%d9%86/page/4/ HTTP/1.1" 200 56502 "-" "Mozilla/5.0 (Windows NT 10.0; WOW64; rv:70.0) Gecko/20100101 Firefox/70.0"
188.239.8.128 - - [18/Jul/2025:14:14:06 -0500] "GET /wp-content/cache/minify/18387.css HTTP/1.1" 200 9205 "https://mets-rebuild.corals.io/category/%d9%85%d9%88%d8%ac%d8%b2-%d8%a7%d9%84%d8%b7%d9%88%d9%81%d8%a7%d9%86/page/4/" "Mozilla/5.0 (Windows NT 10.0; WOW64; rv:70.0) Gecko/20100101 Firefox/70.0"
188.239.8.128 - - [18/Jul/2025:14:14:06 -0500] "GET /wp-content/cache/minify/0ffbe.css HTTP/1.1" 200 853 "https://mets-rebuild.corals.io/category/%d9%85%d9%88%d8%ac%d8%b2-%d8%a7%d9%84%d8%b7%d9%88%d9%81%d8%a7%d9%86/page/4/" "Mozilla/5.0 (Windows NT 10.0; WOW64; rv:70.0) Gecko/20100101 Firefox/70.0"
188.239.8.128 - - [18/Jul/2025:14:14:06 -0500] "GET /wp-content/cache/minify/347dd.css HTTP/1.1" 200 4250 "https://mets-rebuild.corals.io/category/%d9%85%d9%88%d8%ac%d8%b2-%d8%a7%d9%84%d8%b7%d9%88%d9%81%d8%a7%d9%86/page/4/" "Mozilla/5.0 (Windows NT 10.0; WOW64; rv:70.0) Gecko/20100101 Firefox/70.0"
188.239.8.128 - - [18/Jul/2025:14:14:06 -0500] "GET /wp-content/cache/minify/07030.css HTTP/1.1" 200 13569 "https://mets-rebuild.corals.io/category/%d9%85%d9%88%d8%ac%d8%b2-%d8%a7%d9%84%d8%b7%d9%88%d9%81%d8%a7%d9%86/page/4/" "Mozilla/5.0 (Windows NT 10.0; WOW64; rv:70.0) Gecko/20100101 Firefox/70.0"
188.239.8.128 - - [18/Jul/2025:14:14:06 -0500] "GET /wp-content/cache/minify/8efe2.css HTTP/1.1" 200 14923 "https://mets-rebuild.corals.io/category/%d9%85%d9%88%d8%ac%d8%b2-%d8%a7%d9%84%d8%b7%d9%88%d9%81%d8%a7%d9%86/page/4/" "Mozilla/5.0 (Windows NT 10.0; WOW64; rv:70.0) Gecko/20100101 Firefox/70.0"
188.239.8.128 - - [18/Jul/2025:14:14:06 -0500] "GET /wp-content/cache/minify/d5ca8.css HTTP/1.1" 200 3414 "https://mets-rebuild.corals.io/category/%d9%85%d9%88%d8%ac%d8%b2-%d8%a7%d9%84%d8%b7%d9%88%d9%81%d8%a7%d9%86/page/4/" "Mozilla/5.0 (Windows NT 10.0; WOW64; rv:70.0) Gecko/20100101 Firefox/70.0"
188.239.8.128 - - [18/Jul/2025:14:14:06 -0500] "GET /wp-content/cache/minify/f826b.css HTTP/1.1" 200 80502 "https://mets-rebuild.corals.io/category/%d9%85%d9%88%d8%ac%d8%b2-%d8%a7%d9%84%d8%b7%d9%88%d9%81%d8%a7%d9%86/page/4/" "Mozilla/5.0 (Windows NT 10.0; WOW64; rv:70.0) Gecko/20100101 Firefox/70.0"
188.239.8.128 - - [18/Jul/2025:14:14:06 -0500] "GET /wp-content/cache/minify/7a7e4.css HTTP/1.1" 200 31134 "https://mets-rebuild.corals.io/category/%d9%85%d9%88%d8%ac%d8%b2-%d8%a7%d9%84%d8%b7%d9%88%d9%81%d8%a7%d9%86/page/4/" "Mozilla/5.0 (Windows NT 10.0; WOW64; rv:70.0) Gecko/20100101 Firefox/70.0"
188.239.8.128 - - [18/Jul/2025:14:14:06 -0500] "GET /wp-content/cache/minify/d4444.js HTTP/1.1" 200 4297 "https://mets-rebuild.corals.io/category/%d9%85%d9%88%d8%ac%d8%b2-%d8%a7%d9%84%d8%b7%d9%88%d9%81%d8%a7%d9%86/page/4/" "Mozilla/5.0 (Windows NT 10.0; WOW64; rv:70.0) Gecko/20100101 Firefox/70.0"
188.239.8.128 - - [18/Jul/2025:14:14:06 -0500] "GET /wp-content/cache/minify/0850e.css HTTP/1.1" 200 44759 "https://mets-rebuild.corals.io/category/%d9%85%d9%88%d8%ac%d8%b2-%d8%a7%d9%84%d8%b7%d9%88%d9%81%d8%a7%d9%86/page/4/" "Mozilla/5.0 (Windows NT 10.0; WOW64; rv:70.0) Gecko/20100101 Firefox/70.0"
188.239.8.128 - - [18/Jul/2025:14:14:06 -0500] "GET /wp-content/cache/minify/e6031.js HTTP/1.1" 200 38981 "https://mets-rebuild.corals.io/category/%d9%85%d9%88%d8%ac%d8%b2-%d8%a7%d9%84%d8%b7%d9%88%d9%81%d8%a7%d9%86/page/4/" "Mozilla/5.0 (Windows NT 10.0; WOW64; rv:70.0) Gecko/20100101 Firefox/70.0"
188.239.8.128 - - [18/Jul/2025:14:14:06 -0500] "GET /wp-content/cache/minify/00a88.css HTTP/1.1" 200 56597 "https://mets-rebuild.corals.io/category/%d9%85%d9%88%d8%ac%d8%b2-%d8%a7%d9%84%d8%b7%d9%88%d9%81%d8%a7%d9%86/page/4/" "Mozilla/5.0 (Windows NT 10.0; WOW64; rv:70.0) Gecko/20100101 Firefox/70.0"
188.239.8.128 - - [18/Jul/2025:14:14:06 -0500] "GET /wp-content/cache/minify/a3253.js HTTP/1.1" 200 34064 "https://mets-rebuild.corals.io/category/%d9%85%d9%88%d8%ac%d8%b2-%d8%a7%d9%84%d8%b7%d9%88%d9%81%d8%a7%d9%86/page/4/" "Mozilla/5.0 (Windows NT 10.0; WOW64; rv:70.0) Gecko/20100101 Firefox/70.0"
188.239.8.128 - - [18/Jul/2025:14:14:06 -0500] "GET /wp-content/cache/minify/1c786.js HTTP/1.1" 200 47559 "https://mets-rebuild.corals.io/category/%d9%85%d9%88%d8%ac%d8%b2-%d8%a7%d9%84%d8%b7%d9%88%d9%81%d8%a7%d9%86/page/4/" "Mozilla/5.0 (Windows NT 10.0; WOW64; rv:70.0) Gecko/20100101 Firefox/70.0"
188.239.8.128 - - [18/Jul/2025:14:14:06 -0500] "GET /wp-content/cache/minify/4b90f.js HTTP/1.1" 200 988 "https://mets-rebuild.corals.io/category/%d9%85%d9%88%d8%ac%d8%b2-%d8%a7%d9%84%d8%b7%d9%88%d9%81%d8%a7%d9%86/page/4/" "Mozilla/5.0 (Windows NT 10.0; WOW64; rv:70.0) Gecko/20100101 Firefox/70.0"
188.239.8.128 - - [18/Jul/2025:14:14:06 -0500] "GET /wp-content/cache/minify/3ab98.css HTTP/1.1" 200 10545 "https://mets-rebuild.corals.io/category/%d9%85%d9%88%d8%ac%d8%b2-%d8%a7%d9%84%d8%b7%d9%88%d9%81%d8%a7%d9%86/page/4/" "Mozilla/5.0 (Windows NT 10.0; WOW64; rv:70.0) Gecko/20100101 Firefox/70.0"
188.239.8.128 - - [18/Jul/2025:14:14:06 -0500] "GET /wp-content/cache/minify/e0c84.js HTTP/1.1" 200 1932 "https://mets-rebuild.corals.io/category/%d9%85%d9%88%d8%ac%d8%b2-%d8%a7%d9%84%d8%b7%d9%88%d9%81%d8%a7%d9%86/page/4/" "Mozilla/5.0 (Windows NT 10.0; WOW64; rv:70.0) Gecko/20100101 Firefox/70.0"
188.239.8.128 - - [18/Jul/2025:14:14:06 -0500] "GET /wp-content/cache/minify/805ab.css HTTP/1.1" 200 5632 "https://mets-rebuild.corals.io/category/%d9%85%d9%88%d8%ac%d8%b2-%d8%a7%d9%84%d8%b7%d9%88%d9%81%d8%a7%d9%86/page/4/" "Mozilla/5.0 (Windows NT 10.0; WOW64; rv:70.0) Gecko/20100101 Firefox/70.0"
188.239.8.128 - - [18/Jul/2025:14:14:06 -0500] "GET /wp-content/cache/minify/ff97d.js HTTP/1.1" 200 117432 "https://mets-rebuild.corals.io/category/%d9%85%d9%88%d8%ac%d8%b2-%d8%a7%d9%84%d8%b7%d9%88%d9%81%d8%a7%d9%86/page/4/" "Mozilla/5.0 (Windows NT 10.0; WOW64; rv:70.0) Gecko/20100101 Firefox/70.0"
188.239.8.128 - - [18/Jul/2025:14:14:07 -0500] "GET /wp-content/cache/minify/f565c.js HTTP/1.1" 200 2341 "https://mets-rebuild.corals.io/category/%d9%85%d9%88%d8%ac%d8%b2-%d8%a7%d9%84%d8%b7%d9%88%d9%81%d8%a7%d9%86/page/4/" "Mozilla/5.0 (Windows NT 10.0; WOW64; rv:70.0) Gecko/20100101 Firefox/70.0"
188.239.8.128 - - [18/Jul/2025:14:14:08 -0500] "GET /wp-content/cache/minify/f8b2a.js HTTP/1.1" 200 42064 "https://mets-rebuild.corals.io/category/%d9%85%d9%88%d8%ac%d8%b2-%d8%a7%d9%84%d8%b7%d9%88%d9%81%d8%a7%d9%86/page/4/" "Mozilla/5.0 (Windows NT 10.0; WOW64; rv:70.0) Gecko/20100101 Firefox/70.0"
188.239.8.128 - - [18/Jul/2025:14:14:08 -0500] "GET /wp-content/cache/minify/b474a.js HTTP/1.1" 200 445 "https://mets-rebuild.corals.io/category/%d9%85%d9%88%d8%ac%d8%b2-%d8%a7%d9%84%d8%b7%d9%88%d9%81%d8%a7%d9%86/page/4/" "Mozilla/5.0 (Windows NT 10.0; WOW64; rv:70.0) Gecko/20100101 Firefox/70.0"
188.239.8.128 - - [18/Jul/2025:14:14:08 -0500] "GET /wp-content/cache/minify/0b4e7.js HTTP/1.1" 200 11234 "https://mets-rebuild.corals.io/category/%d9%85%d9%88%d8%ac%d8%b2-%d8%a7%d9%84%d8%b7%d9%88%d9%81%d8%a7%d9%86/page/4/" "Mozilla/5.0 (Windows NT 10.0; WOW64; rv:70.0) Gecko/20100101 Firefox/70.0"
188.239.8.128 - - [18/Jul/2025:14:14:08 -0500] "GET /wp-content/cache/minify/3bcb6.js HTTP/1.1" 200 71815 "https://mets-rebuild.corals.io/category/%d9%85%d9%88%d8%ac%d8%b2-%d8%a7%d9%84%d8%b7%d9%88%d9%81%d8%a7%d9%86/page/4/" "Mozilla/5.0 (Windows NT 10.0; WOW64; rv:70.0) Gecko/20100101 Firefox/70.0"
188.239.8.128 - - [18/Jul/2025:14:14:08 -0500] "GET /wp-content/cache/minify/6bb8f.js HTTP/1.1" 200 828 "https://mets-rebuild.corals.io/category/%d9%85%d9%88%d8%ac%d8%b2-%d8%a7%d9%84%d8%b7%d9%88%d9%81%d8%a7%d9%86/page/4/" "Mozilla/5.0 (Windows NT 10.0; WOW64; rv:70.0) Gecko/20100101 Firefox/70.0"
188.239.8.128 - - [18/Jul/2025:14:14:08 -0500] "GET /wp-content/cache/minify/5415b.js HTTP/1.1" 200 226333 "https://mets-rebuild.corals.io/category/%d9%85%d9%88%d8%ac%d8%b2-%d8%a7%d9%84%d8%b7%d9%88%d9%81%d8%a7%d9%86/page/4/" "Mozilla/5.0 (Windows NT 10.0; WOW64; rv:70.0) Gecko/20100101 Firefox/70.0"
188.239.8.128 - - [18/Jul/2025:14:14:08 -0500] "GET /wp-content/cache/minify/48e26.js HTTP/1.1" 200 2880 "https://mets-rebuild.corals.io/category/%d9%85%d9%88%d8%ac%d8%b2-%d8%a7%d9%84%d8%b7%d9%88%d9%81%d8%a7%d9%86/page/4/" "Mozilla/5.0 (Windows NT 10.0; WOW64; rv:70.0) Gecko/20100101 Firefox/70.0"
188.239.8.128 - - [18/Jul/2025:14:14:09 -0500] "GET /wp-content/cache/minify/e9ad1.js HTTP/1.1" 200 3192 "https://mets-rebuild.corals.io/category/%d9%85%d9%88%d8%ac%d8%b2-%d8%a7%d9%84%d8%b7%d9%88%d9%81%d8%a7%d9%86/page/4/" "Mozilla/5.0 (Windows NT 10.0; WOW64; rv:70.0) Gecko/20100101 Firefox/70.0"
188.239.8.128 - - [18/Jul/2025:14:14:09 -0500] "GET /wp-content/cache/minify/09479.js HTTP/1.1" 200 4583 "https://mets-rebuild.corals.io/category/%d9%85%d9%88%d8%ac%d8%b2-%d8%a7%d9%84%d8%b7%d9%88%d9%81%d8%a7%d9%86/page/4/" "Mozilla/5.0 (Windows NT 10.0; WOW64; rv:70.0) Gecko/20100101 Firefox/70.0"
188.239.8.128 - - [18/Jul/2025:14:14:09 -0500] "GET /wp-content/cache/minify/b5655.js HTTP/1.1" 200 30335 "https://mets-rebuild.corals.io/category/%d9%85%d9%88%d8%ac%d8%b2-%d8%a7%d9%84%d8%b7%d9%88%d9%81%d8%a7%d9%86/page/4/" "Mozilla/5.0 (Windows NT 10.0; WOW64; rv:70.0) Gecko/20100101 Firefox/70.0"
188.239.8.128 - - [18/Jul/2025:14:14:09 -0500] "GET /wp-content/cache/minify/f7ebc.js HTTP/1.1" 200 23205 "https://mets-rebuild.corals.io/category/%d9%85%d9%88%d8%ac%d8%b2-%d8%a7%d9%84%d8%b7%d9%88%d9%81%d8%a7%d9%86/page/4/" "Mozilla/5.0 (Windows NT 10.0; WOW64; rv:70.0) Gecko/20100101 Firefox/70.0"
188.239.8.128 - - [18/Jul/2025:14:14:09 -0500] "GET /wp-content/cache/minify/d05b8.js HTTP/1.1" 200 255110 "https://mets-rebuild.corals.io/category/%d9%85%d9%88%d8%ac%d8%b2-%d8%a7%d9%84%d8%b7%d9%88%d9%81%d8%a7%d9%86/page/4/" "Mozilla/5.0 (Windows NT 10.0; WOW64; rv:70.0) Gecko/20100101 Firefox/70.0"
188.239.8.128 - - [18/Jul/2025:14:14:09 -0500] "GET /wp-content/cache/minify/cdc40.js HTTP/1.1" 200 13473 "https://mets-rebuild.corals.io/category/%d9%85%d9%88%d8%ac%d8%b2-%d8%a7%d9%84%d8%b7%d9%88%d9%81%d8%a7%d9%86/page/4/" "Mozilla/5.0 (Windows NT 10.0; WOW64; rv:70.0) Gecko/20100101 Firefox/70.0"
188.239.8.128 - - [18/Jul/2025:14:14:11 -0500] "GET /wp-includes/js/wp-emoji-release.min.js?ver=6.7.1 HTTP/1.1" 200 5062 "https://mets-rebuild.corals.io/category/%d9%85%d9%88%d8%ac%d8%b2-%d8%a7%d9%84%d8%b7%d9%88%d9%81%d8%a7%d9%86/page/4/" "Mozilla/5.0 (Windows NT 10.0; WOW64; rv:70.0) Gecko/20100101 Firefox/70.0"
3.214.176.44 - - [18/Jul/2025:14:14:01 -0500] "GET /author/shadil/ HTTP/1.1" 200 57416 "-" "Mozilla/5.0 AppleWebKit/537.36 (KHTML, like Gecko; compatible; Amazonbot/0.1; +https://developer.amazon.com/support/amazonbot) Chrome/119.0.6045.214 Safari/537.36"
188.239.8.128 - - [18/Jul/2025:14:14:13 -0500] "GET /wp-content/plugins/elementor/assets/lib/dialog/dialog.min.js?ver=4.9.3 HTTP/1.1" 200 3683 "https://mets-rebuild.corals.io/category/%d9%85%d9%88%d8%ac%d8%b2-%d8%a7%d9%84%d8%b7%d9%88%d9%81%d8%a7%d9%86/page/4/" "Mozilla/5.0 (Windows NT 10.0; WOW64; rv:70.0) Gecko/20100101 Firefox/70.0"
188.239.8.128 - - [18/Jul/2025:14:14:13 -0500] "GET /wp-content/plugins/elementor-pro/assets/js/loop.8130a6b4d3121c5aaaae.bundle.min.js HTTP/1.1" 200 3191 "https://mets-rebuild.corals.io/category/%d9%85%d9%88%d8%ac%d8%b2-%d8%a7%d9%84%d8%b7%d9%88%d9%81%d8%a7%d9%86/page/4/" "Mozilla/5.0 (Windows NT 10.0; WOW64; rv:70.0) Gecko/20100101 Firefox/70.0"
188.239.8.128 - - [18/Jul/2025:14:14:13 -0500] "GET /wp-content/plugins/elementor-pro/assets/js/ajax-pagination.2090b5f4906bcda1dcc2.bundle.min.js HTTP/1.1" 200 1196 "https://mets-rebuild.corals.io/category/%d9%85%d9%88%d8%ac%d8%b2-%d8%a7%d9%84%d8%b7%d9%88%d9%81%d8%a7%d9%86/page/4/" "Mozilla/5.0 (Windows NT 10.0; WOW64; rv:70.0) Gecko/20100101 Firefox/70.0"
188.239.8.128 - - [18/Jul/2025:14:14:13 -0500] "GET /wp-content/plugins/elementor-pro/assets/js/load-more.376b5bcb2e56386f470e.bundle.min.js HTTP/1.1" 200 1548 "https://mets-rebuild.corals.io/category/%d9%85%d9%88%d8%ac%d8%b2-%d8%a7%d9%84%d8%b7%d9%88%d9%81%d8%a7%d9%86/page/4/" "Mozilla/5.0 (Windows NT 10.0; WOW64; rv:70.0) Gecko/20100101 Firefox/70.0"
188.239.8.128 - - [18/Jul/2025:14:14:13 -0500] "GET /wp-content/plugins/elementor-pro/assets/js/share-buttons.63d984f8c96d1e053bc0.bundle.min.js HTTP/1.1" 200 761 "https://mets-rebuild.corals.io/category/%d9%85%d9%88%d8%ac%d8%b2-%d8%a7%d9%84%d8%b7%d9%88%d9%81%d8%a7%d9%86/page/4/" "Mozilla/5.0 (Windows NT 10.0; WOW64; rv:70.0) Gecko/20100101 Firefox/70.0"
188.239.8.128 - - [18/Jul/2025:14:14:13 -0500] "GET /wp-content/plugins/elementor/assets/js/text-editor.2c35aafbe5bf0e127950.bundle.min.js HTTP/1.1" 200 666 "https://mets-rebuild.corals.io/category/%d9%85%d9%88%d8%ac%d8%b2-%d8%a7%d9%84%d8%b7%d9%88%d9%81%d8%a7%d9%86/page/4/" "Mozilla/5.0 (Windows NT 10.0; WOW64; rv:70.0) Gecko/20100101 Firefox/70.0"
188.239.8.128 - - [18/Jul/2025:14:14:14 -0500] "GET /wp-content/plugins/elementor/assets/lib/share-link/share-link.min.js?ver=3.25.10 HTTP/1.1" 200 1169 "https://mets-rebuild.corals.io/category/%d9%85%d9%88%d8%ac%d8%b2-%d8%a7%d9%84%d8%b7%d9%88%d9%81%d8%a7%d9%86/page/4/" "Mozilla/5.0 (Windows NT 10.0; WOW64; rv:70.0) Gecko/20100101 Firefox/70.0"
188.239.8.128 - - [18/Jul/2025:14:14:10 -0500] "GET /wp-json/wp/v2/users/me?context=edit&_locale=user HTTP/1.1" 401 189 "https://mets-rebuild.corals.io/category/%d9%85%d9%88%d8%ac%d8%b2-%d8%a7%d9%84%d8%b7%d9%88%d9%81%d8%a7%d9%86/page/4/" "Mozilla/5.0 (Windows NT 10.0; WOW64; rv:70.0) Gecko/20100101 Firefox/70.0"
66.249.79.71 - - [18/Jul/2025:14:14:39 -0500] "GET /%D8%A7%D9%84%D8%A8%D8%A7%D9%84%D9%88%D9%86%D8%A7%D8%AA-%D8%A7%D9%84%D8%AD%D8%A7%D8%B1%D9%82%D8%A9-%D8%A5%D9%8A%D9%84%D8%A7%D9%85-%D8%A7%D9%84%D8%A7%D8%AD%D8%AA%D9%84%D8%A7%D9%84/ HTTP/1.1" 200 63081 "-" "Mozilla/5.0 (Linux; Android 6.0.1; Nexus 5X Build/MMB29P) AppleWebKit/537.36 (KHTML, like Gecko) Chrome/137.0.7151.103 Mobile Safari/537.36 (compatible; Googlebot/2.1; +http://www.google.com/bot.html)"
3.219.81.66 - - [18/Jul/2025:14:15:44 -0500] "GET /files/%D9%85%D9%86-%D9%8A%D8%AD%D9%83%D9%85-%D8%A7%D9%84%D8%B6%D9%81%D8%A9%D8%9F/ HTTP/1.1" 200 70348 "-" "Mozilla/5.0 AppleWebKit/537.36 (KHTML, like Gecko; compatible; Amazonbot/0.1; +https://developer.amazon.com/support/amazonbot) Chrome/119.0.6045.214 Safari/537.36"
18.215.112.101 - - [18/Jul/2025:14:18:15 -0500] "GET /2023/10/05/ HTTP/1.1" 200 50950 "-" "Mozilla/5.0 AppleWebKit/537.36 (KHTML, like Gecko; compatible; Amazonbot/0.1; +https://developer.amazon.com/support/amazonbot) Chrome/119.0.6045.214 Safari/537.36"
66.249.79.71 - - [18/Jul/2025:14:19:26 -0500] "GET /instagram/%D9%81%D8%AC%D8%B1-%D8%A7%D9%84%D9%8A%D9%88%D9%85%D8%8C-%D8%A7%D9%82%D8%AA%D8%AD%D9%85%D8%AA-%D9%82%D9%88%D8%A7%D8%AA-%D8%A7%D9%84%D8%A7%D8%AD%D8%AA%D9%84%D8%A7%D9%84-%D8%B3%D8%A7%D8%AD%D8%A7%D8%AA/ HTTP/1.1" 200 48054 "-" "Mozilla/5.0 (Linux; Android 6.0.1; Nexus 5X Build/MMB29P) AppleWebKit/537.36 (KHTML, like Gecko) Chrome/137.0.7151.103 Mobile Safari/537.36 (compatible; Googlebot/2.1; +http://www.google.com/bot.html)"
66.249.79.69 - - [18/Jul/2025:14:19:37 -0500] "GET /wp-content/cache/minify/e9ad1.js HTTP/1.1" 200 3192 "https://mets-rebuild.corals.io/instagram/%D9%81%D8%AC%D8%B1-%D8%A7%D9%84%D9%8A%D9%88%D9%85%D8%8C-%D8%A7%D9%82%D8%AA%D8%AD%D9%85%D8%AA-%D9%82%D9%88%D8%A7%D8%AA-%D8%A7%D9%84%D8%A7%D8%AD%D8%AA%D9%84%D8%A7%D9%84-%D8%B3%D8%A7%D8%AD%D8%A7%D8%AA/" "Mozilla/5.0 (Linux; Android 6.0.1; Nexus 5X Build/MMB29P) AppleWebKit/537.36 (KHTML, like Gecko) Chrome/137.0.7151.119 Mobile Safari/537.36 (compatible; Googlebot/2.1; +http://www.google.com/bot.html)"
66.249.79.69 - - [18/Jul/2025:14:19:46 -0500] "GET /wp-json/wp/v2/users/me?context=edit&_locale=user HTTP/1.1" 401 189 "https://mets-rebuild.corals.io/instagram/%D9%81%D8%AC%D8%B1-%D8%A7%D9%84%D9%8A%D9%88%D9%85%D8%8C-%D8%A7%D9%82%D8%AA%D8%AD%D9%85%D8%AA-%D9%82%D9%88%D8%A7%D8%AA-%D8%A7%D9%84%D8%A7%D8%AD%D8%AA%D9%84%D8%A7%D9%84-%D8%B3%D8%A7%D8%AD%D8%A7%D8%AA/" "Mozilla/5.0 (Linux; Android 6.0.1; Nexus 5X Build/MMB29P) AppleWebKit/537.36 (KHTML, like Gecko) Chrome/137.0.7151.119 Mobile Safari/537.36 (compatible; Googlebot/2.1; +http://www.google.com/bot.html)"
52.73.6.26 - - [18/Jul/2025:14:19:48 -0500] "GET /author/soheir/ HTTP/1.1" 200 57775 "-" "Mozilla/5.0 AppleWebKit/537.36 (KHTML, like Gecko; compatible; Amazonbot/0.1; +https://developer.amazon.com/support/amazonbot) Chrome/119.0.6045.214 Safari/537.36"
20.168.18.47 - - [18/Jul/2025:14:22:20 -0500] "GET /author/hatemya/ HTTP/1.1" 200 56582 "-" "Mozilla/5.0 (Macintosh; Intel Mac OS X 10_15_7) AppleWebKit/537.36 (KHTML, like Gecko) Chrome/131.0.0.0 Safari/537.36; compatible; OAI-SearchBot/1.0; +https://openai.com/searchbot"
20.168.18.47 - - [18/Jul/2025:14:22:34 -0500] "GET /author/hatemya/ HTTP/1.1" 200 56582 "-" "Mozilla/5.0 (Macintosh; Intel Mac OS X 10_15_7) AppleWebKit/537.36 (KHTML, like Gecko) Chrome/131.0.0.0 Safari/537.36; compatible; OAI-SearchBot/1.0; +https://openai.com/searchbot"
107.20.181.148 - - [18/Jul/2025:14:26:20 -0500] "GET /2024/02/25/ HTTP/1.1" 200 50946 "-" "Mozilla/5.0 AppleWebKit/537.36 (KHTML, like Gecko; compatible; Amazonbot/0.1; +https://developer.amazon.com/support/amazonbot) Chrome/119.0.6045.214 Safari/537.36"
66.249.79.70 - - [18/Jul/2025:14:26:52 -0500] "GET /instagram/%D9%81%D8%AC%D8%B1-%D8%A7%D9%84%D9%8A%D9%88%D9%85%D8%8C-%D8%A7%D9%82%D8%AA%D8%AD%D9%85%D8%AA-%D9%82%D9%88%D8%A7%D8%AA-%D8%A7%D9%84%D8%A7%D8%AD%D8%AA%D9%84%D8%A7%D9%84-%D8%B3%D8%A7%D8%AD%D8%A7%D8%AA/ HTTP/1.1" 200 48054 "-" "Mozilla/5.0 (Linux; Android 6.0.1; Nexus 5X Build/MMB29P) AppleWebKit/537.36 (KHTML, like Gecko) Chrome/137.0.7151.103 Mobile Safari/537.36 (compatible; Googlebot/2.1; +http://www.google.com/bot.html)"
66.249.79.70 - - [18/Jul/2025:14:26:54 -0500] "GET /wp-json/wp/v2/users/me?context=edit&_locale=user HTTP/1.1" 401 189 "https://mets-rebuild.corals.io/instagram/%D9%81%D8%AC%D8%B1-%D8%A7%D9%84%D9%8A%D9%88%D9%85%D8%8C-%D8%A7%D9%82%D8%AA%D8%AD%D9%85%D8%AA-%D9%82%D9%88%D8%A7%D8%AA-%D8%A7%D9%84%D8%A7%D8%AD%D8%AA%D9%84%D8%A7%D9%84-%D8%B3%D8%A7%D8%AD%D8%A7%D8%AA/" "Mozilla/5.0 (Linux; Android 6.0.1; Nexus 5X Build/MMB29P) AppleWebKit/537.36 (KHTML, like Gecko) Chrome/137.0.7151.119 Mobile Safari/537.36 (compatible; Googlebot/2.1; +http://www.google.com/bot.html)"
34.236.185.101 - - [18/Jul/2025:14:27:36 -0500] "GET /2021/01/31/ HTTP/1.1" 200 51328 "-" "Mozilla/5.0 AppleWebKit/537.36 (KHTML, like Gecko; compatible; Amazonbot/0.1; +https://developer.amazon.com/support/amazonbot) Chrome/119.0.6045.214 Safari/537.36"
52.5.242.243 - - [18/Jul/2025:14:29:15 -0500] "GET /author/ameenaashkar/ HTTP/1.1" 200 59205 "-" "Mozilla/5.0 AppleWebKit/537.36 (KHTML, like Gecko; compatible; Amazonbot/0.1; +https://developer.amazon.com/support/amazonbot) Chrome/119.0.6045.214 Safari/537.36"
3.223.134.5 - - [18/Jul/2025:14:33:57 -0500] "GET /2022/08/14/ HTTP/1.1" 200 51179 "-" "Mozilla/5.0 AppleWebKit/537.36 (KHTML, like Gecko; compatible; Amazonbot/0.1; +https://developer.amazon.com/support/amazonbot) Chrome/119.0.6045.214 Safari/537.36"
18.213.70.100 - - [18/Jul/2025:14:36:07 -0500] "GET /author/bassel/ HTTP/1.1" 200 62293 "-" "Mozilla/5.0 AppleWebKit/537.36 (KHTML, like Gecko; compatible; Amazonbot/0.1; +https://developer.amazon.com/support/amazonbot) Chrome/119.0.6045.214 Safari/537.36"
172.182.193.94 - - [18/Jul/2025:14:42:06 -0500] "GET /%D9%81%D8%A3%D9%88%D9%88%D8%A7-%D8%A5%D9%84%D9%89-%D8%A7%D9%84%D9%83%D9%87%D9%81-%D8%A8%D8%B9%D8%B6-%D9%85%D9%86-%D8%B3%D9%8A%D8%B1%D8%A9-%D8%A7%D9%84%D9%84%D8%AC%D9%88%D8%A1-%D9%88%D8%A7%D9%84/ HTTP/1.1" 200 62233 "-" "Mozilla/5.0 (Macintosh; Intel Mac OS X 10_15_7) AppleWebKit/537.36 (KHTML, like Gecko) Chrome/131.0.0.0 Safari/537.36; compatible; OAI-SearchBot/1.0; +https://openai.com/searchbot"
52.0.218.219 - - [18/Jul/2025:14:48:03 -0500] "GET /robots.txt HTTP/1.1" 200 126 "-" "Mozilla/5.0 AppleWebKit/537.36 (KHTML, like Gecko; compatible; Amazonbot/0.1; +https://developer.amazon.com/support/amazonbot) Chrome/119.0.6045.214 Safari/537.36"
34.231.181.240 - - [18/Jul/2025:14:48:13 -0500] "GET /2024/02/07/ HTTP/1.1" 200 51631 "-" "Mozilla/5.0 AppleWebKit/537.36 (KHTML, like Gecko; compatible; Amazonbot/0.1; +https://developer.amazon.com/support/amazonbot) Chrome/119.0.6045.214 Safari/537.36"
100.29.34.97 - - [18/Jul/2025:14:52:53 -0500] "GET /2020/09/19/ HTTP/1.1" 200 51059 "-" "Mozilla/5.0 AppleWebKit/537.36 (KHTML, like Gecko; compatible; Amazonbot/0.1; +https://developer.amazon.com/support/amazonbot) Chrome/119.0.6045.214 Safari/537.36"
124.243.149.47 - - [18/Jul/2025:15:03:15 -0500] "GET /category/%d8%b3%d9%8a%d8%a7%d8%b3%d8%a9/ HTTP/1.1" 200 57219 "https://mets-rebuild.corals.io/category/%d8%b3%d9%8a%d8%a7%d8%b3%d8%a9/" "Mozilla/5.0 (Macintosh; Intel Mac OS X 10_15_7) AppleWebKit/537.36 (KHTML, like Gecko) Chrome/123.0.0.0 Safari/537.36"
66.249.79.70 - - [18/Jul/2025:15:18:05 -0500] "GET /robots.txt HTTP/1.1" 200 126 "-" "Mozilla/5.0 (compatible; Googlebot/2.1; +http://www.google.com/bot.html)"
66.249.79.68 - - [18/Jul/2025:15:18:15 -0500] "GET /comments/feed/ HTTP/1.1" 200 1380 "-" "Mozilla/5.0 (Linux; Android 6.0.1; Nexus 5X Build/MMB29P) AppleWebKit/537.36 (KHTML, like Gecko) Chrome/138.0.7204.157 Mobile Safari/537.36 (compatible; Googlebot/2.1; +http://www.google.com/bot.html)"
66.249.79.68 - - [18/Jul/2025:15:19:22 -0500] "GET /instagram/%D8%A8%D8%B9%D8%AF-%D8%A3%D9%86-%D8%AD%D8%A7%D8%B1%D8%A8-%D8%A7%D9%84%D8%A7%D8%AD%D8%AA%D9%84%D8%A7%D9%84-%D9%85%D8%B4%D8%A7%D8%B1%D9%8A%D8%B9-%D8%A7%D9%84%D8%B1%D8%A8%D8%A7%D8%B7-%D9%81%D9%8A%D9%87/ HTTP/1.1" 200 48140 "-" "Mozilla/5.0 (Linux; Android 6.0.1; Nexus 5X Build/MMB29P) AppleWebKit/537.36 (KHTML, like Gecko) Chrome/137.0.7151.103 Mobile Safari/537.36 (compatible; Googlebot/2.1; +http://www.google.com/bot.html)"
66.249.79.69 - - [18/Jul/2025:15:20:02 -0500] "GET /wp-content/cache/minify/e6031.js HTTP/1.1" 200 38981 "https://mets-rebuild.corals.io/instagram/%D8%A8%D8%B9%D8%AF-%D8%A3%D9%86-%D8%AD%D8%A7%D8%B1%D8%A8-%D8%A7%D9%84%D8%A7%D8%AD%D8%AA%D9%84%D8%A7%D9%84-%D9%85%D8%B4%D8%A7%D8%B1%D9%8A%D8%B9-%D8%A7%D9%84%D8%B1%D8%A8%D8%A7%D8%B7-%D9%81%D9%8A%D9%87/" "Mozilla/5.0 (Linux; Android 6.0.1; Nexus 5X Build/MMB29P) AppleWebKit/537.36 (KHTML, like Gecko) Chrome/137.0.7151.119 Mobile Safari/537.36 (compatible; Googlebot/2.1; +http://www.google.com/bot.html)"
46.250.170.22 - - [18/Jul/2025:15:21:52 -0500] "GET /category/%d9%85%d9%88%d8%ac%d8%b2-%d8%a7%d9%84%d8%b7%d9%88%d9%81%d8%a7%d9%86/page/4 HTTP/1.1" 301 20 "-" "wise"
46.250.170.22 - - [18/Jul/2025:15:22:02 -0500] "GET /category/%d9%85%d9%88%d8%ac%d8%b2-%d8%a7%d9%84%d8%b7%d9%88%d9%81%d8%a7%d9%86/page/4/ HTTP/1.1" 200 56502 "-" "wise"
46.250.170.22 - - [18/Jul/2025:15:22:15 -0500] "GET /wp-content/cache/minify/18387.css HTTP/1.1" 200 9205 "https://mets-rebuild.corals.io/category/%d9%85%d9%88%d8%ac%d8%b2-%d8%a7%d9%84%d8%b7%d9%88%d9%81%d8%a7%d9%86/page/4/" "wise"
46.250.170.22 - - [18/Jul/2025:15:22:15 -0500] "GET /wp-content/cache/minify/8efe2.css HTTP/1.1" 200 14923 "https://mets-rebuild.corals.io/category/%d9%85%d9%88%d8%ac%d8%b2-%d8%a7%d9%84%d8%b7%d9%88%d9%81%d8%a7%d9%86/page/4/" "wise"
46.250.170.22 - - [18/Jul/2025:15:22:15 -0500] "GET /wp-content/cache/minify/f826b.css HTTP/1.1" 200 80502 "https://mets-rebuild.corals.io/category/%d9%85%d9%88%d8%ac%d8%b2-%d8%a7%d9%84%d8%b7%d9%88%d9%81%d8%a7%d9%86/page/4/" "wise"
46.250.170.22 - - [18/Jul/2025:15:22:15 -0500] "GET /wp-content/cache/minify/7a7e4.css HTTP/1.1" 200 31134 "https://mets-rebuild.corals.io/category/%d9%85%d9%88%d8%ac%d8%b2-%d8%a7%d9%84%d8%b7%d9%88%d9%81%d8%a7%d9%86/page/4/" "wise"
46.250.170.22 - - [18/Jul/2025:15:22:15 -0500] "GET /wp-content/cache/minify/347dd.css HTTP/1.1" 200 4250 "https://mets-rebuild.corals.io/category/%d9%85%d9%88%d8%ac%d8%b2-%d8%a7%d9%84%d8%b7%d9%88%d9%81%d8%a7%d9%86/page/4/" "wise"
46.250.170.22 - - [18/Jul/2025:15:22:15 -0500] "GET /wp-content/cache/minify/d5ca8.css HTTP/1.1" 200 3414 "https://mets-rebuild.corals.io/category/%d9%85%d9%88%d8%ac%d8%b2-%d8%a7%d9%84%d8%b7%d9%88%d9%81%d8%a7%d9%86/page/4/" "wise"
46.250.170.22 - - [18/Jul/2025:15:22:15 -0500] "GET /wp-content/cache/minify/4b90f.js HTTP/1.1" 200 988 "https://mets-rebuild.corals.io/category/%d9%85%d9%88%d8%ac%d8%b2-%d8%a7%d9%84%d8%b7%d9%88%d9%81%d8%a7%d9%86/page/4/" "wise"
46.250.170.22 - - [18/Jul/2025:15:22:15 -0500] "GET /wp-content/cache/minify/d4444.js HTTP/1.1" 200 4297 "https://mets-rebuild.corals.io/category/%d9%85%d9%88%d8%ac%d8%b2-%d8%a7%d9%84%d8%b7%d9%88%d9%81%d8%a7%d9%86/page/4/" "wise"
46.250.170.22 - - [18/Jul/2025:15:22:15 -0500] "GET /wp-content/cache/minify/ff97d.js HTTP/1.1" 200 117432 "https://mets-rebuild.corals.io/category/%d9%85%d9%88%d8%ac%d8%b2-%d8%a7%d9%84%d8%b7%d9%88%d9%81%d8%a7%d9%86/page/4/" "wise"
46.250.170.22 - - [18/Jul/2025:15:22:15 -0500] "GET /wp-content/cache/minify/805ab.css HTTP/1.1" 200 5632 "https://mets-rebuild.corals.io/category/%d9%85%d9%88%d8%ac%d8%b2-%d8%a7%d9%84%d8%b7%d9%88%d9%81%d8%a7%d9%86/page/4/" "wise"
46.250.170.22 - - [18/Jul/2025:15:22:15 -0500] "GET /wp-content/cache/minify/3ab98.css HTTP/1.1" 200 10545 "https://mets-rebuild.corals.io/category/%d9%85%d9%88%d8%ac%d8%b2-%d8%a7%d9%84%d8%b7%d9%88%d9%81%d8%a7%d9%86/page/4/" "wise"
46.250.170.22 - - [18/Jul/2025:15:22:15 -0500] "GET /wp-content/cache/minify/e0c84.js HTTP/1.1" 200 1932 "https://mets-rebuild.corals.io/category/%d9%85%d9%88%d8%ac%d8%b2-%d8%a7%d9%84%d8%b7%d9%88%d9%81%d8%a7%d9%86/page/4/" "wise"
46.250.170.22 - - [18/Jul/2025:15:22:16 -0500] "GET /wp-content/cache/minify/f565c.js HTTP/1.1" 200 2341 "https://mets-rebuild.corals.io/category/%d9%85%d9%88%d8%ac%d8%b2-%d8%a7%d9%84%d8%b7%d9%88%d9%81%d8%a7%d9%86/page/4/" "wise"
46.250.170.22 - - [18/Jul/2025:15:22:16 -0500] "GET /wp-content/cache/minify/f8b2a.js HTTP/1.1" 200 42064 "https://mets-rebuild.corals.io/category/%d9%85%d9%88%d8%ac%d8%b2-%d8%a7%d9%84%d8%b7%d9%88%d9%81%d8%a7%d9%86/page/4/" "wise"
46.250.170.22 - - [18/Jul/2025:15:22:18 -0500] "GET /wp-content/cache/minify/0b4e7.js HTTP/1.1" 200 11234 "https://mets-rebuild.corals.io/category/%d9%85%d9%88%d8%ac%d8%b2-%d8%a7%d9%84%d8%b7%d9%88%d9%81%d8%a7%d9%86/page/4/" "wise"
46.250.170.22 - - [18/Jul/2025:15:22:18 -0500] "GET /wp-content/cache/minify/b474a.js HTTP/1.1" 200 445 "https://mets-rebuild.corals.io/category/%d9%85%d9%88%d8%ac%d8%b2-%d8%a7%d9%84%d8%b7%d9%88%d9%81%d8%a7%d9%86/page/4/" "wise"
46.250.170.22 - - [18/Jul/2025:15:22:18 -0500] "GET /wp-content/cache/minify/3bcb6.js HTTP/1.1" 200 71815 "https://mets-rebuild.corals.io/category/%d9%85%d9%88%d8%ac%d8%b2-%d8%a7%d9%84%d8%b7%d9%88%d9%81%d8%a7%d9%86/page/4/" "wise"
46.250.170.22 - - [18/Jul/2025:15:22:18 -0500] "GET /wp-content/cache/minify/394cd.js HTTP/1.1" 200 26450 "https://mets-rebuild.corals.io/category/%d9%85%d9%88%d8%ac%d8%b2-%d8%a7%d9%84%d8%b7%d9%88%d9%81%d8%a7%d9%86/page/4/" "wise"
46.250.170.22 - - [18/Jul/2025:15:22:18 -0500] "GET /wp-content/cache/minify/48e26.js HTTP/1.1" 200 2880 "https://mets-rebuild.corals.io/category/%d9%85%d9%88%d8%ac%d8%b2-%d8%a7%d9%84%d8%b7%d9%88%d9%81%d8%a7%d9%86/page/4/" "wise"
46.250.170.22 - - [18/Jul/2025:15:22:18 -0500] "GET /wp-content/cache/minify/6bb8f.js HTTP/1.1" 200 828 "https://mets-rebuild.corals.io/category/%d9%85%d9%88%d8%ac%d8%b2-%d8%a7%d9%84%d8%b7%d9%88%d9%81%d8%a7%d9%86/page/4/" "wise"
46.250.170.22 - - [18/Jul/2025:15:22:18 -0500] "GET /wp-content/cache/minify/5415b.js HTTP/1.1" 200 226333 "https://mets-rebuild.corals.io/category/%d9%85%d9%88%d8%ac%d8%b2-%d8%a7%d9%84%d8%b7%d9%88%d9%81%d8%a7%d9%86/page/4/" "wise"
46.250.170.22 - - [18/Jul/2025:15:22:18 -0500] "GET /wp-content/cache/minify/b5655.js HTTP/1.1" 200 30335 "https://mets-rebuild.corals.io/category/%d9%85%d9%88%d8%ac%d8%b2-%d8%a7%d9%84%d8%b7%d9%88%d9%81%d8%a7%d9%86/page/4/" "wise"
46.250.170.22 - - [18/Jul/2025:15:22:18 -0500] "GET /wp-content/cache/minify/09479.js HTTP/1.1" 200 4583 "https://mets-rebuild.corals.io/category/%d9%85%d9%88%d8%ac%d8%b2-%d8%a7%d9%84%d8%b7%d9%88%d9%81%d8%a7%d9%86/page/4/" "wise"
46.250.170.22 - - [18/Jul/2025:15:22:18 -0500] "GET /wp-content/cache/minify/e9ad1.js HTTP/1.1" 200 3192 "https://mets-rebuild.corals.io/category/%d9%85%d9%88%d8%ac%d8%b2-%d8%a7%d9%84%d8%b7%d9%88%d9%81%d8%a7%d9%86/page/4/" "wise"
46.250.170.22 - - [18/Jul/2025:15:22:18 -0500] "GET /wp-content/cache/minify/9c2ed.js HTTP/1.1" 200 20545 "https://mets-rebuild.corals.io/category/%d9%85%d9%88%d8%ac%d8%b2-%d8%a7%d9%84%d8%b7%d9%88%d9%81%d8%a7%d9%86/page/4/" "wise"
46.250.170.22 - - [18/Jul/2025:15:22:18 -0500] "GET /wp-content/cache/minify/cdc40.js HTTP/1.1" 200 13473 "https://mets-rebuild.corals.io/category/%d9%85%d9%88%d8%ac%d8%b2-%d8%a7%d9%84%d8%b7%d9%88%d9%81%d8%a7%d9%86/page/4/" "wise"
46.250.170.22 - - [18/Jul/2025:15:22:18 -0500] "GET /wp-content/cache/minify/f7ebc.js HTTP/1.1" 200 23205 "https://mets-rebuild.corals.io/category/%d9%85%d9%88%d8%ac%d8%b2-%d8%a7%d9%84%d8%b7%d9%88%d9%81%d8%a7%d9%86/page/4/" "wise"
46.250.170.22 - - [18/Jul/2025:15:22:18 -0500] "GET /wp-content/cache/minify/70688.js HTTP/1.1" 200 22592 "https://mets-rebuild.corals.io/category/%d9%85%d9%88%d8%ac%d8%b2-%d8%a7%d9%84%d8%b7%d9%88%d9%81%d8%a7%d9%86/page/4/" "wise"
46.250.170.22 - - [18/Jul/2025:15:22:20 -0500] "GET /wp-includes/js/wp-emoji-release.min.js?ver=6.7.1 HTTP/1.1" 200 5062 "https://mets-rebuild.corals.io/category/%d9%85%d9%88%d8%ac%d8%b2-%d8%a7%d9%84%d8%b7%d9%88%d9%81%d8%a7%d9%86/page/4/" "wise"
46.250.170.22 - - [18/Jul/2025:15:22:20 -0500] "GET /wp-content/uploads/elementor/custom-icons/The7-bootstrap/fonts/The7-bootstrap.ttf?h9rqtc HTTP/1.1" 200 132019 "https://mets-rebuild.corals.io/wp-content/cache/minify/3ab98.css" "wise"
46.250.170.22 - - [18/Jul/2025:15:22:19 -0500] "GET /wp-json/wp/v2/users/me?context=edit&_locale=user HTTP/1.1" 401 189 "https://mets-rebuild.corals.io/category/%d9%85%d9%88%d8%ac%d8%b2-%d8%a7%d9%84%d8%b7%d9%88%d9%81%d8%a7%d9%86/page/4/" "wise"
66.249.79.69 - - [18/Jul/2025:15:25:47 -0500] "GET /instagram/%D8%A8%D8%B9%D8%AF-%D8%A3%D9%86-%D8%AD%D8%A7%D8%B1%D8%A8-%D8%A7%D9%84%D8%A7%D8%AD%D8%AA%D9%84%D8%A7%D9%84-%D9%85%D8%B4%D8%A7%D8%B1%D9%8A%D8%B9-%D8%A7%D9%84%D8%B1%D8%A8%D8%A7%D8%B7-%D9%81%D9%8A%D9%87/ HTTP/1.1" 200 48140 "-" "Mozilla/5.0 (Linux; Android 6.0.1; Nexus 5X Build/MMB29P) AppleWebKit/537.36 (KHTML, like Gecko) Chrome/137.0.7151.103 Mobile Safari/537.36 (compatible; Googlebot/2.1; +http://www.google.com/bot.html)"
66.249.79.69 - - [18/Jul/2025:15:25:49 -0500] "GET /wp-content/cache/minify/1c786.js HTTP/1.1" 200 47559 "https://mets-rebuild.corals.io/instagram/%D8%A8%D8%B9%D8%AF-%D8%A3%D9%86-%D8%AD%D8%A7%D8%B1%D8%A8-%D8%A7%D9%84%D8%A7%D8%AD%D8%AA%D9%84%D8%A7%D9%84-%D9%85%D8%B4%D8%A7%D8%B1%D9%8A%D8%B9-%D8%A7%D9%84%D8%B1%D8%A8%D8%A7%D8%B7-%D9%81%D9%8A%D9%87/" "Mozilla/5.0 (Linux; Android 6.0.1; Nexus 5X Build/MMB29P) AppleWebKit/537.36 (KHTML, like Gecko) Chrome/137.0.7151.119 Mobile Safari/537.36 (compatible; Googlebot/2.1; +http://www.google.com/bot.html)"
18.213.102.186 - - [18/Jul/2025:15:28:00 -0500] "GET /2021/05/12/ HTTP/1.1" 200 51117 "-" "Mozilla/5.0 AppleWebKit/537.36 (KHTML, like Gecko; compatible; Amazonbot/0.1; +https://developer.amazon.com/support/amazonbot) Chrome/119.0.6045.214 Safari/537.36"
107.20.25.33 - - [18/Jul/2025:15:30:40 -0500] "GET /2020/05/16/ HTTP/1.1" 200 51026 "-" "Mozilla/5.0 AppleWebKit/537.36 (KHTML, like Gecko; compatible; Amazonbot/0.1; +https://developer.amazon.com/support/amazonbot) Chrome/119.0.6045.214 Safari/537.36"
44.212.232.231 - - [18/Jul/2025:15:30:59 -0500] "GET /2020/04/10/ HTTP/1.1" 200 50978 "-" "Mozilla/5.0 AppleWebKit/537.36 (KHTML, like Gecko; compatible; Amazonbot/0.1; +https://developer.amazon.com/support/amazonbot) Chrome/119.0.6045.214 Safari/537.36"
3.94.157.25 - - [18/Jul/2025:15:34:16 -0500] "GET /author/mamoun/ HTTP/1.1" 200 60366 "-" "Mozilla/5.0 AppleWebKit/537.36 (KHTML, like Gecko; compatible; Amazonbot/0.1; +https://developer.amazon.com/support/amazonbot) Chrome/119.0.6045.214 Safari/537.36"
50.16.216.166 - - [18/Jul/2025:15:34:23 -0500] "GET /2019/10/06/ HTTP/1.1" 200 50713 "-" "Mozilla/5.0 AppleWebKit/537.36 (KHTML, like Gecko; compatible; Amazonbot/0.1; +https://developer.amazon.com/support/amazonbot) Chrome/119.0.6045.214 Safari/537.36"
18.232.11.247 - - [18/Jul/2025:15:34:31 -0500] "GET /2023/09/14/ HTTP/1.1" 200 50926 "-" "Mozilla/5.0 AppleWebKit/537.36 (KHTML, like Gecko; compatible; Amazonbot/0.1; +https://developer.amazon.com/support/amazonbot) Chrome/119.0.6045.214 Safari/537.36"
66.249.79.69 - - [18/Jul/2025:15:51:02 -0500] "GET /%D8%B4%D8%A7%D8%B1%D9%88%D9%86-2002-%D8%AE%D8%B7%D8%B7-%D9%85%D8%A7-%D8%A8%D8%B9%D8%AF-%D8%A7%D9%84%D8%A7%D9%86%D8%AA%D9%81%D8%A7%D8%B6%D8%A9-%D9%88%D8%B9%D8%B1%D9%81%D8%A7%D8%AA/ HTTP/1.1" 200 62451 "-" "Mozilla/5.0 (Linux; Android 6.0.1; Nexus 5X Build/MMB29P) AppleWebKit/537.36 (KHTML, like Gecko) Chrome/137.0.7151.103 Mobile Safari/537.36 (compatible; Googlebot/2.1; +http://www.google.com/bot.html)"
66.249.79.70 - - [18/Jul/2025:15:52:17 -0500] "POST /wp-admin/admin-ajax.php HTTP/1.1" 200 142 "https://mets-rebuild.corals.io/%D8%B4%D8%A7%D8%B1%D9%88%D9%86-2002-%D8%AE%D8%B7%D8%B7-%D9%85%D8%A7-%D8%A8%D8%B9%D8%AF-%D8%A7%D9%84%D8%A7%D9%86%D8%AA%D9%81%D8%A7%D8%B6%D8%A9-%D9%88%D8%B9%D8%B1%D9%81%D8%A7%D8%AA/" "Mozilla/5.0 (Linux; Android 6.0.1; Nexus 5X Build/MMB29P) AppleWebKit/537.36 (KHTML, like Gecko) Chrome/137.0.7151.119 Mobile Safari/537.36 (compatible; Googlebot/2.1; +http://www.google.com/bot.html)"
209.145.62.177 - - [18/Jul/2025:15:52:28 -0500] "POST /wp-admin/admin-ajax.php?action=as_async_request_queue_runner&nonce=afdfa0c588 HTTP/1.1" 200 - "-" "WordPress/6.7.1; https://mets-rebuild.corals.io"
98.82.39.241 - - [18/Jul/2025:15:58:31 -0500] "GET /2021/02/27/ HTTP/1.1" 200 51171 "-" "Mozilla/5.0 AppleWebKit/537.36 (KHTML, like Gecko; compatible; Amazonbot/0.1; +https://developer.amazon.com/support/amazonbot) Chrome/119.0.6045.214 Safari/537.36"
3.223.134.5 - - [18/Jul/2025:16:05:23 -0500] "GET /2024/02/15/ HTTP/1.1" 200 51636 "-" "Mozilla/5.0 AppleWebKit/537.36 (KHTML, like Gecko; compatible; Amazonbot/0.1; +https://developer.amazon.com/support/amazonbot) Chrome/119.0.6045.214 Safari/537.36"
3.229.95.193 - - [18/Jul/2025:16:08:15 -0500] "GET /2021/10/05/ HTTP/1.1" 200 51142 "-" "Mozilla/5.0 AppleWebKit/537.36 (KHTML, like Gecko; compatible; Amazonbot/0.1; +https://developer.amazon.com/support/amazonbot) Chrome/119.0.6045.214 Safari/537.36"
44.194.139.149 - - [18/Jul/2025:16:09:39 -0500] "GET /2024/06/13/ HTTP/1.1" 200 50865 "-" "Mozilla/5.0 AppleWebKit/537.36 (KHTML, like Gecko; compatible; Amazonbot/0.1; +https://developer.amazon.com/support/amazonbot) Chrome/119.0.6045.214 Safari/537.36"
5.175.234.59 - - [18/Jul/2025:16:13:48 -0500] "GET / HTTP/1.1" 200 64961 "-" "-"
5.175.234.59 - - [18/Jul/2025:16:14:04 -0500] "GET / HTTP/1.1" 200 64961 "-" "-"
5.175.234.59 - - [18/Jul/2025:16:13:56 -0500] "GET / HTTP/1.1" 200 64961 "-" "-"
3.223.181.32 - - [18/Jul/2025:16:29:48 -0500] "GET /2024/02/24/ HTTP/1.1" 200 50975 "-" "Mozilla/5.0 AppleWebKit/537.36 (KHTML, like Gecko; compatible; Amazonbot/0.1; +https://developer.amazon.com/support/amazonbot) Chrome/119.0.6045.214 Safari/537.36"
172.213.21.148 - - [18/Jul/2025:17:02:14 -0500] "GET / HTTP/1.1" 200 64961 "-" "Mozilla/5.0 AppleWebKit/537.36 (KHTML, like Gecko); compatible; ChatGPT-User/1.0; +https://openai.com/bot"
66.249.79.69 - - [18/Jul/2025:17:07:49 -0500] "GET /robots.txt HTTP/1.1" 200 126 "-" "Mozilla/5.0 (compatible; Googlebot/2.1; +http://www.google.com/bot.html)"
66.249.79.68 - - [18/Jul/2025:17:08:09 -0500] "GET /%D9%85%D9%82%D8%A7%D8%A8%D9%84%D8%A9-%D8%A7%D9%84%D8%B3%D9%86%D9%88%D8%A7%D8%B1-%D9%88%D9%85%D9%82%D8%A7%D8%A8%D9%84%D8%A9-%D9%88%D8%A7%D9%82%D8%B9-%D8%AD%D9%85%D8%A7%D8%B3/ HTTP/1.1" 200 60012 "-" "Mozilla/5.0 (Linux; Android 6.0.1; Nexus 5X Build/MMB29P) AppleWebKit/537.36 (KHTML, like Gecko) Chrome/137.0.7151.103 Mobile Safari/537.36 (compatible; Googlebot/2.1; +http://www.google.com/bot.html)"
66.249.79.68 - - [18/Jul/2025:17:08:34 -0500] "POST /wp-admin/admin-ajax.php HTTP/1.1" 200 142 "https://mets-rebuild.corals.io/%D9%85%D9%82%D8%A7%D8%A8%D9%84%D8%A9-%D8%A7%D9%84%D8%B3%D9%86%D9%88%D8%A7%D8%B1-%D9%88%D9%85%D9%82%D8%A7%D8%A8%D9%84%D8%A9-%D9%88%D8%A7%D9%82%D8%B9-%D8%AD%D9%85%D8%A7%D8%B3/" "Mozilla/5.0 (Linux; Android 6.0.1; Nexus 5X Build/MMB29P) AppleWebKit/537.36 (KHTML, like Gecko) Chrome/137.0.7151.119 Mobile Safari/537.36 (compatible; Googlebot/2.1; +http://www.google.com/bot.html)"
209.145.62.177 - - [18/Jul/2025:17:08:46 -0500] "POST /wp-admin/admin-ajax.php?action=as_async_request_queue_runner&nonce=afdfa0c588 HTTP/1.1" 200 - "-" "WordPress/6.7.1; https://mets-rebuild.corals.io"
23.23.180.225 - - [18/Jul/2025:17:15:03 -0500] "GET /2023/08/07/ HTTP/1.1" 200 51107 "-" "Mozilla/5.0 AppleWebKit/537.36 (KHTML, like Gecko; compatible; Amazonbot/0.1; +https://developer.amazon.com/support/amazonbot) Chrome/119.0.6045.214 Safari/537.36"
23.20.178.124 - - [18/Jul/2025:17:17:15 -0500] "GET /2024/01/31/ HTTP/1.1" 200 50907 "-" "Mozilla/5.0 AppleWebKit/537.36 (KHTML, like Gecko; compatible; Amazonbot/0.1; +https://developer.amazon.com/support/amazonbot) Chrome/119.0.6045.214 Safari/537.36"
66.249.79.69 - - [18/Jul/2025:17:17:24 -0500] "GET /author/yasser/ HTTP/1.1" 200 56347 "-" "Mozilla/5.0 (Linux; Android 6.0.1; Nexus 5X Build/MMB29P) AppleWebKit/537.36 (KHTML, like Gecko) Chrome/137.0.7151.103 Mobile Safari/537.36 (compatible; Googlebot/2.1; +http://www.google.com/bot.html)"
66.249.79.68 - - [18/Jul/2025:17:17:38 -0500] "GET /wp-content/plugins/elementor-pro/assets/js/load-more.376b5bcb2e56386f470e.bundle.min.js HTTP/1.1" 200 1548 "https://mets-rebuild.corals.io/author/yasser/" "Mozilla/5.0 (Linux; Android 6.0.1; Nexus 5X Build/MMB29P) AppleWebKit/537.36 (KHTML, like Gecko) Chrome/137.0.7151.119 Mobile Safari/537.36 (compatible; Googlebot/2.1; +http://www.google.com/bot.html)"
66.249.79.69 - - [18/Jul/2025:17:17:40 -0500] "GET /wp-content/plugins/elementor-pro/assets/js/loop.8130a6b4d3121c5aaaae.bundle.min.js HTTP/1.1" 200 3191 "https://mets-rebuild.corals.io/author/yasser/" "Mozilla/5.0 (Linux; Android 6.0.1; Nexus 5X Build/MMB29P) AppleWebKit/537.36 (KHTML, like Gecko) Chrome/137.0.7151.119 Mobile Safari/537.36 (compatible; Googlebot/2.1; +http://www.google.com/bot.html)"
40.116.73.213 - - [18/Jul/2025:18:05:04 -0500] "GET / HTTP/1.1" 200 64960 "-" "Mozilla/5.0 AppleWebKit/537.36 (KHTML, like Gecko); compatible; ChatGPT-User/1.0; +https://openai.com/bot"
4.227.36.41 - - [18/Jul/2025:18:25:16 -0500] "GET /robots.txt HTTP/1.1" 200 126 "-" "Mozilla/5.0 AppleWebKit/537.36 (KHTML, like Gecko; compatible; GPTBot/1.2; +https://openai.com/gptbot)"
172.182.209.220 - - [18/Jul/2025:18:25:16 -0500] "GET /%D8%A7%D9%84%D9%85%D9%82%D8%A7%D9%85%D8%A7%D8%AA-%D8%A3%D9%88%D9%84%D9%8A%D8%A7%D8%A1-%D9%88%D8%BA%D8%B2%D8%A7%D8%A9-%D9%88%D8%A8%D8%A7%D8%AD%D8%AB%D9%88%D9%86-%D8%B9%D9%86-%D8%A7%D9%84%D8%B0/ HTTP/1.1" 200 63647 "-" "Mozilla/5.0 (Macintosh; Intel Mac OS X 10_15_7) AppleWebKit/537.36 (KHTML, like Gecko) Chrome/131.0.0.0 Safari/537.36; compatible; OAI-SearchBot/1.0; +https://openai.com/searchbot"
66.249.79.69 - - [18/Jul/2025:18:31:57 -0500] "GET /robots.txt HTTP/1.1" 200 126 "-" "Mozilla/5.0 (compatible; Googlebot/2.1; +http://www.google.com/bot.html)"
66.249.79.69 - - [18/Jul/2025:18:32:01 -0500] "GET /ctl-stories/timeline-stories/ HTTP/1.1" 200 53436 "-" "Mozilla/5.0 (Linux; Android 6.0.1; Nexus 5X Build/MMB29P) AppleWebKit/537.36 (KHTML, like Gecko) Chrome/137.0.7151.103 Mobile Safari/537.36 (compatible; Googlebot/2.1; +http://www.google.com/bot.html)"
66.249.79.69 - - [18/Jul/2025:18:32:08 -0500] "GET /wp-content/cache/minify/d5ca8.css HTTP/1.1" 200 3414 "https://mets-rebuild.corals.io/ctl-stories/timeline-stories/" "Mozilla/5.0 (Linux; Android 6.0.1; Nexus 5X Build/MMB29P) AppleWebKit/537.36 (KHTML, like Gecko) Chrome/137.0.7151.119 Mobile Safari/537.36 (compatible; Googlebot/2.1; +http://www.google.com/bot.html)"
66.249.79.69 - - [18/Jul/2025:18:32:12 -0500] "GET /wp-content/cache/minify/f7471.css HTTP/1.1" 200 30906 "https://mets-rebuild.corals.io/ctl-stories/timeline-stories/" "Mozilla/5.0 (Linux; Android 6.0.1; Nexus 5X Build/MMB29P) AppleWebKit/537.36 (KHTML, like Gecko) Chrome/137.0.7151.119 Mobile Safari/537.36 (compatible; Googlebot/2.1; +http://www.google.com/bot.html)"
66.249.79.69 - - [18/Jul/2025:18:32:15 -0500] "GET /wp-content/cache/minify/805ab.css HTTP/1.1" 200 5632 "https://mets-rebuild.corals.io/ctl-stories/timeline-stories/" "Mozilla/5.0 (Linux; Android 6.0.1; Nexus 5X Build/MMB29P) AppleWebKit/537.36 (KHTML, like Gecko) Chrome/137.0.7151.119 Mobile Safari/537.36 (compatible; Googlebot/2.1; +http://www.google.com/bot.html)"
74.7.36.89 - - [18/Jul/2025:18:40:45 -0500] "GET / HTTP/1.1" 200 64960 "-" "Mozilla/5.0 AppleWebKit/537.36 (KHTML, like Gecko); compatible; ChatGPT-User/1.0; +https://openai.com/bot"
216.73.216.24 - - [18/Jul/2025:19:01:57 -0500] "GET /robots.txt HTTP/1.1" 200 126 "-" "Mozilla/5.0 AppleWebKit/537.36 (KHTML, like Gecko; compatible; ClaudeBot/1.0; [email protected])"
216.73.216.24 - - [18/Jul/2025:19:02:09 -0500] "GET /sitemap.xml HTTP/1.1" 200 847 "-" "Mozilla/5.0 AppleWebKit/537.36 (KHTML, like Gecko; compatible; ClaudeBot/1.0; [email protected])"
110.238.108.241 - - [18/Jul/2025:19:05:44 -0500] "GET /%d9%85%d8%ae%d8%aa%d8%b5%d8%b1-%d9%85%d9%81%d9%8a%d8%af/ HTTP/1.1" 200 167950 "https://mets-rebuild.corals.io/%d9%85%d8%ae%d8%aa%d8%b5%d8%b1-%d9%85%d9%81%d9%8a%d8%af/" "Mozilla/5.0 (Macintosh; Intel Mac OS X 10_15_7) AppleWebKit/537.36 (KHTML, like Gecko) Chrome/123.0.0.0 Safari/537.36"
2a03:2880:f800:1b:: - - [18/Jul/2025:19:23:04 -0500] "GET /wp-sitemap.xml HTTP/1.1" 302 20 "-" "meta-externalagent/1.1 (+https://developers.facebook.com/docs/sharing/webmasters/crawler)"
5.175.234.59 - - [18/Jul/2025:19:36:13 -0500] "GET / HTTP/1.1" 200 64959 "-" "-"
5.175.234.59 - - [18/Jul/2025:19:36:23 -0500] "GET / HTTP/1.1" 200 64959 "-" "-"
5.175.234.59 - - [18/Jul/2025:19:36:18 -0500] "GET / HTTP/1.1" 200 64959 "-" "-"
216.73.216.24 - - [18/Jul/2025:19:38:30 -0500] "GET /sitemap.rss HTTP/1.1" 200 5072 "-" "Mozilla/5.0 AppleWebKit/537.36 (KHTML, like Gecko; compatible; ClaudeBot/1.0; [email protected])"
66.249.79.71 - - [18/Jul/2025:19:40:49 -0500] "GET /robots.txt HTTP/1.1" 200 126 "-" "Mozilla/5.0 (compatible; Googlebot/2.1; +http://www.google.com/bot.html)"
