Spamworldpro Mini Shell
Spamworldpro


Server : Apache
System : Linux server2.corals.io 4.18.0-348.2.1.el8_5.x86_64 #1 SMP Mon Nov 15 09:17:08 EST 2021 x86_64
User : corals ( 1002)
PHP Version : 7.4.33
Disable Function : exec,passthru,shell_exec,system
Directory :  /home/corals/access-logs/

Upload File :
current_dir [ Writeable ] document_root [ Writeable ]

 

Current File : //home/corals/access-logs/hessa.corals.io-ssl_log
57.141.0.26 - - [13/Jul/2025:07:02:07 -0500] "GET /wp-json/wp/v2/posts/1005 HTTP/1.1" 200 5243 "-" "meta-externalagent/1.1 (+https://developers.facebook.com/docs/sharing/webmasters/crawler)"
209.145.62.177 - - [13/Jul/2025:07:15:22 -0500] "POST /wp-cron.php?doing_wp_cron=1752408922.4581069946289062500000 HTTP/1.1" 200 - "-" "WordPress/6.6.2; https://hessa.corals.io"
2a03:2880:25ff:46:: - - [13/Jul/2025:07:15:21 -0500] "GET /robots.txt HTTP/1.1" 200 126 "-" "facebookexternalhit/1.1 (+http://www.facebook.com/externalhit_uatext.php)"
2a03:2880:f800:4:: - - [13/Jul/2025:08:05:08 -0500] "GET /wp-content/uploads/2021/11/1FDFD93C-ECD3-4116-AEC8-A132F524DBBF-1-370x248.jpeg HTTP/1.1" 200 17870 "-" "meta-externalagent/1.1 (+https://developers.facebook.com/docs/sharing/webmasters/crawler)"
209.145.62.177 - - [13/Jul/2025:08:12:29 -0500] "POST /wp-cron.php?doing_wp_cron=1752412349.5475220680236816406250 HTTP/1.1" 200 - "-" "WordPress/6.6.2; https://hessa.corals.io"
2a03:2880:f800:a:: - - [13/Jul/2025:08:12:24 -0500] "GET /wp-json/wp/v2/categories/241 HTTP/1.1" 200 1630 "-" "meta-externalagent/1.1 (+https://developers.facebook.com/docs/sharing/webmasters/crawler)"
209.145.62.177 - - [13/Jul/2025:08:22:48 -0500] "POST /wp-cron.php?doing_wp_cron=1752412968.7173500061035156250000 HTTP/1.1" 200 - "-" "WordPress/6.6.2; https://hessa.corals.io"
2a03:2880:f800:a:: - - [13/Jul/2025:08:22:47 -0500] "GET /wp-json/oembed/1.0/embed?url=https%3A%2F%2Fhessa.corals.io%2Ftags%2F HTTP/1.1" 200 1413 "-" "meta-externalagent/1.1 (+https://developers.facebook.com/docs/sharing/webmasters/crawler)"
2a03:2880:f800:19:: - - [13/Jul/2025:08:38:08 -0500] "GET /wp-content/uploads/2021/11/1FDFD93C-ECD3-4116-AEC8-A132F524DBBF-1.jpeg HTTP/1.1" 200 215827 "-" "meta-externalagent/1.1 (+https://developers.facebook.com/docs/sharing/webmasters/crawler)"
209.145.62.177 - - [13/Jul/2025:09:01:43 -0500] "POST /wp-cron.php?doing_wp_cron=1752415303.2271749973297119140625 HTTP/1.1" 200 - "-" "WordPress/6.6.2; https://hessa.corals.io"
205.210.31.183 - - [13/Jul/2025:09:01:37 -0500] "GET / HTTP/1.1" 200 27802 "-" "-"
209.145.62.177 - - [13/Jul/2025:09:26:24 -0500] "POST /wp-cron.php?doing_wp_cron=1752416784.2067689895629882812500 HTTP/1.1" 200 - "-" "WordPress/6.6.2; https://hessa.corals.io"
57.141.0.16 - - [13/Jul/2025:09:26:23 -0500] "GET /category/%d8%b9%d9%86%d9%8a/feed/ HTTP/1.1" 200 1351 "-" "meta-externalagent/1.1 (+https://developers.facebook.com/docs/sharing/webmasters/crawler)"
2a03:2880:f800:9:: - - [13/Jul/2025:09:39:05 -0500] "GET /wp-content/uploads/2021/11/1FDFD93C-ECD3-4116-AEC8-A132F524DBBF-1-642x431.jpeg HTTP/1.1" 200 47469 "-" "meta-externalagent/1.1 (+https://developers.facebook.com/docs/sharing/webmasters/crawler)"
209.145.62.177 - - [13/Jul/2025:10:00:14 -0500] "POST /wp-cron.php?doing_wp_cron=1752418814.7165529727935791015625 HTTP/1.1" 200 - "-" "WordPress/6.6.2; https://hessa.corals.io"
170.39.218.50 - - [13/Jul/2025:10:00:08 -0500] "GET /wp-content/plugins/elementor-pro/modules/lottie/assets/animations/default.js HTTP/1.1" 404 87065 "-" "Mozilla/5.0 (Windows NT 10.0; Win64; x64) AppleWebKit/537.36 Chrome/121.0.0.0"
57.141.0.27 - - [13/Jul/2025:10:08:20 -0500] "GET /wp-json/wp/v2/categories/233 HTTP/1.1" 200 1633 "-" "meta-externalagent/1.1 (+https://developers.facebook.com/docs/sharing/webmasters/crawler)"
209.145.62.177 - - [13/Jul/2025:10:31:19 -0500] "POST /wp-cron.php?doing_wp_cron=1752420679.0884840488433837890625 HTTP/1.1" 200 - "-" "WordPress/6.6.2; https://hessa.corals.io"
2a03:2880:f800:18:: - - [13/Jul/2025:10:31:18 -0500] "GET /wp-json/wp/v2/posts/3182 HTTP/1.1" 200 10439 "-" "meta-externalagent/1.1 (+https://developers.facebook.com/docs/sharing/webmasters/crawler)"
2a03:2880:f800:c:: - - [13/Jul/2025:10:37:11 -0500] "GET /wp-json/oembed/1.0/embed?url=https%3A%2F%2Fhessa.corals.io%2F%25d8%25b7%25d9%2584%25d8%25a8-%25d8%25ae%25d8%25af%25d9%2585%25d8%25a9%2F HTTP/1.1" 200 1286 "-" "meta-externalagent/1.1 (+https://developers.facebook.com/docs/sharing/webmasters/crawler)"
209.145.62.177 - - [13/Jul/2025:11:08:27 -0500] "POST /wp-cron.php?doing_wp_cron=1752422907.8613350391387939453125 HTTP/1.1" 200 - "-" "WordPress/6.6.2; https://hessa.corals.io"
2a03:2880:f800:15:: - - [13/Jul/2025:11:08:26 -0500] "GET /wp-json/oembed/1.0/embed?url=https%3A%2F%2Fhessa.corals.io%2F%25d8%25a8%25d9%2586%25d8%25aa-%25d8%25ac%25d9%2588%25d8%25b1%25d8%25af%25d8%25a7%25d9%2586%2F HTTP/1.1" 200 1215 "-" "meta-externalagent/1.1 (+https://developers.facebook.com/docs/sharing/webmasters/crawler)"
209.145.62.177 - - [13/Jul/2025:11:24:43 -0500] "POST /wp-cron.php?doing_wp_cron=1752423882.9913129806518554687500 HTTP/1.1" 200 - "-" "WordPress/6.6.2; https://hessa.corals.io"
2a03:2880:f800:6:: - - [13/Jul/2025:11:24:41 -0500] "GET /wp-json/wp/v2/posts/1327 HTTP/1.1" 200 3509 "-" "meta-externalagent/1.1 (+https://developers.facebook.com/docs/sharing/webmasters/crawler)"
2a03:2880:f800:d:: - - [13/Jul/2025:11:31:35 -0500] "GET /?p=1005 HTTP/1.1" 301 - "-" "meta-externalagent/1.1 (+https://developers.facebook.com/docs/sharing/webmasters/crawler)"
209.145.62.177 - - [13/Jul/2025:11:57:35 -0500] "POST /wp-cron.php?doing_wp_cron=1752425855.3503990173339843750000 HTTP/1.1" 200 - "-" "WordPress/6.6.2; https://hessa.corals.io"
57.141.0.19 - - [13/Jul/2025:11:57:33 -0500] "GET /wp-json/wp/v2/posts/1327 HTTP/1.1" 200 3509 "-" "meta-externalagent/1.1 (+https://developers.facebook.com/docs/sharing/webmasters/crawler)"
2a03:2880:f800:7:: - - [13/Jul/2025:12:05:21 -0500] "GET /wp-json/wp/v2/posts/2968 HTTP/1.1" 200 10550 "-" "meta-externalagent/1.1 (+https://developers.facebook.com/docs/sharing/webmasters/crawler)"
57.141.0.18 - - [13/Jul/2025:12:22:22 -0500] "GET /wp-content/uploads/2021/09/WhatsApp-Image-2021-08-31-at-1.13.10-PM-1-768x541.jpeg HTTP/1.1" 200 63189 "-" "meta-externalagent/1.1 (+https://developers.facebook.com/docs/sharing/webmasters/crawler)"
57.141.0.17 - - [13/Jul/2025:12:51:34 -0500] "GET /wp-content/uploads/2023/12/IMG_4939-1-850x541.jpeg HTTP/1.1" 200 51168 "-" "meta-externalagent/1.1 (+https://developers.facebook.com/docs/sharing/webmasters/crawler)"
2a03:2880:f800:13:: - - [13/Jul/2025:12:54:13 -0500] "GET /wp-content/uploads/2022/12/6AB03280-44C6-4721-963E-73214B1AE9F6-scaled-1-1080x810.jpeg HTTP/1.1" 200 105245 "-" "meta-externalagent/1.1 (+https://developers.facebook.com/docs/sharing/webmasters/crawler)"
209.145.62.177 - - [13/Jul/2025:13:08:44 -0500] "POST /wp-cron.php?doing_wp_cron=1752430124.1807510852813720703125 HTTP/1.1" 200 - "-" "WordPress/6.6.2; https://hessa.corals.io"
2a03:2880:f800:7:: - - [13/Jul/2025:13:08:39 -0500] "GET /wp-json/oembed/1.0/embed?url=https%3A%2F%2Fhessa.corals.io%2F%25d8%25b4%25d9%2588-%25d9%2584%25d9%2588%25d9%2586-%25d8%25b9%25d9%258a%25d9%2588%25d9%2586%25d9%2590%25d9%2583%25d8%259f%2F HTTP/1.1" 200 1163 "-" "meta-externalagent/1.1 (+https://developers.facebook.com/docs/sharing/webmasters/crawler)"
209.145.62.177 - - [13/Jul/2025:13:08:46 -0500] "POST /wp-cron.php HTTP/1.1" 200 - "-" "WordPress/6.6.2; https://hessa.corals.io"
209.145.62.177 - - [13/Jul/2025:13:08:46 -0500] "GET / HTTP/1.1" 200 27797 "-" "WordPress/6.6.2; https://hessa.corals.io"
209.145.62.177 - - [13/Jul/2025:13:08:51 -0500] "GET / HTTP/1.1" 200 27786 "-" "WordPress/6.6.2; https://hessa.corals.io"
209.145.62.177 - - [13/Jul/2025:13:08:52 -0500] "GET / HTTP/1.1" 200 27786 "-" "WordPress/6.6.2; https://hessa.corals.io"
209.145.62.177 - - [13/Jul/2025:13:08:53 -0500] "GET / HTTP/1.1" 200 27787 "-" "WordPress/6.6.2; https://hessa.corals.io"
209.145.62.177 - - [13/Jul/2025:13:40:44 -0500] "POST /wp-cron.php?doing_wp_cron=1752432044.5131399631500244140625 HTTP/1.1" 200 - "-" "WordPress/6.6.2; https://hessa.corals.io"
57.141.0.27 - - [13/Jul/2025:13:40:44 -0500] "GET /wp-json/wp/v2/tags/212 HTTP/1.1" 200 1547 "-" "meta-externalagent/1.1 (+https://developers.facebook.com/docs/sharing/webmasters/crawler)"
57.141.0.3 - - [13/Jul/2025:13:43:43 -0500] "GET /tag/%d8%a5%d9%8a%d9%83%d9%87%d8%a7%d8%b1%d8%aa/feed/ HTTP/1.1" 200 15297 "-" "meta-externalagent/1.1 (+https://developers.facebook.com/docs/sharing/webmasters/crawler)"
170.39.218.50 - - [13/Jul/2025:14:42:33 -0500] "GET /wp-content/cache/minify/7d76e.js HTTP/1.1" 200 158108 "-" "Mozilla/5.0 (Windows NT 10.0; Win64; x64) AppleWebKit/537.36 Chrome/121.0.0.0"
209.145.62.177 - - [13/Jul/2025:15:30:10 -0500] "POST /wp-cron.php?doing_wp_cron=1752438610.7653179168701171875000 HTTP/1.1" 200 - "-" "WordPress/6.6.2; https://hessa.corals.io"
167.94.138.179 - - [13/Jul/2025:15:30:07 -0500] "GET / HTTP/1.1" 200 27794 "-" "Mozilla/5.0 (compatible; CensysInspect/1.1; +https://about.censys.io/)"
2602:80d:1006::63 - - [13/Jul/2025:15:30:18 -0500] "GET /favicon.ico HTTP/1.1" 302 - "-" "Mozilla/5.0 (compatible; CensysInspect/1.1; +https://about.censys.io/)"
2602:80d:1006::63 - - [13/Jul/2025:15:30:20 -0500] "GET /wp-content/uploads/2024/09/cropped-b.w-vertical-without-line-scaled-2-32x32.jpg HTTP/1.1" 200 8244 "https://hessa.corals.io/favicon.ico" "Mozilla/5.0 (compatible; CensysInspect/1.1; +https://about.censys.io/)"
209.145.62.177 - - [13/Jul/2025:15:46:58 -0500] "POST /wp-cron.php?doing_wp_cron=1752439618.5737919807434082031250 HTTP/1.1" 200 - "-" "WordPress/6.6.2; https://hessa.corals.io"
2a03:2880:f800:5:: - - [13/Jul/2025:15:46:54 -0500] "GET /?p=1798 HTTP/1.1" 301 - "-" "meta-externalagent/1.1 (+https://developers.facebook.com/docs/sharing/webmasters/crawler)"
2a03:2880:f800:1a:: - - [13/Jul/2025:15:53:44 -0500] "GET /wp-content/uploads/2022/04/704B27CF-922B-40A1-A108-AF52A5EDAD8C-1-642x644.jpeg HTTP/1.1" 200 58074 "-" "meta-externalagent/1.1 (+https://developers.facebook.com/docs/sharing/webmasters/crawler)"
2a03:2880:f800:8:: - - [13/Jul/2025:16:24:39 -0500] "GET /wp-content/uploads/2022/04/704B27CF-922B-40A1-A108-AF52A5EDAD8C-1-150x150.jpeg HTTP/1.1" 200 5912 "-" "meta-externalagent/1.1 (+https://developers.facebook.com/docs/sharing/webmasters/crawler)"
2a03:2880:f800:8:: - - [13/Jul/2025:16:50:42 -0500] "GET /wp-content/uploads/2022/12/6AB03280-44C6-4721-963E-73214B1AE9F6-scaled-1-2048x1536.jpeg HTTP/1.1" 200 269565 "-" "meta-externalagent/1.1 (+https://developers.facebook.com/docs/sharing/webmasters/crawler)"
2a03:2880:f800:7:: - - [13/Jul/2025:16:58:50 -0500] "GET /wp-content/uploads/2022/03/IMG_5662-1-1-642x483.jpeg HTTP/1.1" 200 34638 "-" "meta-externalagent/1.1 (+https://developers.facebook.com/docs/sharing/webmasters/crawler)"
2a03:2880:f800:15:: - - [13/Jul/2025:17:00:17 -0500] "GET /wp-content/uploads/2022/02/74CC37F9-E6DB-41F7-B812-A0F860BA6AF1-1-769x1024.jpeg HTTP/1.1" 200 85309 "-" "meta-externalagent/1.1 (+https://developers.facebook.com/docs/sharing/webmasters/crawler)"
209.145.62.177 - - [13/Jul/2025:17:10:46 -0500] "POST /wp-cron.php?doing_wp_cron=1752444646.8089718818664550781250 HTTP/1.1" 200 - "-" "WordPress/6.6.2; https://hessa.corals.io"
2a03:2880:f800:: - - [13/Jul/2025:17:10:41 -0500] "GET /wp-json/oembed/1.0/embed?url=https%3A%2F%2Fhessa.corals.io%2F%25d8%25a3%25d8%25b1%25d8%25ae%25d9%2590-%25d9%2583%25d9%2581%25d9%2591%25d9%2583-%25d8%25b9%25d9%2584%25d9%2589-%25d8%25a3%25d9%2585%25d9%2586%25d9%258a%25d8%25a7%25d8%25aa%25d9%2583%2F HTTP/1.1" 200 1279 "-" "meta-externalagent/1.1 (+https://developers.facebook.com/docs/sharing/webmasters/crawler)"
2a03:2880:f800:1:: - - [13/Jul/2025:17:48:54 -0500] "GET /wp-content/uploads/2022/12/6AB03280-44C6-4721-963E-73214B1AE9F6-scaled-1-642x482.jpeg HTTP/1.1" 200 47686 "-" "meta-externalagent/1.1 (+https://developers.facebook.com/docs/sharing/webmasters/crawler)"
209.145.62.177 - - [13/Jul/2025:18:47:02 -0500] "POST /wp-cron.php?doing_wp_cron=1752450422.1239318847656250000000 HTTP/1.1" 200 - "-" "WordPress/6.6.2; https://hessa.corals.io"
2a03:2880:f800:11:: - - [13/Jul/2025:18:47:00 -0500] "GET /?p=1992 HTTP/1.1" 301 - "-" "meta-externalagent/1.1 (+https://developers.facebook.com/docs/sharing/webmasters/crawler)"
57.141.0.6 - - [13/Jul/2025:18:54:19 -0500] "GET /wp-content/uploads/2022/12/6AB03280-44C6-4721-963E-73214B1AE9F6-scaled-1-1024x768.jpeg HTTP/1.1" 200 96524 "-" "meta-externalagent/1.1 (+https://developers.facebook.com/docs/sharing/webmasters/crawler)"
170.39.218.50 - - [13/Jul/2025:19:09:52 -0500] "GET /wp-content/cache/minify/864c2.js HTTP/1.1" 200 39021 "-" "Mozilla/5.0 (Macintosh; Intel Mac OS X 10_15_7) AppleWebKit/537.36 Chrome/120.0.0.0"
209.145.62.177 - - [13/Jul/2025:19:30:04 -0500] "POST /wp-cron.php?doing_wp_cron=1752453004.5207619667053222656250 HTTP/1.1" 200 - "-" "WordPress/6.6.2; https://hessa.corals.io"
205.210.31.140 - - [13/Jul/2025:19:30:03 -0500] "GET / HTTP/1.1" 200 27794 "-" "-"
209.145.62.177 - - [13/Jul/2025:20:31:20 -0500] "POST /wp-cron.php?doing_wp_cron=1752456680.0602691173553466796875 HTTP/1.1" 200 - "-" "WordPress/6.6.2; https://hessa.corals.io"
206.168.34.79 - - [13/Jul/2025:20:31:18 -0500] "GET / HTTP/1.1" 200 27792 "-" "Mozilla/5.0 (compatible; CensysInspect/1.1; +https://about.censys.io/)"
2602:80d:1000::6f - - [13/Jul/2025:20:31:39 -0500] "GET /wp-content/uploads/2024/09/cropped-b.w-vertical-without-line-scaled-2-192x192.jpg HTTP/1.1" 200 10925 "-" "Mozilla/5.0 (compatible; CensysInspect/1.1; +https://about.censys.io/)"
2602:80d:1000::6f - - [13/Jul/2025:20:31:46 -0500] "GET /wp-content/uploads/2024/09/cropped-b.w-vertical-without-line-scaled-2-180x180.jpg HTTP/1.1" 200 10694 "-" "Mozilla/5.0 (compatible; CensysInspect/1.1; +https://about.censys.io/)"
2602:80d:1000::6f - - [13/Jul/2025:20:32:01 -0500] "GET /favicon.ico HTTP/1.1" 302 - "-" "Mozilla/5.0 (compatible; CensysInspect/1.1; +https://about.censys.io/)"
2a03:2880:f800:1c:: - - [13/Jul/2025:20:35:39 -0500] "GET /wp-content/uploads/2022/04/704B27CF-922B-40A1-A108-AF52A5EDAD8C-1-160x160.jpeg HTTP/1.1" 200 6432 "-" "meta-externalagent/1.1 (+https://developers.facebook.com/docs/sharing/webmasters/crawler)"
2a03:2880:f800:1d:: - - [13/Jul/2025:20:56:53 -0500] "GET /wp-content/uploads/2022/03/IMG_5662-1-1-1080x812.jpeg HTTP/1.1" 200 76262 "-" "meta-externalagent/1.1 (+https://developers.facebook.com/docs/sharing/webmasters/crawler)"
2a03:2880:f800:d:: - - [13/Jul/2025:21:07:42 -0500] "GET /wp-content/uploads/2022/02/74CC37F9-E6DB-41F7-B812-A0F860BA6AF1-1-1154x1536.jpeg HTTP/1.1" 200 161780 "-" "meta-externalagent/1.1 (+https://developers.facebook.com/docs/sharing/webmasters/crawler)"
2a03:2880:f800:15:: - - [13/Jul/2025:21:14:08 -0500] "GET /wp-content/uploads/2022/04/704B27CF-922B-40A1-A108-AF52A5EDAD8C-1-1080x1083.jpeg HTTP/1.1" 200 131882 "-" "meta-externalagent/1.1 (+https://developers.facebook.com/docs/sharing/webmasters/crawler)"
2a03:2880:f800:a:: - - [13/Jul/2025:21:16:13 -0500] "GET /wp-content/uploads/2022/12/6AB03280-44C6-4721-963E-73214B1AE9F6-scaled-1-370x278.jpeg HTTP/1.1" 200 20216 "-" "meta-externalagent/1.1 (+https://developers.facebook.com/docs/sharing/webmasters/crawler)"
2a03:2880:f800:12:: - - [13/Jul/2025:21:17:08 -0500] "GET /wp-content/uploads/2022/03/IMG_5662-1-1-300x225.jpeg HTTP/1.1" 200 10335 "-" "meta-externalagent/1.1 (+https://developers.facebook.com/docs/sharing/webmasters/crawler)"
2a03:2880:f800:18:: - - [13/Jul/2025:21:23:53 -0500] "GET /wp-content/uploads/2022/04/704B27CF-922B-40A1-A108-AF52A5EDAD8C-1-120x120.jpeg HTTP/1.1" 200 4237 "-" "meta-externalagent/1.1 (+https://developers.facebook.com/docs/sharing/webmasters/crawler)"
2a03:2880:f800:4:: - - [13/Jul/2025:21:26:47 -0500] "GET /wp-content/uploads/2022/03/IMG_5662-1-1-533x400.jpeg HTTP/1.1" 200 25816 "-" "meta-externalagent/1.1 (+https://developers.facebook.com/docs/sharing/webmasters/crawler)"
209.145.62.177 - - [13/Jul/2025:21:27:43 -0500] "POST /wp-cron.php?doing_wp_cron=1752460063.7944939136505126953125 HTTP/1.1" 200 - "-" "WordPress/6.6.2; https://hessa.corals.io"
2a03:2880:f800:b:: - - [13/Jul/2025:21:27:40 -0500] "GET /?p=2090 HTTP/1.1" 301 - "-" "meta-externalagent/1.1 (+https://developers.facebook.com/docs/sharing/webmasters/crawler)"
2a03:2880:f800:12:: - - [13/Jul/2025:21:30:41 -0500] "GET /wp-content/uploads/2022/12/6AB03280-44C6-4721-963E-73214B1AE9F6-scaled-1-533x400.jpeg HTTP/1.1" 200 35416 "-" "meta-externalagent/1.1 (+https://developers.facebook.com/docs/sharing/webmasters/crawler)"
2a03:2880:f800:a:: - - [13/Jul/2025:21:32:32 -0500] "GET /wp-content/uploads/2022/02/74CC37F9-E6DB-41F7-B812-A0F860BA6AF1-1-642x854.jpeg HTTP/1.1" 200 64010 "-" "meta-externalagent/1.1 (+https://developers.facebook.com/docs/sharing/webmasters/crawler)"
209.145.62.177 - - [13/Jul/2025:21:38:14 -0500] "POST /wp-cron.php?doing_wp_cron=1752460694.5054020881652832031250 HTTP/1.1" 200 - "-" "WordPress/6.6.2; https://hessa.corals.io"
2a03:2880:f800:12:: - - [13/Jul/2025:21:38:13 -0500] "GET /%d8%a8%d9%86%d8%aa-%d8%ac%d9%88%d8%b1%d8%af%d8%a7%d9%86/feed/ HTTP/1.1" 200 4878 "-" "meta-externalagent/1.1 (+https://developers.facebook.com/docs/sharing/webmasters/crawler)"
2a03:2880:f800:c:: - - [13/Jul/2025:21:46:28 -0500] "GET /wp-content/uploads/2022/04/704B27CF-922B-40A1-A108-AF52A5EDAD8C-1-370x370.jpeg HTTP/1.1" 200 23632 "-" "meta-externalagent/1.1 (+https://developers.facebook.com/docs/sharing/webmasters/crawler)"
2a03:2880:f800:14:: - - [13/Jul/2025:21:46:42 -0500] "GET /wp-json/wp/v2/posts/1566 HTTP/1.1" 200 3264 "-" "meta-externalagent/1.1 (+https://developers.facebook.com/docs/sharing/webmasters/crawler)"
2a03:2880:f800:7:: - - [13/Jul/2025:21:47:53 -0500] "GET /wp-content/uploads/2022/04/704B27CF-922B-40A1-A108-AF52A5EDAD8C-1-768x770.jpeg HTTP/1.1" 200 77153 "-" "meta-externalagent/1.1 (+https://developers.facebook.com/docs/sharing/webmasters/crawler)"
2a03:2880:f800:18:: - - [13/Jul/2025:21:56:24 -0500] "GET /1827-2/ HTTP/1.1" 200 20600 "-" "meta-externalagent/1.1 (+https://developers.facebook.com/docs/sharing/webmasters/crawler)"
2a03:2880:f800:4:: - - [13/Jul/2025:22:01:28 -0500] "GET /wp-content/uploads/2022/02/74CC37F9-E6DB-41F7-B812-A0F860BA6AF1-1-225x300.jpeg HTTP/1.1" 200 12610 "-" "meta-externalagent/1.1 (+https://developers.facebook.com/docs/sharing/webmasters/crawler)"
2a03:2880:f800:2:: - - [13/Jul/2025:22:06:58 -0500] "GET /?p=2293 HTTP/1.1" 301 - "-" "meta-externalagent/1.1 (+https://developers.facebook.com/docs/sharing/webmasters/crawler)"
2a03:2880:f800:1:: - - [13/Jul/2025:22:07:10 -0500] "GET /?p=2137 HTTP/1.1" 301 - "-" "meta-externalagent/1.1 (+https://developers.facebook.com/docs/sharing/webmasters/crawler)"
2a03:2880:f800:6:: - - [13/Jul/2025:22:10:50 -0500] "GET /wp-content/uploads/2022/02/74CC37F9-E6DB-41F7-B812-A0F860BA6AF1-1-370x493.jpeg HTTP/1.1" 200 26988 "-" "meta-externalagent/1.1 (+https://developers.facebook.com/docs/sharing/webmasters/crawler)"
2a03:2880:f800:: - - [13/Jul/2025:22:11:44 -0500] "GET /wp-content/uploads/2022/02/74CC37F9-E6DB-41F7-B812-A0F860BA6AF1-1-1080x1437.jpeg HTTP/1.1" 200 145324 "-" "meta-externalagent/1.1 (+https://developers.facebook.com/docs/sharing/webmasters/crawler)"
2a03:2880:f800:1c:: - - [13/Jul/2025:22:19:19 -0500] "GET /wp-content/uploads/2022/12/6AB03280-44C6-4721-963E-73214B1AE9F6-scaled-1-300x225.jpeg HTTP/1.1" 200 14455 "-" "meta-externalagent/1.1 (+https://developers.facebook.com/docs/sharing/webmasters/crawler)"
2a03:2880:f800:1b:: - - [13/Jul/2025:22:23:30 -0500] "GET /wp-content/uploads/2022/04/704B27CF-922B-40A1-A108-AF52A5EDAD8C-1-80x80.jpeg HTTP/1.1" 200 2631 "-" "meta-externalagent/1.1 (+https://developers.facebook.com/docs/sharing/webmasters/crawler)"
2a03:2880:f800:: - - [13/Jul/2025:22:27:14 -0500] "GET /wp-content/uploads/2022/12/6AB03280-44C6-4721-963E-73214B1AE9F6-scaled-1-1290x968.jpeg HTTP/1.1" 200 136645 "-" "meta-externalagent/1.1 (+https://developers.facebook.com/docs/sharing/webmasters/crawler)"
170.39.218.50 - - [13/Jul/2025:22:27:31 -0500] "GET /wp-content/cache/minify/1f540.js HTTP/1.1" 200 3331 "-" "Mozilla/5.0 (Windows NT 10.0; Win64; x64) AppleWebKit/537.36 Chrome/121.0.0.0"
2a03:2880:f800:1b:: - - [13/Jul/2025:22:28:00 -0500] "GET /wp-content/uploads/2022/03/IMG_5662-1-1-768x578.jpeg HTTP/1.1" 200 45589 "-" "meta-externalagent/1.1 (+https://developers.facebook.com/docs/sharing/webmasters/crawler)"
2a03:2880:f800:19:: - - [13/Jul/2025:22:34:08 -0500] "GET /wp-content/uploads/2022/03/IMG_5662-1-1-1024x770.jpeg HTTP/1.1" 200 70615 "-" "meta-externalagent/1.1 (+https://developers.facebook.com/docs/sharing/webmasters/crawler)"
2a03:2880:f800:5:: - - [13/Jul/2025:22:43:37 -0500] "GET /wp-content/uploads/2022/04/704B27CF-922B-40A1-A108-AF52A5EDAD8C-1.jpeg HTTP/1.1" 200 1625560 "-" "meta-externalagent/1.1 (+https://developers.facebook.com/docs/sharing/webmasters/crawler)"
2a03:2880:f800:f:: - - [13/Jul/2025:22:47:04 -0500] "GET /wp-content/uploads/2022/12/6AB03280-44C6-4721-963E-73214B1AE9F6-scaled-1-1536x1152.jpeg HTTP/1.1" 200 176254 "-" "meta-externalagent/1.1 (+https://developers.facebook.com/docs/sharing/webmasters/crawler)"
205.210.31.172 - - [13/Jul/2025:22:50:39 -0500] "GET / HTTP/1.1" 200 27785 "http://172.67.142.109:80/" "-"
2a03:2880:f800:1:: - - [13/Jul/2025:22:53:48 -0500] "GET /wp-content/uploads/2022/04/704B27CF-922B-40A1-A108-AF52A5EDAD8C-1-1022x1024.jpeg HTTP/1.1" 200 121341 "-" "meta-externalagent/1.1 (+https://developers.facebook.com/docs/sharing/webmasters/crawler)"
2a03:2880:f800:1b:: - - [13/Jul/2025:22:54:32 -0500] "GET /wp-content/uploads/2022/03/IMG_5662-1-1-370x278.jpeg HTTP/1.1" 200 14507 "-" "meta-externalagent/1.1 (+https://developers.facebook.com/docs/sharing/webmasters/crawler)"
2a03:2880:f800:1c:: - - [13/Jul/2025:23:04:02 -0500] "GET /wp-content/uploads/2022/12/6AB03280-44C6-4721-963E-73214B1AE9F6-scaled-1-768x576.jpeg HTTP/1.1" 200 62358 "-" "meta-externalagent/1.1 (+https://developers.facebook.com/docs/sharing/webmasters/crawler)"
209.145.62.177 - - [13/Jul/2025:23:19:58 -0500] "POST /wp-cron.php?doing_wp_cron=1752466798.0581870079040527343750 HTTP/1.1" 200 - "-" "WordPress/6.6.2; https://hessa.corals.io"
2a03:2880:f800:a:: - - [13/Jul/2025:23:19:57 -0500] "GET /wp-json/wp/v2/posts/2090 HTTP/1.1" 200 9225 "-" "meta-externalagent/1.1 (+https://developers.facebook.com/docs/sharing/webmasters/crawler)"
2a03:2880:f800:1c:: - - [13/Jul/2025:23:23:05 -0500] "GET /wp-content/uploads/2022/03/IMG_5662-1-1.jpeg HTTP/1.1" 200 887222 "-" "meta-externalagent/1.1 (+https://developers.facebook.com/docs/sharing/webmasters/crawler)"
2a03:2880:f800:14:: - - [13/Jul/2025:23:25:04 -0500] "GET /wp-json/wp/v2/posts/3117 HTTP/1.1" 200 8722 "-" "meta-externalagent/1.1 (+https://developers.facebook.com/docs/sharing/webmasters/crawler)"
2a03:2880:f800:d:: - - [13/Jul/2025:23:36:00 -0500] "GET /wp-json/oembed/1.0/embed?url=https%3A%2F%2Fhessa.corals.io%2F%25d8%25b9%25d9%2585%25d9%2591%25d8%25a7-%25d8%25aa%25d9%2581%25d8%25b9%25d9%2584%25d9%2587-%25d9%2587%25d8%25b0%25d9%2587-%25d8%25a7%25d9%2584%25d8%25a3%25d8%25ad%25d8%25af%25d8%25a7%25d8%25ab-%25d9%2581%25d9%258a%25d9%2586%25d8%25a7-%25d8%25aa%25d8%25af%25d9%2588%25d9%258a%25d9%2586%25d8%25a9-%25d9%2581%25d9%258a-%25d8%25a7%2F HTTP/1.1" 200 1334 "-" "meta-externalagent/1.1 (+https://developers.facebook.com/docs/sharing/webmasters/crawler)"
209.145.62.177 - - [13/Jul/2025:23:42:03 -0500] "POST /wp-cron.php?doing_wp_cron=1752468123.6467750072479248046875 HTTP/1.1" 200 - "-" "WordPress/6.6.2; https://hessa.corals.io"
2a03:2880:f800:: - - [13/Jul/2025:23:42:03 -0500] "GET /wp-json/wp/v2/posts/3093 HTTP/1.1" 200 9900 "-" "meta-externalagent/1.1 (+https://developers.facebook.com/docs/sharing/webmasters/crawler)"
2a03:2880:27ff:4:: - - [14/Jul/2025:00:07:56 -0500] "GET /%d8%a3%d8%b1%d8%ac%d9%88%d9%83-%d9%84%d8%a7-%d8%aa%d9%83%d9%86-%d9%85%d8%ab%d9%82%d9%81%d8%a7%d9%8b/ HTTP/1.1" 200 21740 "-" "meta-externalagent/1.1 (+https://developers.facebook.com/docs/sharing/webmasters/crawler)"
2a03:2880:27ff:4:: - - [14/Jul/2025:00:07:58 -0500] "GET /wp-content/plugins/advanced-popups/fonts/advanced-popups-icons.woff HTTP/1.1" 200 694 "-" "meta-externalagent/1.1 (+https://developers.facebook.com/docs/sharing/webmasters/crawler)"
2a03:2880:27ff:9:: - - [14/Jul/2025:00:07:58 -0500] "GET /wp-content/plugins/trx_addons/components/lazy-load/images/placeholder.png HTTP/1.1" 200 644 "-" "meta-externalagent/1.1 (+https://developers.facebook.com/docs/sharing/webmasters/crawler)"
2a03:2880:27ff:9:: - - [14/Jul/2025:00:07:58 -0500] "GET /wp-content/cache/minify/1f540.js HTTP/1.1" 200 3331 "-" "meta-externalagent/1.1 (+https://developers.facebook.com/docs/sharing/webmasters/crawler)"
2a03:2880:27ff:1:: - - [14/Jul/2025:00:07:58 -0500] "GET /wp-content/cache/minify/1d0fb.css HTTP/1.1" 200 18734 "-" "meta-externalagent/1.1 (+https://developers.facebook.com/docs/sharing/webmasters/crawler)"
2a03:2880:27ff:74:: - - [14/Jul/2025:00:07:58 -0500] "GET /wp-content/cache/minify/ce290.css HTTP/1.1" 200 2884 "-" "meta-externalagent/1.1 (+https://developers.facebook.com/docs/sharing/webmasters/crawler)"
2a03:2880:27ff:72:: - - [14/Jul/2025:00:07:58 -0500] "GET /wp-content/cache/minify/0dc54.css HTTP/1.1" 200 13232 "-" "meta-externalagent/1.1 (+https://developers.facebook.com/docs/sharing/webmasters/crawler)"
2a03:2880:27ff:5:: - - [14/Jul/2025:00:07:58 -0500] "GET /wp-content/cache/minify/46cf5.js HTTP/1.1" 200 12371 "-" "meta-externalagent/1.1 (+https://developers.facebook.com/docs/sharing/webmasters/crawler)"
2a03:2880:27ff:4:: - - [14/Jul/2025:00:07:58 -0500] "GET /wp-content/cache/minify/4d825.css HTTP/1.1" 200 168589 "-" "meta-externalagent/1.1 (+https://developers.facebook.com/docs/sharing/webmasters/crawler)"
2a03:2880:27ff:5:: - - [14/Jul/2025:00:07:58 -0500] "GET /wp-content/cache/minify/4c6b1.css HTTP/1.1" 200 155612 "-" "meta-externalagent/1.1 (+https://developers.facebook.com/docs/sharing/webmasters/crawler)"
2a03:2880:27ff:7:: - - [14/Jul/2025:00:07:58 -0500] "GET /wp-content/cache/minify/3140b.js HTTP/1.1" 200 31016 "-" "meta-externalagent/1.1 (+https://developers.facebook.com/docs/sharing/webmasters/crawler)"
2a03:2880:27ff:6:: - - [14/Jul/2025:00:07:58 -0500] "GET /wp-content/cache/minify/65a72.js HTTP/1.1" 200 112910 "-" "meta-externalagent/1.1 (+https://developers.facebook.com/docs/sharing/webmasters/crawler)"
2a03:2880:27ff:9:: - - [14/Jul/2025:00:07:59 -0500] "GET /wp-content/plugins/trx_addons/css/images/placeholder.png HTTP/1.1" 200 644 "-" "meta-externalagent/1.1 (+https://developers.facebook.com/docs/sharing/webmasters/crawler)"
2a03:2880:27ff:72:: - - [14/Jul/2025:00:07:59 -0500] "GET /wp-content/cache/minify/abbed.js HTTP/1.1" 200 2605 "-" "meta-externalagent/1.1 (+https://developers.facebook.com/docs/sharing/webmasters/crawler)"
2a03:2880:27ff:3:: - - [14/Jul/2025:00:07:59 -0500] "GET /wp-content/plugins/powerkit/assets/fonts/powerkit-icons.woff?ver=2.9.4 HTTP/1.1" 200 16752 "-" "meta-externalagent/1.1 (+https://developers.facebook.com/docs/sharing/webmasters/crawler)"
2a03:2880:27ff:2:: - - [14/Jul/2025:00:07:59 -0500] "GET /wp-content/cache/minify/f2459.js HTTP/1.1" 200 16202 "-" "meta-externalagent/1.1 (+https://developers.facebook.com/docs/sharing/webmasters/crawler)"
2a03:2880:27ff:9:: - - [14/Jul/2025:00:07:59 -0500] "GET /wp-content/cache/minify/70688.js HTTP/1.1" 200 21513 "-" "meta-externalagent/1.1 (+https://developers.facebook.com/docs/sharing/webmasters/crawler)"
2a03:2880:27ff:72:: - - [14/Jul/2025:00:07:59 -0500] "GET /wp-content/cache/minify/819a7.js HTTP/1.1" 200 29045 "-" "meta-externalagent/1.1 (+https://developers.facebook.com/docs/sharing/webmasters/crawler)"
2a03:2880:27ff:2:: - - [14/Jul/2025:00:07:59 -0500] "GET /wp-content/plugins/trx_addons/css/font-icons/font/trx_addons_icons.woff2?75088123 HTTP/1.1" 200 57116 "-" "meta-externalagent/1.1 (+https://developers.facebook.com/docs/sharing/webmasters/crawler)"
2a03:2880:27ff:8:: - - [14/Jul/2025:00:07:59 -0500] "GET /wp-content/themes/kicker/skins/writer/css/font-icons/font/fontello.woff2?61227170 HTTP/1.1" 200 90505 "-" "meta-externalagent/1.1 (+https://developers.facebook.com/docs/sharing/webmasters/crawler)"
2a03:2880:27ff:4:: - - [14/Jul/2025:00:07:59 -0500] "GET /wp-content/themes/kicker-child/fonts/calibri-arabic.ttf HTTP/1.1" 200 678381 "-" "meta-externalagent/1.1 (+https://developers.facebook.com/docs/sharing/webmasters/crawler)"
85.204.70.114 - - [14/Jul/2025:00:21:18 -0500] "GET / HTTP/1.1" 200 27787 "-" "Mozilla/5.0 (Windows NT 10.0; Win64; x64) AppleWebKit/537.36 (KHTML, like Gecko) Chrome/78.0.3904.108 Safari/537.36"
85.204.70.114 - - [14/Jul/2025:00:21:21 -0500] "GET //wp-includes/wlwmanifest.xml HTTP/1.1" 301 - "-" "Mozilla/5.0 (Windows NT 10.0; Win64; x64) AppleWebKit/537.36 (KHTML, like Gecko) Chrome/78.0.3904.108 Safari/537.36"
85.204.70.114 - - [14/Jul/2025:00:21:22 -0500] "GET //xmlrpc.php?rsd HTTP/1.1" 200 303 "-" "Mozilla/5.0 (Windows NT 10.0; Win64; x64) AppleWebKit/537.36 (KHTML, like Gecko) Chrome/78.0.3904.108 Safari/537.36"
85.204.70.114 - - [14/Jul/2025:00:21:23 -0500] "GET //?author=1 HTTP/1.1" 301 - "-" "Mozilla/5.0 (Windows NT 10.0; Win64; x64) AppleWebKit/537.36 (KHTML, like Gecko) Chrome/78.0.3904.108 Safari/537.36"
85.204.70.114 - - [14/Jul/2025:00:21:24 -0500] "GET //?author=2 HTTP/1.1" 301 - "-" "Mozilla/5.0 (Windows NT 10.0; Win64; x64) AppleWebKit/537.36 (KHTML, like Gecko) Chrome/78.0.3904.108 Safari/537.36"
85.204.70.114 - - [14/Jul/2025:00:21:25 -0500] "GET //wp-json/wp/v2/users/ HTTP/1.1" 200 1691 "-" "Mozilla/5.0 (Windows NT 10.0; Win64; x64) AppleWebKit/537.36 (KHTML, like Gecko) Chrome/78.0.3904.108 Safari/537.36"
85.204.70.114 - - [14/Jul/2025:00:21:27 -0500] "GET //wp-json/oembed/1.0/embed?url=https://hessa.corals.io/ HTTP/1.1" 200 1470 "-" "Mozilla/5.0 (Windows NT 10.0; Win64; x64) AppleWebKit/537.36 (KHTML, like Gecko) Chrome/78.0.3904.108 Safari/537.36"
85.204.70.114 - - [14/Jul/2025:00:21:28 -0500] "POST //xmlrpc.php HTTP/1.1" 200 269 "-" "Mozilla/5.0 (Windows NT 10.0; Win64; x64) AppleWebKit/537.36 (KHTML, like Gecko) Chrome/78.0.3904.108 Safari/537.36"
85.204.70.114 - - [14/Jul/2025:00:21:29 -0500] "POST //xmlrpc.php HTTP/1.1" 200 269 "-" "Mozilla/5.0 (Windows NT 10.0; Win64; x64) AppleWebKit/537.36 (KHTML, like Gecko) Chrome/78.0.3904.108 Safari/537.36"
85.204.70.114 - - [14/Jul/2025:00:21:30 -0500] "POST //xmlrpc.php HTTP/1.1" 200 269 "-" "Mozilla/5.0 (Windows NT 10.0; Win64; x64) AppleWebKit/537.36 (KHTML, like Gecko) Chrome/78.0.3904.108 Safari/537.36"
85.204.70.114 - - [14/Jul/2025:00:21:31 -0500] "POST //xmlrpc.php HTTP/1.1" 200 269 "-" "Mozilla/5.0 (Windows NT 10.0; Win64; x64) AppleWebKit/537.36 (KHTML, like Gecko) Chrome/78.0.3904.108 Safari/537.36"
85.204.70.114 - - [14/Jul/2025:00:21:33 -0500] "POST //xmlrpc.php HTTP/1.1" 200 269 "-" "Mozilla/5.0 (Windows NT 10.0; Win64; x64) AppleWebKit/537.36 (KHTML, like Gecko) Chrome/78.0.3904.108 Safari/537.36"
85.204.70.114 - - [14/Jul/2025:00:21:34 -0500] "POST //xmlrpc.php HTTP/1.1" 200 269 "-" "Mozilla/5.0 (Windows NT 10.0; Win64; x64) AppleWebKit/537.36 (KHTML, like Gecko) Chrome/78.0.3904.108 Safari/537.36"
85.204.70.114 - - [14/Jul/2025:00:21:35 -0500] "POST //xmlrpc.php HTTP/1.1" 200 269 "-" "Mozilla/5.0 (Windows NT 10.0; Win64; x64) AppleWebKit/537.36 (KHTML, like Gecko) Chrome/78.0.3904.108 Safari/537.36"
85.204.70.114 - - [14/Jul/2025:00:21:36 -0500] "POST //xmlrpc.php HTTP/1.1" 200 269 "-" "Mozilla/5.0 (Windows NT 10.0; Win64; x64) AppleWebKit/537.36 (KHTML, like Gecko) Chrome/78.0.3904.108 Safari/537.36"
85.204.70.114 - - [14/Jul/2025:00:21:37 -0500] "POST //xmlrpc.php HTTP/1.1" 200 269 "-" "Mozilla/5.0 (Windows NT 10.0; Win64; x64) AppleWebKit/537.36 (KHTML, like Gecko) Chrome/78.0.3904.108 Safari/537.36"
85.204.70.114 - - [14/Jul/2025:00:21:39 -0500] "POST //xmlrpc.php HTTP/1.1" 200 269 "-" "Mozilla/5.0 (Windows NT 10.0; Win64; x64) AppleWebKit/537.36 (KHTML, like Gecko) Chrome/78.0.3904.108 Safari/537.36"
85.204.70.114 - - [14/Jul/2025:00:21:40 -0500] "POST //xmlrpc.php HTTP/1.1" 200 269 "-" "Mozilla/5.0 (Windows NT 10.0; Win64; x64) AppleWebKit/537.36 (KHTML, like Gecko) Chrome/78.0.3904.108 Safari/537.36"
85.204.70.114 - - [14/Jul/2025:00:21:41 -0500] "POST //xmlrpc.php HTTP/1.1" 200 269 "-" "Mozilla/5.0 (Windows NT 10.0; Win64; x64) AppleWebKit/537.36 (KHTML, like Gecko) Chrome/78.0.3904.108 Safari/537.36"
85.204.70.114 - - [14/Jul/2025:00:21:42 -0500] "POST //xmlrpc.php HTTP/1.1" 200 269 "-" "Mozilla/5.0 (Windows NT 10.0; Win64; x64) AppleWebKit/537.36 (KHTML, like Gecko) Chrome/78.0.3904.108 Safari/537.36"
85.204.70.114 - - [14/Jul/2025:00:21:43 -0500] "POST //xmlrpc.php HTTP/1.1" 200 269 "-" "Mozilla/5.0 (Windows NT 10.0; Win64; x64) AppleWebKit/537.36 (KHTML, like Gecko) Chrome/78.0.3904.108 Safari/537.36"
85.204.70.114 - - [14/Jul/2025:00:21:44 -0500] "POST //xmlrpc.php HTTP/1.1" 200 269 "-" "Mozilla/5.0 (Windows NT 10.0; Win64; x64) AppleWebKit/537.36 (KHTML, like Gecko) Chrome/78.0.3904.108 Safari/537.36"
85.204.70.114 - - [14/Jul/2025:00:21:45 -0500] "POST //xmlrpc.php HTTP/1.1" 200 269 "-" "Mozilla/5.0 (Windows NT 10.0; Win64; x64) AppleWebKit/537.36 (KHTML, like Gecko) Chrome/78.0.3904.108 Safari/537.36"
85.204.70.114 - - [14/Jul/2025:00:21:46 -0500] "POST //xmlrpc.php HTTP/1.1" 200 269 "-" "Mozilla/5.0 (Windows NT 10.0; Win64; x64) AppleWebKit/537.36 (KHTML, like Gecko) Chrome/78.0.3904.108 Safari/537.36"
85.204.70.114 - - [14/Jul/2025:00:21:47 -0500] "POST //xmlrpc.php HTTP/1.1" 200 269 "-" "Mozilla/5.0 (Windows NT 10.0; Win64; x64) AppleWebKit/537.36 (KHTML, like Gecko) Chrome/78.0.3904.108 Safari/537.36"
85.204.70.114 - - [14/Jul/2025:00:21:48 -0500] "POST //xmlrpc.php HTTP/1.1" 200 269 "-" "Mozilla/5.0 (Windows NT 10.0; Win64; x64) AppleWebKit/537.36 (KHTML, like Gecko) Chrome/78.0.3904.108 Safari/537.36"
85.204.70.114 - - [14/Jul/2025:00:21:49 -0500] "POST //xmlrpc.php HTTP/1.1" 200 269 "-" "Mozilla/5.0 (Windows NT 10.0; Win64; x64) AppleWebKit/537.36 (KHTML, like Gecko) Chrome/78.0.3904.108 Safari/537.36"
85.204.70.114 - - [14/Jul/2025:00:21:51 -0500] "POST //xmlrpc.php HTTP/1.1" 200 269 "-" "Mozilla/5.0 (Windows NT 10.0; Win64; x64) AppleWebKit/537.36 (KHTML, like Gecko) Chrome/78.0.3904.108 Safari/537.36"
85.204.70.114 - - [14/Jul/2025:00:21:52 -0500] "POST //xmlrpc.php HTTP/1.1" 200 269 "-" "Mozilla/5.0 (Windows NT 10.0; Win64; x64) AppleWebKit/537.36 (KHTML, like Gecko) Chrome/78.0.3904.108 Safari/537.36"
85.204.70.114 - - [14/Jul/2025:00:21:53 -0500] "POST //xmlrpc.php HTTP/1.1" 200 269 "-" "Mozilla/5.0 (Windows NT 10.0; Win64; x64) AppleWebKit/537.36 (KHTML, like Gecko) Chrome/78.0.3904.108 Safari/537.36"
85.204.70.114 - - [14/Jul/2025:00:21:54 -0500] "POST //xmlrpc.php HTTP/1.1" 200 269 "-" "Mozilla/5.0 (Windows NT 10.0; Win64; x64) AppleWebKit/537.36 (KHTML, like Gecko) Chrome/78.0.3904.108 Safari/537.36"
85.204.70.114 - - [14/Jul/2025:00:21:55 -0500] "POST //xmlrpc.php HTTP/1.1" 200 269 "-" "Mozilla/5.0 (Windows NT 10.0; Win64; x64) AppleWebKit/537.36 (KHTML, like Gecko) Chrome/78.0.3904.108 Safari/537.36"
85.204.70.114 - - [14/Jul/2025:00:21:56 -0500] "POST //xmlrpc.php HTTP/1.1" 200 269 "-" "Mozilla/5.0 (Windows NT 10.0; Win64; x64) AppleWebKit/537.36 (KHTML, like Gecko) Chrome/78.0.3904.108 Safari/537.36"
85.204.70.114 - - [14/Jul/2025:00:21:57 -0500] "POST //xmlrpc.php HTTP/1.1" 200 269 "-" "Mozilla/5.0 (Windows NT 10.0; Win64; x64) AppleWebKit/537.36 (KHTML, like Gecko) Chrome/78.0.3904.108 Safari/537.36"
85.204.70.114 - - [14/Jul/2025:00:21:58 -0500] "POST //xmlrpc.php HTTP/1.1" 200 269 "-" "Mozilla/5.0 (Windows NT 10.0; Win64; x64) AppleWebKit/537.36 (KHTML, like Gecko) Chrome/78.0.3904.108 Safari/537.36"
85.204.70.114 - - [14/Jul/2025:00:21:59 -0500] "POST //xmlrpc.php HTTP/1.1" 200 269 "-" "Mozilla/5.0 (Windows NT 10.0; Win64; x64) AppleWebKit/537.36 (KHTML, like Gecko) Chrome/78.0.3904.108 Safari/537.36"
85.204.70.114 - - [14/Jul/2025:00:22:00 -0500] "POST //xmlrpc.php HTTP/1.1" 200 269 "-" "Mozilla/5.0 (Windows NT 10.0; Win64; x64) AppleWebKit/537.36 (KHTML, like Gecko) Chrome/78.0.3904.108 Safari/537.36"
85.204.70.114 - - [14/Jul/2025:00:22:02 -0500] "POST //xmlrpc.php HTTP/1.1" 200 269 "-" "Mozilla/5.0 (Windows NT 10.0; Win64; x64) AppleWebKit/537.36 (KHTML, like Gecko) Chrome/78.0.3904.108 Safari/537.36"
85.204.70.114 - - [14/Jul/2025:00:22:03 -0500] "POST //xmlrpc.php HTTP/1.1" 200 269 "-" "Mozilla/5.0 (Windows NT 10.0; Win64; x64) AppleWebKit/537.36 (KHTML, like Gecko) Chrome/78.0.3904.108 Safari/537.36"
85.204.70.114 - - [14/Jul/2025:00:22:05 -0500] "POST //xmlrpc.php HTTP/1.1" 200 269 "-" "Mozilla/5.0 (Windows NT 10.0; Win64; x64) AppleWebKit/537.36 (KHTML, like Gecko) Chrome/78.0.3904.108 Safari/537.36"
85.204.70.114 - - [14/Jul/2025:00:22:07 -0500] "POST //xmlrpc.php HTTP/1.1" 200 269 "-" "Mozilla/5.0 (Windows NT 10.0; Win64; x64) AppleWebKit/537.36 (KHTML, like Gecko) Chrome/78.0.3904.108 Safari/537.36"
85.204.70.114 - - [14/Jul/2025:00:22:09 -0500] "POST //xmlrpc.php HTTP/1.1" 200 269 "-" "Mozilla/5.0 (Windows NT 10.0; Win64; x64) AppleWebKit/537.36 (KHTML, like Gecko) Chrome/78.0.3904.108 Safari/537.36"
85.204.70.114 - - [14/Jul/2025:00:22:10 -0500] "POST //xmlrpc.php HTTP/1.1" 200 269 "-" "Mozilla/5.0 (Windows NT 10.0; Win64; x64) AppleWebKit/537.36 (KHTML, like Gecko) Chrome/78.0.3904.108 Safari/537.36"
85.204.70.114 - - [14/Jul/2025:00:22:11 -0500] "POST //xmlrpc.php HTTP/1.1" 200 269 "-" "Mozilla/5.0 (Windows NT 10.0; Win64; x64) AppleWebKit/537.36 (KHTML, like Gecko) Chrome/78.0.3904.108 Safari/537.36"
85.204.70.114 - - [14/Jul/2025:00:22:12 -0500] "POST //xmlrpc.php HTTP/1.1" 200 269 "-" "Mozilla/5.0 (Windows NT 10.0; Win64; x64) AppleWebKit/537.36 (KHTML, like Gecko) Chrome/78.0.3904.108 Safari/537.36"
85.204.70.114 - - [14/Jul/2025:00:22:13 -0500] "POST //xmlrpc.php HTTP/1.1" 200 269 "-" "Mozilla/5.0 (Windows NT 10.0; Win64; x64) AppleWebKit/537.36 (KHTML, like Gecko) Chrome/78.0.3904.108 Safari/537.36"
85.204.70.114 - - [14/Jul/2025:00:22:14 -0500] "POST //xmlrpc.php HTTP/1.1" 200 269 "-" "Mozilla/5.0 (Windows NT 10.0; Win64; x64) AppleWebKit/537.36 (KHTML, like Gecko) Chrome/78.0.3904.108 Safari/537.36"
85.204.70.114 - - [14/Jul/2025:00:22:15 -0500] "POST //xmlrpc.php HTTP/1.1" 200 269 "-" "Mozilla/5.0 (Windows NT 10.0; Win64; x64) AppleWebKit/537.36 (KHTML, like Gecko) Chrome/78.0.3904.108 Safari/537.36"
85.204.70.114 - - [14/Jul/2025:00:22:16 -0500] "POST //xmlrpc.php HTTP/1.1" 200 269 "-" "Mozilla/5.0 (Windows NT 10.0; Win64; x64) AppleWebKit/537.36 (KHTML, like Gecko) Chrome/78.0.3904.108 Safari/537.36"
85.204.70.114 - - [14/Jul/2025:00:22:16 -0500] "POST //xmlrpc.php HTTP/1.1" 200 269 "-" "Mozilla/5.0 (Windows NT 10.0; Win64; x64) AppleWebKit/537.36 (KHTML, like Gecko) Chrome/78.0.3904.108 Safari/537.36"
85.204.70.114 - - [14/Jul/2025:00:22:17 -0500] "POST //xmlrpc.php HTTP/1.1" 200 269 "-" "Mozilla/5.0 (Windows NT 10.0; Win64; x64) AppleWebKit/537.36 (KHTML, like Gecko) Chrome/78.0.3904.108 Safari/537.36"
85.204.70.114 - - [14/Jul/2025:00:22:18 -0500] "POST //xmlrpc.php HTTP/1.1" 200 269 "-" "Mozilla/5.0 (Windows NT 10.0; Win64; x64) AppleWebKit/537.36 (KHTML, like Gecko) Chrome/78.0.3904.108 Safari/537.36"
85.204.70.114 - - [14/Jul/2025:00:22:18 -0500] "POST //xmlrpc.php HTTP/1.1" 200 269 "-" "Mozilla/5.0 (Windows NT 10.0; Win64; x64) AppleWebKit/537.36 (KHTML, like Gecko) Chrome/78.0.3904.108 Safari/537.36"
85.204.70.114 - - [14/Jul/2025:00:22:19 -0500] "POST //xmlrpc.php HTTP/1.1" 200 269 "-" "Mozilla/5.0 (Windows NT 10.0; Win64; x64) AppleWebKit/537.36 (KHTML, like Gecko) Chrome/78.0.3904.108 Safari/537.36"
85.204.70.114 - - [14/Jul/2025:00:22:20 -0500] "POST //xmlrpc.php HTTP/1.1" 200 269 "-" "Mozilla/5.0 (Windows NT 10.0; Win64; x64) AppleWebKit/537.36 (KHTML, like Gecko) Chrome/78.0.3904.108 Safari/537.36"
85.204.70.114 - - [14/Jul/2025:00:22:21 -0500] "POST //xmlrpc.php HTTP/1.1" 200 269 "-" "Mozilla/5.0 (Windows NT 10.0; Win64; x64) AppleWebKit/537.36 (KHTML, like Gecko) Chrome/78.0.3904.108 Safari/537.36"
85.204.70.114 - - [14/Jul/2025:00:22:22 -0500] "POST //xmlrpc.php HTTP/1.1" 200 269 "-" "Mozilla/5.0 (Windows NT 10.0; Win64; x64) AppleWebKit/537.36 (KHTML, like Gecko) Chrome/78.0.3904.108 Safari/537.36"
85.204.70.114 - - [14/Jul/2025:00:22:22 -0500] "POST //xmlrpc.php HTTP/1.1" 200 269 "-" "Mozilla/5.0 (Windows NT 10.0; Win64; x64) AppleWebKit/537.36 (KHTML, like Gecko) Chrome/78.0.3904.108 Safari/537.36"
85.204.70.114 - - [14/Jul/2025:00:22:23 -0500] "POST //xmlrpc.php HTTP/1.1" 200 269 "-" "Mozilla/5.0 (Windows NT 10.0; Win64; x64) AppleWebKit/537.36 (KHTML, like Gecko) Chrome/78.0.3904.108 Safari/537.36"
85.204.70.114 - - [14/Jul/2025:00:22:24 -0500] "POST //xmlrpc.php HTTP/1.1" 200 269 "-" "Mozilla/5.0 (Windows NT 10.0; Win64; x64) AppleWebKit/537.36 (KHTML, like Gecko) Chrome/78.0.3904.108 Safari/537.36"
85.204.70.114 - - [14/Jul/2025:00:22:24 -0500] "POST //xmlrpc.php HTTP/1.1" 200 269 "-" "Mozilla/5.0 (Windows NT 10.0; Win64; x64) AppleWebKit/537.36 (KHTML, like Gecko) Chrome/78.0.3904.108 Safari/537.36"
85.204.70.114 - - [14/Jul/2025:00:22:25 -0500] "POST //xmlrpc.php HTTP/1.1" 200 269 "-" "Mozilla/5.0 (Windows NT 10.0; Win64; x64) AppleWebKit/537.36 (KHTML, like Gecko) Chrome/78.0.3904.108 Safari/537.36"
85.204.70.114 - - [14/Jul/2025:00:22:26 -0500] "POST //xmlrpc.php HTTP/1.1" 200 269 "-" "Mozilla/5.0 (Windows NT 10.0; Win64; x64) AppleWebKit/537.36 (KHTML, like Gecko) Chrome/78.0.3904.108 Safari/537.36"
85.204.70.114 - - [14/Jul/2025:00:22:27 -0500] "POST //xmlrpc.php HTTP/1.1" 200 269 "-" "Mozilla/5.0 (Windows NT 10.0; Win64; x64) AppleWebKit/537.36 (KHTML, like Gecko) Chrome/78.0.3904.108 Safari/537.36"
85.204.70.114 - - [14/Jul/2025:00:22:28 -0500] "POST //xmlrpc.php HTTP/1.1" 200 269 "-" "Mozilla/5.0 (Windows NT 10.0; Win64; x64) AppleWebKit/537.36 (KHTML, like Gecko) Chrome/78.0.3904.108 Safari/537.36"
85.204.70.114 - - [14/Jul/2025:00:22:28 -0500] "POST //xmlrpc.php HTTP/1.1" 200 269 "-" "Mozilla/5.0 (Windows NT 10.0; Win64; x64) AppleWebKit/537.36 (KHTML, like Gecko) Chrome/78.0.3904.108 Safari/537.36"
85.204.70.114 - - [14/Jul/2025:00:22:29 -0500] "POST //xmlrpc.php HTTP/1.1" 200 269 "-" "Mozilla/5.0 (Windows NT 10.0; Win64; x64) AppleWebKit/537.36 (KHTML, like Gecko) Chrome/78.0.3904.108 Safari/537.36"
85.204.70.114 - - [14/Jul/2025:00:22:30 -0500] "POST //xmlrpc.php HTTP/1.1" 200 269 "-" "Mozilla/5.0 (Windows NT 10.0; Win64; x64) AppleWebKit/537.36 (KHTML, like Gecko) Chrome/78.0.3904.108 Safari/537.36"
85.204.70.114 - - [14/Jul/2025:00:22:30 -0500] "POST //xmlrpc.php HTTP/1.1" 200 269 "-" "Mozilla/5.0 (Windows NT 10.0; Win64; x64) AppleWebKit/537.36 (KHTML, like Gecko) Chrome/78.0.3904.108 Safari/537.36"
85.204.70.114 - - [14/Jul/2025:00:22:31 -0500] "POST //xmlrpc.php HTTP/1.1" 200 269 "-" "Mozilla/5.0 (Windows NT 10.0; Win64; x64) AppleWebKit/537.36 (KHTML, like Gecko) Chrome/78.0.3904.108 Safari/537.36"
85.204.70.114 - - [14/Jul/2025:00:22:32 -0500] "POST //xmlrpc.php HTTP/1.1" 200 269 "-" "Mozilla/5.0 (Windows NT 10.0; Win64; x64) AppleWebKit/537.36 (KHTML, like Gecko) Chrome/78.0.3904.108 Safari/537.36"
85.204.70.114 - - [14/Jul/2025:00:22:32 -0500] "POST //xmlrpc.php HTTP/1.1" 200 269 "-" "Mozilla/5.0 (Windows NT 10.0; Win64; x64) AppleWebKit/537.36 (KHTML, like Gecko) Chrome/78.0.3904.108 Safari/537.36"
85.204.70.114 - - [14/Jul/2025:00:22:33 -0500] "POST //xmlrpc.php HTTP/1.1" 200 269 "-" "Mozilla/5.0 (Windows NT 10.0; Win64; x64) AppleWebKit/537.36 (KHTML, like Gecko) Chrome/78.0.3904.108 Safari/537.36"
85.204.70.114 - - [14/Jul/2025:00:22:34 -0500] "POST //xmlrpc.php HTTP/1.1" 200 269 "-" "Mozilla/5.0 (Windows NT 10.0; Win64; x64) AppleWebKit/537.36 (KHTML, like Gecko) Chrome/78.0.3904.108 Safari/537.36"
85.204.70.114 - - [14/Jul/2025:00:22:34 -0500] "POST //xmlrpc.php HTTP/1.1" 200 269 "-" "Mozilla/5.0 (Windows NT 10.0; Win64; x64) AppleWebKit/537.36 (KHTML, like Gecko) Chrome/78.0.3904.108 Safari/537.36"
85.204.70.114 - - [14/Jul/2025:00:22:35 -0500] "POST //xmlrpc.php HTTP/1.1" 200 269 "-" "Mozilla/5.0 (Windows NT 10.0; Win64; x64) AppleWebKit/537.36 (KHTML, like Gecko) Chrome/78.0.3904.108 Safari/537.36"
85.204.70.114 - - [14/Jul/2025:00:22:36 -0500] "POST //xmlrpc.php HTTP/1.1" 200 269 "-" "Mozilla/5.0 (Windows NT 10.0; Win64; x64) AppleWebKit/537.36 (KHTML, like Gecko) Chrome/78.0.3904.108 Safari/537.36"
85.204.70.114 - - [14/Jul/2025:00:22:36 -0500] "POST //xmlrpc.php HTTP/1.1" 200 269 "-" "Mozilla/5.0 (Windows NT 10.0; Win64; x64) AppleWebKit/537.36 (KHTML, like Gecko) Chrome/78.0.3904.108 Safari/537.36"
85.204.70.114 - - [14/Jul/2025:00:22:37 -0500] "POST //xmlrpc.php HTTP/1.1" 200 269 "-" "Mozilla/5.0 (Windows NT 10.0; Win64; x64) AppleWebKit/537.36 (KHTML, like Gecko) Chrome/78.0.3904.108 Safari/537.36"
85.204.70.114 - - [14/Jul/2025:00:22:38 -0500] "POST //xmlrpc.php HTTP/1.1" 200 269 "-" "Mozilla/5.0 (Windows NT 10.0; Win64; x64) AppleWebKit/537.36 (KHTML, like Gecko) Chrome/78.0.3904.108 Safari/537.36"
85.204.70.114 - - [14/Jul/2025:00:22:38 -0500] "POST //xmlrpc.php HTTP/1.1" 200 269 "-" "Mozilla/5.0 (Windows NT 10.0; Win64; x64) AppleWebKit/537.36 (KHTML, like Gecko) Chrome/78.0.3904.108 Safari/537.36"
85.204.70.114 - - [14/Jul/2025:00:22:39 -0500] "POST //xmlrpc.php HTTP/1.1" 200 269 "-" "Mozilla/5.0 (Windows NT 10.0; Win64; x64) AppleWebKit/537.36 (KHTML, like Gecko) Chrome/78.0.3904.108 Safari/537.36"
85.204.70.114 - - [14/Jul/2025:00:22:39 -0500] "POST //xmlrpc.php HTTP/1.1" 200 269 "-" "Mozilla/5.0 (Windows NT 10.0; Win64; x64) AppleWebKit/537.36 (KHTML, like Gecko) Chrome/78.0.3904.108 Safari/537.36"
85.204.70.114 - - [14/Jul/2025:00:22:40 -0500] "POST //xmlrpc.php HTTP/1.1" 200 269 "-" "Mozilla/5.0 (Windows NT 10.0; Win64; x64) AppleWebKit/537.36 (KHTML, like Gecko) Chrome/78.0.3904.108 Safari/537.36"
85.204.70.114 - - [14/Jul/2025:00:22:40 -0500] "POST //xmlrpc.php HTTP/1.1" 200 269 "-" "Mozilla/5.0 (Windows NT 10.0; Win64; x64) AppleWebKit/537.36 (KHTML, like Gecko) Chrome/78.0.3904.108 Safari/537.36"
85.204.70.114 - - [14/Jul/2025:00:22:41 -0500] "POST //xmlrpc.php HTTP/1.1" 200 269 "-" "Mozilla/5.0 (Windows NT 10.0; Win64; x64) AppleWebKit/537.36 (KHTML, like Gecko) Chrome/78.0.3904.108 Safari/537.36"
85.204.70.114 - - [14/Jul/2025:00:22:42 -0500] "POST //xmlrpc.php HTTP/1.1" 200 269 "-" "Mozilla/5.0 (Windows NT 10.0; Win64; x64) AppleWebKit/537.36 (KHTML, like Gecko) Chrome/78.0.3904.108 Safari/537.36"
85.204.70.114 - - [14/Jul/2025:00:22:42 -0500] "POST //xmlrpc.php HTTP/1.1" 200 269 "-" "Mozilla/5.0 (Windows NT 10.0; Win64; x64) AppleWebKit/537.36 (KHTML, like Gecko) Chrome/78.0.3904.108 Safari/537.36"
85.204.70.114 - - [14/Jul/2025:00:22:43 -0500] "POST //xmlrpc.php HTTP/1.1" 200 269 "-" "Mozilla/5.0 (Windows NT 10.0; Win64; x64) AppleWebKit/537.36 (KHTML, like Gecko) Chrome/78.0.3904.108 Safari/537.36"
85.204.70.114 - - [14/Jul/2025:00:22:44 -0500] "POST //xmlrpc.php HTTP/1.1" 200 269 "-" "Mozilla/5.0 (Windows NT 10.0; Win64; x64) AppleWebKit/537.36 (KHTML, like Gecko) Chrome/78.0.3904.108 Safari/537.36"
85.204.70.114 - - [14/Jul/2025:00:22:44 -0500] "POST //xmlrpc.php HTTP/1.1" 200 269 "-" "Mozilla/5.0 (Windows NT 10.0; Win64; x64) AppleWebKit/537.36 (KHTML, like Gecko) Chrome/78.0.3904.108 Safari/537.36"
85.204.70.114 - - [14/Jul/2025:00:22:45 -0500] "POST //xmlrpc.php HTTP/1.1" 200 269 "-" "Mozilla/5.0 (Windows NT 10.0; Win64; x64) AppleWebKit/537.36 (KHTML, like Gecko) Chrome/78.0.3904.108 Safari/537.36"
85.204.70.114 - - [14/Jul/2025:00:22:46 -0500] "POST //xmlrpc.php HTTP/1.1" 200 269 "-" "Mozilla/5.0 (Windows NT 10.0; Win64; x64) AppleWebKit/537.36 (KHTML, like Gecko) Chrome/78.0.3904.108 Safari/537.36"
85.204.70.114 - - [14/Jul/2025:00:22:47 -0500] "POST //xmlrpc.php HTTP/1.1" 200 269 "-" "Mozilla/5.0 (Windows NT 10.0; Win64; x64) AppleWebKit/537.36 (KHTML, like Gecko) Chrome/78.0.3904.108 Safari/537.36"
85.204.70.114 - - [14/Jul/2025:00:22:47 -0500] "POST //xmlrpc.php HTTP/1.1" 200 269 "-" "Mozilla/5.0 (Windows NT 10.0; Win64; x64) AppleWebKit/537.36 (KHTML, like Gecko) Chrome/78.0.3904.108 Safari/537.36"
85.204.70.114 - - [14/Jul/2025:00:22:48 -0500] "POST //xmlrpc.php HTTP/1.1" 200 269 "-" "Mozilla/5.0 (Windows NT 10.0; Win64; x64) AppleWebKit/537.36 (KHTML, like Gecko) Chrome/78.0.3904.108 Safari/537.36"
85.204.70.114 - - [14/Jul/2025:00:22:49 -0500] "POST //xmlrpc.php HTTP/1.1" 200 269 "-" "Mozilla/5.0 (Windows NT 10.0; Win64; x64) AppleWebKit/537.36 (KHTML, like Gecko) Chrome/78.0.3904.108 Safari/537.36"
85.204.70.114 - - [14/Jul/2025:00:22:49 -0500] "POST //xmlrpc.php HTTP/1.1" 200 269 "-" "Mozilla/5.0 (Windows NT 10.0; Win64; x64) AppleWebKit/537.36 (KHTML, like Gecko) Chrome/78.0.3904.108 Safari/537.36"
85.204.70.114 - - [14/Jul/2025:00:22:50 -0500] "POST //xmlrpc.php HTTP/1.1" 200 269 "-" "Mozilla/5.0 (Windows NT 10.0; Win64; x64) AppleWebKit/537.36 (KHTML, like Gecko) Chrome/78.0.3904.108 Safari/537.36"
85.204.70.114 - - [14/Jul/2025:00:22:51 -0500] "POST //xmlrpc.php HTTP/1.1" 200 269 "-" "Mozilla/5.0 (Windows NT 10.0; Win64; x64) AppleWebKit/537.36 (KHTML, like Gecko) Chrome/78.0.3904.108 Safari/537.36"
85.204.70.114 - - [14/Jul/2025:00:22:52 -0500] "POST //xmlrpc.php HTTP/1.1" 200 269 "-" "Mozilla/5.0 (Windows NT 10.0; Win64; x64) AppleWebKit/537.36 (KHTML, like Gecko) Chrome/78.0.3904.108 Safari/537.36"
85.204.70.114 - - [14/Jul/2025:00:22:53 -0500] "POST //xmlrpc.php HTTP/1.1" 200 269 "-" "Mozilla/5.0 (Windows NT 10.0; Win64; x64) AppleWebKit/537.36 (KHTML, like Gecko) Chrome/78.0.3904.108 Safari/537.36"
85.204.70.114 - - [14/Jul/2025:00:22:54 -0500] "POST //xmlrpc.php HTTP/1.1" 200 269 "-" "Mozilla/5.0 (Windows NT 10.0; Win64; x64) AppleWebKit/537.36 (KHTML, like Gecko) Chrome/78.0.3904.108 Safari/537.36"
85.204.70.114 - - [14/Jul/2025:00:22:55 -0500] "POST //xmlrpc.php HTTP/1.1" 200 269 "-" "Mozilla/5.0 (Windows NT 10.0; Win64; x64) AppleWebKit/537.36 (KHTML, like Gecko) Chrome/78.0.3904.108 Safari/537.36"
